{"id":59087,"date":"2026-02-25T18:02:48","date_gmt":"2026-02-25T18:02:48","guid":{"rendered":"https:\/\/addinformatica.com\/cursos-formacion\/humanizar-el-final-de-la-vida-en-contextos-de-cronicidad-avanzada\/"},"modified":"2026-02-25T18:52:54","modified_gmt":"2026-02-25T18:52:54","slug":"humanitzar-el-final-de-la-vida-en-contextos-de-cronicitat-avancada","status":"publish","type":"ajde_events","link":"https:\/\/addinformatica.com\/ca\/cursos-formacion\/humanitzar-el-final-de-la-vida-en-contextos-de-cronicitat-avancada\/","title":{"rendered":"Humanitzar el final de la vida en contextos de cronicitat avan\u00e7ada"},"content":{"rendered":"<p><strong>Contingut:<\/strong><br>\nParlarem amb el Centre d&#8217;Humanitzaci\u00f3 de la Salut sobre la humanitzaci\u00f3 del final de vida en contextos de cronicitat avan\u00e7ada i el seu projecte de formaci\u00f3 i investigaci\u00f3 de compet\u00e8ncies professionals orientades a este tema.\n<\/p>\n<p><strong>Ponent:<\/strong><br>                                                                                                                                                                                   Cristina Mu\u00f1oz responsable de Qualitat Centre d&#8217;Humanitzaci\u00f3 de la Salut.<\/p>\n<p><strong>Destinataris:<\/strong><br>\nProfessionals del sector Soci Sanitari.<\/p>\n<p><strong>ID del seminari web:<\/strong> 899-582-659<\/p>\n<p><strong>Usuaris ResiPlus<sup>\u00ae<\/sup> &#8211; Inscripci\u00f3 gratuita<\/strong><\/p>\n\n\n<a href=\"https:\/\/attendee.gotowebinar.com\/register\/2108690032860820568\" target=\"_blank\" class=\"button primary\" rel=\"noopener\" style=\"border-radius:99px;\">\n\t\t<span>INSCRIGUI<\/span>\n\t<\/a>\n\n","protected":false},"author":1,"featured_media":30709,"menu_order":0,"comment_status":"closed","ping_status":"closed","template":"","meta":{"_acf_changed":false},"tags":[],"event_type":[],"event_type_2":[],"class_list":["post-59087","ajde_events","type-ajde_events","status-publish","has-post-thumbnail","hentry"],"acf":[],"yoast_head":"<!-- This site is optimized with the Yoast SEO plugin v27.4 - https:\/\/yoast.com\/product\/yoast-seo-wordpress\/ -->\n<title>Humanitzar el final de la vida en contextos de cronicitat avan\u00e7ada - ResiPlus<\/title>\n<meta name=\"robots\" content=\"index, follow, max-snippet:-1, max-image-preview:large, max-video-preview:-1\" \/>\n<link rel=\"canonical\" href=\"https:\/\/addinformatica.com\/ca\/cursos-formacion\/humanitzar-el-final-de-la-vida-en-contextos-de-cronicitat-avancada\/\" \/>\n<meta property=\"og:locale\" content=\"ca_ES\" \/>\n<meta property=\"og:type\" content=\"article\" \/>\n<meta property=\"og:title\" content=\"Humanitzar el final de la vida en contextos de cronicitat avan\u00e7ada - ResiPlus\" \/>\n<meta property=\"og:description\" content=\"Contingut: Parlarem amb el Centre d&#8217;Humanitzaci\u00f3 de la Salut sobre la humanitzaci\u00f3 del final de vida en contextos de cronicitat avan\u00e7ada i el seu projecte de formaci\u00f3 i investigaci\u00f3 de compet\u00e8ncies professionals orientades a este tema. Ponent: Cristina Mu\u00f1oz responsable de Qualitat Centre d&#8217;Humanitzaci\u00f3 de la Salut. Destinataris: Professionals del sector Soci Sanitari. ID del [...]\" \/>\n<meta property=\"og:url\" content=\"https:\/\/addinformatica.com\/ca\/cursos-formacion\/humanitzar-el-final-de-la-vida-en-contextos-de-cronicitat-avancada\/\" \/>\n<meta property=\"og:site_name\" content=\"ResiPlus\" \/>\n<meta property=\"article:modified_time\" content=\"2026-02-25T18:52:54+00:00\" \/>\n<meta property=\"og:image\" content=\"https:\/\/addinformatica.com\/wp-content\/uploads\/2023\/10\/curso-centro-humanizacion-salud.gif\" \/>\n\t<meta property=\"og:image:width\" content=\"400\" \/>\n\t<meta property=\"og:image:height\" content=\"400\" \/>\n\t<meta property=\"og:image:type\" content=\"image\/gif\" \/>\n<meta name=\"twitter:card\" content=\"summary_large_image\" \/>\n<meta name=\"twitter:label1\" content=\"Temps estimat de lectura\" \/>\n\t<meta name=\"twitter:data1\" content=\"1 minut\" \/>\n<script type=\"application\/ld+json\" class=\"yoast-schema-graph\">{\"@context\":\"https:\\\/\\\/schema.org\",\"@graph\":[{\"@type\":\"WebPage\",\"@id\":\"https:\\\/\\\/addinformatica.com\\\/ca\\\/cursos-formacion\\\/humanitzar-el-final-de-la-vida-en-contextos-de-cronicitat-avancada\\\/\",\"url\":\"https:\\\/\\\/addinformatica.com\\\/ca\\\/cursos-formacion\\\/humanitzar-el-final-de-la-vida-en-contextos-de-cronicitat-avancada\\\/\",\"name\":\"Humanitzar el final de la vida en contextos de cronicitat avan\u00e7ada - ResiPlus\",\"isPartOf\":{\"@id\":\"https:\\\/\\\/addinformatica.com\\\/#website\"},\"primaryImageOfPage\":{\"@id\":\"https:\\\/\\\/addinformatica.com\\\/ca\\\/cursos-formacion\\\/humanitzar-el-final-de-la-vida-en-contextos-de-cronicitat-avancada\\\/#primaryimage\"},\"image\":{\"@id\":\"https:\\\/\\\/addinformatica.com\\\/ca\\\/cursos-formacion\\\/humanitzar-el-final-de-la-vida-en-contextos-de-cronicitat-avancada\\\/#primaryimage\"},\"thumbnailUrl\":\"https:\\\/\\\/addinformatica.com\\\/wp-content\\\/uploads\\\/2023\\\/10\\\/curso-centro-humanizacion-salud.gif\",\"datePublished\":\"2026-02-25T18:02:48+00:00\",\"dateModified\":\"2026-02-25T18:52:54+00:00\",\"breadcrumb\":{\"@id\":\"https:\\\/\\\/addinformatica.com\\\/ca\\\/cursos-formacion\\\/humanitzar-el-final-de-la-vida-en-contextos-de-cronicitat-avancada\\\/#breadcrumb\"},\"inLanguage\":\"ca\",\"potentialAction\":[{\"@type\":\"ReadAction\",\"target\":[\"https:\\\/\\\/addinformatica.com\\\/ca\\\/cursos-formacion\\\/humanitzar-el-final-de-la-vida-en-contextos-de-cronicitat-avancada\\\/\"]}]},{\"@type\":\"ImageObject\",\"inLanguage\":\"ca\",\"@id\":\"https:\\\/\\\/addinformatica.com\\\/ca\\\/cursos-formacion\\\/humanitzar-el-final-de-la-vida-en-contextos-de-cronicitat-avancada\\\/#primaryimage\",\"url\":\"https:\\\/\\\/addinformatica.com\\\/wp-content\\\/uploads\\\/2023\\\/10\\\/curso-centro-humanizacion-salud.gif\",\"contentUrl\":\"https:\\\/\\\/addinformatica.com\\\/wp-content\\\/uploads\\\/2023\\\/10\\\/curso-centro-humanizacion-salud.gif\",\"width\":400,\"height\":400},{\"@type\":\"BreadcrumbList\",\"@id\":\"https:\\\/\\\/addinformatica.com\\\/ca\\\/cursos-formacion\\\/humanitzar-el-final-de-la-vida-en-contextos-de-cronicitat-avancada\\\/#breadcrumb\",\"itemListElement\":[{\"@type\":\"ListItem\",\"position\":1,\"name\":\"Portada\",\"item\":\"https:\\\/\\\/addinformatica.com\\\/ca\\\/\"},{\"@type\":\"ListItem\",\"position\":2,\"name\":\"Events\",\"item\":\"https:\\\/\\\/addinformatica.com\\\/cursos-formacion\\\/\"},{\"@type\":\"ListItem\",\"position\":3,\"name\":\"Humanitzar el final de la vida en contextos de cronicitat avan\u00e7ada\"}]},{\"@type\":\"WebSite\",\"@id\":\"https:\\\/\\\/addinformatica.com\\\/#website\",\"url\":\"https:\\\/\\\/addinformatica.com\\\/\",\"name\":\"ResiPlus\",\"description\":\"Software de gesti\u00f3n de residencias, centros de d\u00eda y discapacitados | ResiPlus\",\"potentialAction\":[{\"@type\":\"SearchAction\",\"target\":{\"@type\":\"EntryPoint\",\"urlTemplate\":\"https:\\\/\\\/addinformatica.com\\\/?s={search_term_string}\"},\"query-input\":{\"@type\":\"PropertyValueSpecification\",\"valueRequired\":true,\"valueName\":\"search_term_string\"}}],\"inLanguage\":\"ca\"}]}<\/script>\n<!-- \/ Yoast SEO plugin. -->","yoast_head_json":{"title":"Humanitzar el final de la vida en contextos de cronicitat avan\u00e7ada - ResiPlus","robots":{"index":"index","follow":"follow","max-snippet":"max-snippet:-1","max-image-preview":"max-image-preview:large","max-video-preview":"max-video-preview:-1"},"canonical":"https:\/\/addinformatica.com\/ca\/cursos-formacion\/humanitzar-el-final-de-la-vida-en-contextos-de-cronicitat-avancada\/","og_locale":"ca_ES","og_type":"article","og_title":"Humanitzar el final de la vida en contextos de cronicitat avan\u00e7ada - ResiPlus","og_description":"Contingut: Parlarem amb el Centre d&#8217;Humanitzaci\u00f3 de la Salut sobre la humanitzaci\u00f3 del final de vida en contextos de cronicitat avan\u00e7ada i el seu projecte de formaci\u00f3 i investigaci\u00f3 de compet\u00e8ncies professionals orientades a este tema. Ponent: Cristina Mu\u00f1oz responsable de Qualitat Centre d&#8217;Humanitzaci\u00f3 de la Salut. Destinataris: Professionals del sector Soci Sanitari. ID del [...]","og_url":"https:\/\/addinformatica.com\/ca\/cursos-formacion\/humanitzar-el-final-de-la-vida-en-contextos-de-cronicitat-avancada\/","og_site_name":"ResiPlus","article_modified_time":"2026-02-25T18:52:54+00:00","og_image":[{"width":400,"height":400,"url":"https:\/\/addinformatica.com\/wp-content\/uploads\/2023\/10\/curso-centro-humanizacion-salud.gif","type":"image\/gif"}],"twitter_card":"summary_large_image","twitter_misc":{"Temps estimat de lectura":"1 minut"},"schema":{"@context":"https:\/\/schema.org","@graph":[{"@type":"WebPage","@id":"https:\/\/addinformatica.com\/ca\/cursos-formacion\/humanitzar-el-final-de-la-vida-en-contextos-de-cronicitat-avancada\/","url":"https:\/\/addinformatica.com\/ca\/cursos-formacion\/humanitzar-el-final-de-la-vida-en-contextos-de-cronicitat-avancada\/","name":"Humanitzar el final de la vida en contextos de cronicitat avan\u00e7ada - ResiPlus","isPartOf":{"@id":"https:\/\/addinformatica.com\/#website"},"primaryImageOfPage":{"@id":"https:\/\/addinformatica.com\/ca\/cursos-formacion\/humanitzar-el-final-de-la-vida-en-contextos-de-cronicitat-avancada\/#primaryimage"},"image":{"@id":"https:\/\/addinformatica.com\/ca\/cursos-formacion\/humanitzar-el-final-de-la-vida-en-contextos-de-cronicitat-avancada\/#primaryimage"},"thumbnailUrl":"https:\/\/addinformatica.com\/wp-content\/uploads\/2023\/10\/curso-centro-humanizacion-salud.gif","datePublished":"2026-02-25T18:02:48+00:00","dateModified":"2026-02-25T18:52:54+00:00","breadcrumb":{"@id":"https:\/\/addinformatica.com\/ca\/cursos-formacion\/humanitzar-el-final-de-la-vida-en-contextos-de-cronicitat-avancada\/#breadcrumb"},"inLanguage":"ca","potentialAction":[{"@type":"ReadAction","target":["https:\/\/addinformatica.com\/ca\/cursos-formacion\/humanitzar-el-final-de-la-vida-en-contextos-de-cronicitat-avancada\/"]}]},{"@type":"ImageObject","inLanguage":"ca","@id":"https:\/\/addinformatica.com\/ca\/cursos-formacion\/humanitzar-el-final-de-la-vida-en-contextos-de-cronicitat-avancada\/#primaryimage","url":"https:\/\/addinformatica.com\/wp-content\/uploads\/2023\/10\/curso-centro-humanizacion-salud.gif","contentUrl":"https:\/\/addinformatica.com\/wp-content\/uploads\/2023\/10\/curso-centro-humanizacion-salud.gif","width":400,"height":400},{"@type":"BreadcrumbList","@id":"https:\/\/addinformatica.com\/ca\/cursos-formacion\/humanitzar-el-final-de-la-vida-en-contextos-de-cronicitat-avancada\/#breadcrumb","itemListElement":[{"@type":"ListItem","position":1,"name":"Portada","item":"https:\/\/addinformatica.com\/ca\/"},{"@type":"ListItem","position":2,"name":"Events","item":"https:\/\/addinformatica.com\/cursos-formacion\/"},{"@type":"ListItem","position":3,"name":"Humanitzar el final de la vida en contextos de cronicitat avan\u00e7ada"}]},{"@type":"WebSite","@id":"https:\/\/addinformatica.com\/#website","url":"https:\/\/addinformatica.com\/","name":"ResiPlus","description":"Software de gesti\u00f3n de residencias, centros de d\u00eda y discapacitados | ResiPlus","potentialAction":[{"@type":"SearchAction","target":{"@type":"EntryPoint","urlTemplate":"https:\/\/addinformatica.com\/?s={search_term_string}"},"query-input":{"@type":"PropertyValueSpecification","valueRequired":true,"valueName":"search_term_string"}}],"inLanguage":"ca"}]}},"_links":{"self":[{"href":"https:\/\/addinformatica.com\/ca\/wp-json\/wp\/v2\/ajde_events\/59087","targetHints":{"allow":["GET"]}}],"collection":[{"href":"https:\/\/addinformatica.com\/ca\/wp-json\/wp\/v2\/ajde_events"}],"about":[{"href":"https:\/\/addinformatica.com\/ca\/wp-json\/wp\/v2\/types\/ajde_events"}],"author":[{"embeddable":true,"href":"https:\/\/addinformatica.com\/ca\/wp-json\/wp\/v2\/users\/1"}],"replies":[{"embeddable":true,"href":"https:\/\/addinformatica.com\/ca\/wp-json\/wp\/v2\/comments?post=59087"}],"wp:featuredmedia":[{"embeddable":true,"href":"https:\/\/addinformatica.com\/ca\/wp-json\/wp\/v2\/media\/30709"}],"wp:attachment":[{"href":"https:\/\/addinformatica.com\/ca\/wp-json\/wp\/v2\/media?parent=59087"}],"wp:term":[{"taxonomy":"post_tag","embeddable":true,"href":"https:\/\/addinformatica.com\/ca\/wp-json\/wp\/v2\/tags?post=59087"},{"taxonomy":"event_type","embeddable":true,"href":"https:\/\/addinformatica.com\/ca\/wp-json\/wp\/v2\/event_type?post=59087"},{"taxonomy":"event_type_2","embeddable":true,"href":"https:\/\/addinformatica.com\/ca\/wp-json\/wp\/v2\/event_type_2?post=59087"}],"curies":[{"name":"wp","href":"https:\/\/api.w.org\/{rel}","templated":true}]}}

Humanitzar el final de la vida en contextos de cronicitat avançada

<p><strong>Contingut:</strong><br>
Parlarem amb el Centre d&#8217;Humanització de la Salut sobre la humanització del final de vida en contextos de cronicitat avançada i el seu projecte de formació i investigació de competències professionals orientades a este tema.
</p>
<p><strong>Ponent:</strong><br>                                                                                                                                                                                   Cristina Muñoz responsable de Qualitat Centre d&#8217;Humanització de la Salut.</p>
<p><strong>Destinataris:</strong><br>
Professionals del sector Soci Sanitari.</p>
<p><strong>ID del seminari web:</strong> 899-582-659</p>
<p><strong>Usuaris ResiPlus<sup>®</sup> &#8211; Inscripció gratuita</strong></p>


<a href="https://attendee.gotowebinar.com/register/2108690032860820568" target="_blank" class="button primary" rel="noopener" style="border-radius:99px;">
		<span>INSCRIGUI</span>
	</a>

<!-- This site is optimized with the Yoast SEO plugin v27.4 - https://yoast.com/product/yoast-seo-wordpress/ -->
<title>Humanitzar el final de la vida en contextos de cronicitat avançada - ResiPlus</title>
<meta name="robots" content="index, follow, max-snippet:-1, max-image-preview:large, max-video-preview:-1" />
<link rel="canonical" href="https://addinformatica.com/ca/cursos-formacion/humanitzar-el-final-de-la-vida-en-contextos-de-cronicitat-avancada/" />
<meta property="og:locale" content="ca_ES" />
<meta property="og:type" content="article" />
<meta property="og:title" content="Humanitzar el final de la vida en contextos de cronicitat avançada - ResiPlus" />
<meta property="og:description" content="Contingut: Parlarem amb el Centre d&#8217;Humanització de la Salut sobre la humanització del final de vida en contextos de cronicitat avançada i el seu projecte de formació i investigació de competències professionals orientades a este tema. Ponent: Cristina Muñoz responsable de Qualitat Centre d&#8217;Humanització de la Salut. Destinataris: Professionals del sector Soci Sanitari. ID del [...]" />
<meta property="og:url" content="https://addinformatica.com/ca/cursos-formacion/humanitzar-el-final-de-la-vida-en-contextos-de-cronicitat-avancada/" />
<meta property="og:site_name" content="ResiPlus" />
<meta property="article:modified_time" content="2026-02-25T18:52:54+00:00" />
<meta property="og:image" content="https://addinformatica.com/wp-content/uploads/2023/10/curso-centro-humanizacion-salud.gif" />
	<meta property="og:image:width" content="400" />
	<meta property="og:image:height" content="400" />
	<meta property="og:image:type" content="image/gif" />
<meta name="twitter:card" content="summary_large_image" />
<meta name="twitter:label1" content="Temps estimat de lectura" />
	<meta name="twitter:data1" content="1 minut" />
<script type="application/ld+json" class="yoast-schema-graph">{"@context":"https:\/\/schema.org","@graph":[{"@type":"WebPage","@id":"https:\/\/addinformatica.com\/ca\/cursos-formacion\/humanitzar-el-final-de-la-vida-en-contextos-de-cronicitat-avancada\/","url":"https:\/\/addinformatica.com\/ca\/cursos-formacion\/humanitzar-el-final-de-la-vida-en-contextos-de-cronicitat-avancada\/","name":"Humanitzar el final de la vida en contextos de cronicitat avançada - ResiPlus","isPartOf":{"@id":"https:\/\/addinformatica.com\/#website"},"primaryImageOfPage":{"@id":"https:\/\/addinformatica.com\/ca\/cursos-formacion\/humanitzar-el-final-de-la-vida-en-contextos-de-cronicitat-avancada\/#primaryimage"},"image":{"@id":"https:\/\/addinformatica.com\/ca\/cursos-formacion\/humanitzar-el-final-de-la-vida-en-contextos-de-cronicitat-avancada\/#primaryimage"},"thumbnailUrl":"https:\/\/addinformatica.com\/wp-content\/uploads\/2023\/10\/curso-centro-humanizacion-salud.gif","datePublished":"2026-02-25T18:02:48+00:00","dateModified":"2026-02-25T18:52:54+00:00","breadcrumb":{"@id":"https:\/\/addinformatica.com\/ca\/cursos-formacion\/humanitzar-el-final-de-la-vida-en-contextos-de-cronicitat-avancada\/#breadcrumb"},"inLanguage":"ca","potentialAction":[{"@type":"ReadAction","target":["https:\/\/addinformatica.com\/ca\/cursos-formacion\/humanitzar-el-final-de-la-vida-en-contextos-de-cronicitat-avancada\/"]}]},{"@type":"ImageObject","inLanguage":"ca","@id":"https:\/\/addinformatica.com\/ca\/cursos-formacion\/humanitzar-el-final-de-la-vida-en-contextos-de-cronicitat-avancada\/#primaryimage","url":"https:\/\/addinformatica.com\/wp-content\/uploads\/2023\/10\/curso-centro-humanizacion-salud.gif","contentUrl":"https:\/\/addinformatica.com\/wp-content\/uploads\/2023\/10\/curso-centro-humanizacion-salud.gif","width":400,"height":400},{"@type":"BreadcrumbList","@id":"https:\/\/addinformatica.com\/ca\/cursos-formacion\/humanitzar-el-final-de-la-vida-en-contextos-de-cronicitat-avancada\/#breadcrumb","itemListElement":[{"@type":"ListItem","position":1,"name":"Portada","item":"https:\/\/addinformatica.com\/ca\/"},{"@type":"ListItem","position":2,"name":"Events","item":"https:\/\/addinformatica.com\/cursos-formacion\/"},{"@type":"ListItem","position":3,"name":"Humanitzar el final de la vida en contextos de cronicitat avançada"}]},{"@type":"WebSite","@id":"https:\/\/addinformatica.com\/#website","url":"https:\/\/addinformatica.com\/","name":"ResiPlus","description":"Software de gestión de residencias, centros de día y discapacitados | ResiPlus","potentialAction":[{"@type":"SearchAction","target":{"@type":"EntryPoint","urlTemplate":"https:\/\/addinformatica.com\/?s={search_term_string}"},"query-input":{"@type":"PropertyValueSpecification","valueRequired":true,"valueName":"search_term_string"}}],"inLanguage":"ca"}]}</script>
<!-- / Yoast SEO plugin. -->

Humanitzar el final de la vida en contextos de cronicitat avançada - ResiPlus

Contingut: Parlarem amb el Centre d&#8217;Humanització de la Salut sobre la humanització del final de vida en contextos de cronicitat avançada i el seu projecte de formació i investigació de competències professionals orientades a este tema. Ponent: Cristina Muñoz responsable de Qualitat Centre d&#8217;Humanització de la Salut. Destinataris: Professionals del sector Soci Sanitari. ID del [...]

Software de gestión de residencias, centros de día y discapacitados | ResiPlus
