{"id":59084,"date":"2026-02-25T17:58:05","date_gmt":"2026-02-25T17:58:05","guid":{"rendered":"https:\/\/addinformatica.com\/cursos-formacion\/inscripcion-y-gestion-de-actividades-en-los-ceas\/"},"modified":"2026-02-25T18:53:11","modified_gmt":"2026-02-25T18:53:11","slug":"inscripcio-i-gestio-dactivitats-en-els-ceas","status":"publish","type":"ajde_events","link":"https:\/\/addinformatica.com\/ca\/cursos-formacion\/inscripcio-i-gestio-dactivitats-en-els-ceas\/","title":{"rendered":"Inscripci\u00f3 i gesti\u00f3 d&#8217;activitats en els CEAS"},"content":{"rendered":"<p><strong>Contingut:<\/strong><br>\nInscripci\u00f3 d&#8217;activitats i la seua respectiva gesti\u00f3 i registre en els CEAS.<\/p>\n<p><strong>Cas pr\u00e0ctic:<\/strong><br>\nRealitzar la inscripci\u00f3 de persones usu\u00e0ries en diferents activitats.\nGestionar l&#8217;assist\u00e8ncia de les diferents activitats.<\/p>\n<p><strong>Destinataris:<\/strong><br>\nT\u00e8cnics que treballen en centres CEAS.<\/p>\n<p><strong>ID del seminari web:<\/strong> 532-292-147<\/p>\n<p><strong>Usuaris ResiPlus<sup>\u00ae<\/sup> &#8211; Inscripci\u00f3 gratuita<\/strong><\/p>\n\n\n<a href=\"https:\/\/attendee.gotowebinar.com\/register\/7769180401814078296\" target=\"_blank\" class=\"button primary\" rel=\"noopener\" style=\"border-radius:99px;\">\n\t\t<span>INSCRIGUI<\/span>\n\t<\/a>\n\n","protected":false},"author":1,"featured_media":26823,"menu_order":0,"comment_status":"closed","ping_status":"closed","template":"","meta":{"_acf_changed":false},"tags":[],"event_type":[],"event_type_2":[],"class_list":["post-59084","ajde_events","type-ajde_events","status-publish","has-post-thumbnail","hentry"],"acf":[],"yoast_head":"<!-- This site is optimized with the Yoast SEO plugin v27.4 - https:\/\/yoast.com\/product\/yoast-seo-wordpress\/ -->\n<title>Inscripci\u00f3 i gesti\u00f3 d&#039;activitats en els CEAS - ResiPlus<\/title>\n<meta name=\"robots\" content=\"index, follow, max-snippet:-1, max-image-preview:large, max-video-preview:-1\" \/>\n<link rel=\"canonical\" href=\"https:\/\/addinformatica.com\/ca\/cursos-formacion\/inscripcio-i-gestio-dactivitats-en-els-ceas\/\" \/>\n<meta property=\"og:locale\" content=\"ca_ES\" \/>\n<meta property=\"og:type\" content=\"article\" \/>\n<meta property=\"og:title\" content=\"Inscripci\u00f3 i gesti\u00f3 d&#039;activitats en els CEAS - ResiPlus\" \/>\n<meta property=\"og:description\" content=\"Contingut: Inscripci\u00f3 d&#8217;activitats i la seua respectiva gesti\u00f3 i registre en els CEAS. Cas pr\u00e0ctic: Realitzar la inscripci\u00f3 de persones usu\u00e0ries en diferents activitats. Gestionar l&#8217;assist\u00e8ncia de les diferents activitats. Destinataris: T\u00e8cnics que treballen en centres CEAS. ID del seminari web: 532-292-147 Usuaris ResiPlus\u00ae &#8211; Inscripci\u00f3 gratuita\" \/>\n<meta property=\"og:url\" content=\"https:\/\/addinformatica.com\/ca\/cursos-formacion\/inscripcio-i-gestio-dactivitats-en-els-ceas\/\" \/>\n<meta property=\"og:site_name\" content=\"ResiPlus\" \/>\n<meta property=\"article:modified_time\" content=\"2026-02-25T18:53:11+00:00\" \/>\n<meta property=\"og:image\" content=\"https:\/\/addinformatica.com\/wp-content\/uploads\/2021\/08\/curso-actividades-orange.gif\" \/>\n\t<meta property=\"og:image:width\" content=\"400\" \/>\n\t<meta property=\"og:image:height\" content=\"400\" \/>\n\t<meta property=\"og:image:type\" content=\"image\/gif\" \/>\n<meta name=\"twitter:card\" content=\"summary_large_image\" \/>\n<meta name=\"twitter:label1\" content=\"Temps estimat de lectura\" \/>\n\t<meta name=\"twitter:data1\" content=\"1 minut\" \/>\n<script type=\"application\/ld+json\" class=\"yoast-schema-graph\">{\"@context\":\"https:\\\/\\\/schema.org\",\"@graph\":[{\"@type\":\"WebPage\",\"@id\":\"https:\\\/\\\/addinformatica.com\\\/ca\\\/cursos-formacion\\\/inscripcio-i-gestio-dactivitats-en-els-ceas\\\/\",\"url\":\"https:\\\/\\\/addinformatica.com\\\/ca\\\/cursos-formacion\\\/inscripcio-i-gestio-dactivitats-en-els-ceas\\\/\",\"name\":\"Inscripci\u00f3 i gesti\u00f3 d'activitats en els CEAS - ResiPlus\",\"isPartOf\":{\"@id\":\"https:\\\/\\\/addinformatica.com\\\/#website\"},\"primaryImageOfPage\":{\"@id\":\"https:\\\/\\\/addinformatica.com\\\/ca\\\/cursos-formacion\\\/inscripcio-i-gestio-dactivitats-en-els-ceas\\\/#primaryimage\"},\"image\":{\"@id\":\"https:\\\/\\\/addinformatica.com\\\/ca\\\/cursos-formacion\\\/inscripcio-i-gestio-dactivitats-en-els-ceas\\\/#primaryimage\"},\"thumbnailUrl\":\"https:\\\/\\\/addinformatica.com\\\/wp-content\\\/uploads\\\/2021\\\/08\\\/curso-actividades-orange.gif\",\"datePublished\":\"2026-02-25T17:58:05+00:00\",\"dateModified\":\"2026-02-25T18:53:11+00:00\",\"breadcrumb\":{\"@id\":\"https:\\\/\\\/addinformatica.com\\\/ca\\\/cursos-formacion\\\/inscripcio-i-gestio-dactivitats-en-els-ceas\\\/#breadcrumb\"},\"inLanguage\":\"ca\",\"potentialAction\":[{\"@type\":\"ReadAction\",\"target\":[\"https:\\\/\\\/addinformatica.com\\\/ca\\\/cursos-formacion\\\/inscripcio-i-gestio-dactivitats-en-els-ceas\\\/\"]}]},{\"@type\":\"ImageObject\",\"inLanguage\":\"ca\",\"@id\":\"https:\\\/\\\/addinformatica.com\\\/ca\\\/cursos-formacion\\\/inscripcio-i-gestio-dactivitats-en-els-ceas\\\/#primaryimage\",\"url\":\"https:\\\/\\\/addinformatica.com\\\/wp-content\\\/uploads\\\/2021\\\/08\\\/curso-actividades-orange.gif\",\"contentUrl\":\"https:\\\/\\\/addinformatica.com\\\/wp-content\\\/uploads\\\/2021\\\/08\\\/curso-actividades-orange.gif\",\"width\":400,\"height\":400},{\"@type\":\"BreadcrumbList\",\"@id\":\"https:\\\/\\\/addinformatica.com\\\/ca\\\/cursos-formacion\\\/inscripcio-i-gestio-dactivitats-en-els-ceas\\\/#breadcrumb\",\"itemListElement\":[{\"@type\":\"ListItem\",\"position\":1,\"name\":\"Portada\",\"item\":\"https:\\\/\\\/addinformatica.com\\\/ca\\\/\"},{\"@type\":\"ListItem\",\"position\":2,\"name\":\"Events\",\"item\":\"https:\\\/\\\/addinformatica.com\\\/cursos-formacion\\\/\"},{\"@type\":\"ListItem\",\"position\":3,\"name\":\"Inscripci\u00f3 i gesti\u00f3 d&#8217;activitats en els CEAS\"}]},{\"@type\":\"WebSite\",\"@id\":\"https:\\\/\\\/addinformatica.com\\\/#website\",\"url\":\"https:\\\/\\\/addinformatica.com\\\/\",\"name\":\"ResiPlus\",\"description\":\"Software de gesti\u00f3n de residencias, centros de d\u00eda y discapacitados | ResiPlus\",\"potentialAction\":[{\"@type\":\"SearchAction\",\"target\":{\"@type\":\"EntryPoint\",\"urlTemplate\":\"https:\\\/\\\/addinformatica.com\\\/?s={search_term_string}\"},\"query-input\":{\"@type\":\"PropertyValueSpecification\",\"valueRequired\":true,\"valueName\":\"search_term_string\"}}],\"inLanguage\":\"ca\"}]}<\/script>\n<!-- \/ Yoast SEO plugin. -->","yoast_head_json":{"title":"Inscripci\u00f3 i gesti\u00f3 d'activitats en els CEAS - ResiPlus","robots":{"index":"index","follow":"follow","max-snippet":"max-snippet:-1","max-image-preview":"max-image-preview:large","max-video-preview":"max-video-preview:-1"},"canonical":"https:\/\/addinformatica.com\/ca\/cursos-formacion\/inscripcio-i-gestio-dactivitats-en-els-ceas\/","og_locale":"ca_ES","og_type":"article","og_title":"Inscripci\u00f3 i gesti\u00f3 d'activitats en els CEAS - ResiPlus","og_description":"Contingut: Inscripci\u00f3 d&#8217;activitats i la seua respectiva gesti\u00f3 i registre en els CEAS. Cas pr\u00e0ctic: Realitzar la inscripci\u00f3 de persones usu\u00e0ries en diferents activitats. Gestionar l&#8217;assist\u00e8ncia de les diferents activitats. Destinataris: T\u00e8cnics que treballen en centres CEAS. ID del seminari web: 532-292-147 Usuaris ResiPlus\u00ae &#8211; Inscripci\u00f3 gratuita","og_url":"https:\/\/addinformatica.com\/ca\/cursos-formacion\/inscripcio-i-gestio-dactivitats-en-els-ceas\/","og_site_name":"ResiPlus","article_modified_time":"2026-02-25T18:53:11+00:00","og_image":[{"width":400,"height":400,"url":"https:\/\/addinformatica.com\/wp-content\/uploads\/2021\/08\/curso-actividades-orange.gif","type":"image\/gif"}],"twitter_card":"summary_large_image","twitter_misc":{"Temps estimat de lectura":"1 minut"},"schema":{"@context":"https:\/\/schema.org","@graph":[{"@type":"WebPage","@id":"https:\/\/addinformatica.com\/ca\/cursos-formacion\/inscripcio-i-gestio-dactivitats-en-els-ceas\/","url":"https:\/\/addinformatica.com\/ca\/cursos-formacion\/inscripcio-i-gestio-dactivitats-en-els-ceas\/","name":"Inscripci\u00f3 i gesti\u00f3 d'activitats en els CEAS - ResiPlus","isPartOf":{"@id":"https:\/\/addinformatica.com\/#website"},"primaryImageOfPage":{"@id":"https:\/\/addinformatica.com\/ca\/cursos-formacion\/inscripcio-i-gestio-dactivitats-en-els-ceas\/#primaryimage"},"image":{"@id":"https:\/\/addinformatica.com\/ca\/cursos-formacion\/inscripcio-i-gestio-dactivitats-en-els-ceas\/#primaryimage"},"thumbnailUrl":"https:\/\/addinformatica.com\/wp-content\/uploads\/2021\/08\/curso-actividades-orange.gif","datePublished":"2026-02-25T17:58:05+00:00","dateModified":"2026-02-25T18:53:11+00:00","breadcrumb":{"@id":"https:\/\/addinformatica.com\/ca\/cursos-formacion\/inscripcio-i-gestio-dactivitats-en-els-ceas\/#breadcrumb"},"inLanguage":"ca","potentialAction":[{"@type":"ReadAction","target":["https:\/\/addinformatica.com\/ca\/cursos-formacion\/inscripcio-i-gestio-dactivitats-en-els-ceas\/"]}]},{"@type":"ImageObject","inLanguage":"ca","@id":"https:\/\/addinformatica.com\/ca\/cursos-formacion\/inscripcio-i-gestio-dactivitats-en-els-ceas\/#primaryimage","url":"https:\/\/addinformatica.com\/wp-content\/uploads\/2021\/08\/curso-actividades-orange.gif","contentUrl":"https:\/\/addinformatica.com\/wp-content\/uploads\/2021\/08\/curso-actividades-orange.gif","width":400,"height":400},{"@type":"BreadcrumbList","@id":"https:\/\/addinformatica.com\/ca\/cursos-formacion\/inscripcio-i-gestio-dactivitats-en-els-ceas\/#breadcrumb","itemListElement":[{"@type":"ListItem","position":1,"name":"Portada","item":"https:\/\/addinformatica.com\/ca\/"},{"@type":"ListItem","position":2,"name":"Events","item":"https:\/\/addinformatica.com\/cursos-formacion\/"},{"@type":"ListItem","position":3,"name":"Inscripci\u00f3 i gesti\u00f3 d&#8217;activitats en els CEAS"}]},{"@type":"WebSite","@id":"https:\/\/addinformatica.com\/#website","url":"https:\/\/addinformatica.com\/","name":"ResiPlus","description":"Software de gesti\u00f3n de residencias, centros de d\u00eda y discapacitados | ResiPlus","potentialAction":[{"@type":"SearchAction","target":{"@type":"EntryPoint","urlTemplate":"https:\/\/addinformatica.com\/?s={search_term_string}"},"query-input":{"@type":"PropertyValueSpecification","valueRequired":true,"valueName":"search_term_string"}}],"inLanguage":"ca"}]}},"_links":{"self":[{"href":"https:\/\/addinformatica.com\/ca\/wp-json\/wp\/v2\/ajde_events\/59084","targetHints":{"allow":["GET"]}}],"collection":[{"href":"https:\/\/addinformatica.com\/ca\/wp-json\/wp\/v2\/ajde_events"}],"about":[{"href":"https:\/\/addinformatica.com\/ca\/wp-json\/wp\/v2\/types\/ajde_events"}],"author":[{"embeddable":true,"href":"https:\/\/addinformatica.com\/ca\/wp-json\/wp\/v2\/users\/1"}],"replies":[{"embeddable":true,"href":"https:\/\/addinformatica.com\/ca\/wp-json\/wp\/v2\/comments?post=59084"}],"wp:featuredmedia":[{"embeddable":true,"href":"https:\/\/addinformatica.com\/ca\/wp-json\/wp\/v2\/media\/26823"}],"wp:attachment":[{"href":"https:\/\/addinformatica.com\/ca\/wp-json\/wp\/v2\/media?parent=59084"}],"wp:term":[{"taxonomy":"post_tag","embeddable":true,"href":"https:\/\/addinformatica.com\/ca\/wp-json\/wp\/v2\/tags?post=59084"},{"taxonomy":"event_type","embeddable":true,"href":"https:\/\/addinformatica.com\/ca\/wp-json\/wp\/v2\/event_type?post=59084"},{"taxonomy":"event_type_2","embeddable":true,"href":"https:\/\/addinformatica.com\/ca\/wp-json\/wp\/v2\/event_type_2?post=59084"}],"curies":[{"name":"wp","href":"https:\/\/api.w.org\/{rel}","templated":true}]}}

Inscripció i gestió d&#8217;activitats en els CEAS

<p><strong>Contingut:</strong><br>
Inscripció d&#8217;activitats i la seua respectiva gestió i registre en els CEAS.</p>
<p><strong>Cas pràctic:</strong><br>
Realitzar la inscripció de persones usuàries en diferents activitats.
Gestionar l&#8217;assistència de les diferents activitats.</p>
<p><strong>Destinataris:</strong><br>
Tècnics que treballen en centres CEAS.</p>
<p><strong>ID del seminari web:</strong> 532-292-147</p>
<p><strong>Usuaris ResiPlus<sup>®</sup> &#8211; Inscripció gratuita</strong></p>


<a href="https://attendee.gotowebinar.com/register/7769180401814078296" target="_blank" class="button primary" rel="noopener" style="border-radius:99px;">
		<span>INSCRIGUI</span>
	</a>

<!-- This site is optimized with the Yoast SEO plugin v27.4 - https://yoast.com/product/yoast-seo-wordpress/ -->
<title>Inscripció i gestió d&#039;activitats en els CEAS - ResiPlus</title>
<meta name="robots" content="index, follow, max-snippet:-1, max-image-preview:large, max-video-preview:-1" />
<link rel="canonical" href="https://addinformatica.com/ca/cursos-formacion/inscripcio-i-gestio-dactivitats-en-els-ceas/" />
<meta property="og:locale" content="ca_ES" />
<meta property="og:type" content="article" />
<meta property="og:title" content="Inscripció i gestió d&#039;activitats en els CEAS - ResiPlus" />
<meta property="og:description" content="Contingut: Inscripció d&#8217;activitats i la seua respectiva gestió i registre en els CEAS. Cas pràctic: Realitzar la inscripció de persones usuàries en diferents activitats. Gestionar l&#8217;assistència de les diferents activitats. Destinataris: Tècnics que treballen en centres CEAS. ID del seminari web: 532-292-147 Usuaris ResiPlus® &#8211; Inscripció gratuita" />
<meta property="og:url" content="https://addinformatica.com/ca/cursos-formacion/inscripcio-i-gestio-dactivitats-en-els-ceas/" />
<meta property="og:site_name" content="ResiPlus" />
<meta property="article:modified_time" content="2026-02-25T18:53:11+00:00" />
<meta property="og:image" content="https://addinformatica.com/wp-content/uploads/2021/08/curso-actividades-orange.gif" />
	<meta property="og:image:width" content="400" />
	<meta property="og:image:height" content="400" />
	<meta property="og:image:type" content="image/gif" />
<meta name="twitter:card" content="summary_large_image" />
<meta name="twitter:label1" content="Temps estimat de lectura" />
	<meta name="twitter:data1" content="1 minut" />
<script type="application/ld+json" class="yoast-schema-graph">{"@context":"https:\/\/schema.org","@graph":[{"@type":"WebPage","@id":"https:\/\/addinformatica.com\/ca\/cursos-formacion\/inscripcio-i-gestio-dactivitats-en-els-ceas\/","url":"https:\/\/addinformatica.com\/ca\/cursos-formacion\/inscripcio-i-gestio-dactivitats-en-els-ceas\/","name":"Inscripció i gestió d'activitats en els CEAS - ResiPlus","isPartOf":{"@id":"https:\/\/addinformatica.com\/#website"},"primaryImageOfPage":{"@id":"https:\/\/addinformatica.com\/ca\/cursos-formacion\/inscripcio-i-gestio-dactivitats-en-els-ceas\/#primaryimage"},"image":{"@id":"https:\/\/addinformatica.com\/ca\/cursos-formacion\/inscripcio-i-gestio-dactivitats-en-els-ceas\/#primaryimage"},"thumbnailUrl":"https:\/\/addinformatica.com\/wp-content\/uploads\/2021\/08\/curso-actividades-orange.gif","datePublished":"2026-02-25T17:58:05+00:00","dateModified":"2026-02-25T18:53:11+00:00","breadcrumb":{"@id":"https:\/\/addinformatica.com\/ca\/cursos-formacion\/inscripcio-i-gestio-dactivitats-en-els-ceas\/#breadcrumb"},"inLanguage":"ca","potentialAction":[{"@type":"ReadAction","target":["https:\/\/addinformatica.com\/ca\/cursos-formacion\/inscripcio-i-gestio-dactivitats-en-els-ceas\/"]}]},{"@type":"ImageObject","inLanguage":"ca","@id":"https:\/\/addinformatica.com\/ca\/cursos-formacion\/inscripcio-i-gestio-dactivitats-en-els-ceas\/#primaryimage","url":"https:\/\/addinformatica.com\/wp-content\/uploads\/2021\/08\/curso-actividades-orange.gif","contentUrl":"https:\/\/addinformatica.com\/wp-content\/uploads\/2021\/08\/curso-actividades-orange.gif","width":400,"height":400},{"@type":"BreadcrumbList","@id":"https:\/\/addinformatica.com\/ca\/cursos-formacion\/inscripcio-i-gestio-dactivitats-en-els-ceas\/#breadcrumb","itemListElement":[{"@type":"ListItem","position":1,"name":"Portada","item":"https:\/\/addinformatica.com\/ca\/"},{"@type":"ListItem","position":2,"name":"Events","item":"https:\/\/addinformatica.com\/cursos-formacion\/"},{"@type":"ListItem","position":3,"name":"Inscripció i gestió d&#8217;activitats en els CEAS"}]},{"@type":"WebSite","@id":"https:\/\/addinformatica.com\/#website","url":"https:\/\/addinformatica.com\/","name":"ResiPlus","description":"Software de gestión de residencias, centros de día y discapacitados | ResiPlus","potentialAction":[{"@type":"SearchAction","target":{"@type":"EntryPoint","urlTemplate":"https:\/\/addinformatica.com\/?s={search_term_string}"},"query-input":{"@type":"PropertyValueSpecification","valueRequired":true,"valueName":"search_term_string"}}],"inLanguage":"ca"}]}</script>
<!-- / Yoast SEO plugin. -->

Inscripció i gestió d'activitats en els CEAS - ResiPlus

Contingut: Inscripció d&#8217;activitats i la seua respectiva gestió i registre en els CEAS. Cas pràctic: Realitzar la inscripció de persones usuàries en diferents activitats. Gestionar l&#8217;assistència de les diferents activitats. Destinataris: Tècnics que treballen en centres CEAS. ID del seminari web: 532-292-147 Usuaris ResiPlus® &#8211; Inscripció gratuita

Software de gestión de residencias, centros de día y discapacitados | ResiPlus
