{"id":36539,"date":"2024-11-25T09:35:24","date_gmt":"2024-11-25T09:35:24","guid":{"rendered":"https:\/\/addinformatica.com\/cursos-formacion\/atencion-centrada-en-la-persona-un-camino-hacia-el-buen-trato\/"},"modified":"2024-11-25T13:41:43","modified_gmt":"2024-11-25T13:41:43","slug":"atencio-centrada-en-la-persona-un-cami-cap-al-bon-tracte","status":"publish","type":"ajde_events","link":"https:\/\/addinformatica.com\/ca\/cursos-formacion\/atencio-centrada-en-la-persona-un-cami-cap-al-bon-tracte\/","title":{"rendered":"Atenci\u00f3 centrada en la persona \u201cUn cam\u00ed cap al bon tracte\u201d"},"content":{"rendered":"<p><strong>Contingut:<\/strong><br>\nParlarem amb Galfor sobre: Els professionals, la hist\u00f2ria i el projecte de vida, l&#8217;autodeterminaci\u00f3, la independ\u00e8ncia funcional, la prevenci\u00f3 de riscos y la protecci\u00f3 de danys, la intimitat, la vida significativa y benestar personal y la comunicaci\u00f3.<\/p>\n<p><strong>Ponents:<\/strong><br>                                                                                                                                                                                   Eva Da Silva: T\u00e8cnica Superior en Integraci\u00f3 Social, Atenci\u00f3 Sociosanit\u00e0ria a persones dependentes en Institucions, T\u00e8cnica Superior en Animaci\u00f3 Sociocultural.\nJulieta Fern\u00e1ndez: Graduada en Treball Social, Gesti\u00f3 de sistemes de qualitat, normes ISO. Galfor \u00e9s un centre d&#8217;estudis sanitaris especialitzat en Geriatria i Gerontologia.\nCompten amb m\u00e9s de 10 anys d&#8217;experi\u00e8ncia en el sector de la formaci\u00f3 sanit\u00e0ria, temps en el qual hi han format a m\u00e9s de 30.000 alumnes.\nEl seu ample cat\u00e0leg de cursos, especialitzats en tots els \u00e0mbits de la Geriatria i la Gerontologia, estan dirigits a millorar l&#8217;atenci\u00f3 i cuidats dels nostres majors, aix\u00ed com enfortir i potenciar els coneixements dels professionals del sector.\nCompten amb un grup d&#8217;experts que realitzen tota la formaci\u00f3 segons les necessitats del client i actualitzen els continguts formatius constantment.\nL&#8217;objectiu del seu centre \u00e9s fer arribar la seua formaci\u00f3 al m\u00e0xim de professionals del sector, el que els permeta estar actualitzats i millor formats i aix\u00ed poder oferir el major benestar i atenci\u00f3 als nostres majors.<\/p>\n<p><strong>Destinataris:<\/strong><br>\nProfessionals del sector sociosanitari.<\/p>\n<p><strong>ID del seminari web:<\/strong> 367-829-859<\/p>\n<p><strong>Usuaris ResiPlus<sup>\u00ae<\/sup> &#8211; Inscripci\u00f3 gratuita<\/strong><\/p>\n\n\n<a href=\"https:\/\/register.gotowebinar.com\/register\/4342818485491047514\" target=\"_blank\" class=\"button primary\" rel=\"noopener\" style=\"border-radius:99px;\">\n\t\t<span>INSCRIGUI<\/span>\n\t<\/a>\n\n","protected":false},"author":1,"featured_media":26665,"menu_order":0,"comment_status":"closed","ping_status":"closed","template":"","meta":{"_acf_changed":false},"tags":[],"event_type":[],"event_type_2":[],"class_list":["post-36539","ajde_events","type-ajde_events","status-publish","has-post-thumbnail","hentry"],"acf":[],"yoast_head":"<!-- This site is optimized with the Yoast SEO plugin v27.4 - https:\/\/yoast.com\/product\/yoast-seo-wordpress\/ -->\n<title>Atenci\u00f3 centrada en la persona \u201cUn cam\u00ed cap al bon tracte\u201d - ResiPlus<\/title>\n<meta name=\"robots\" content=\"index, follow, max-snippet:-1, max-image-preview:large, max-video-preview:-1\" \/>\n<link rel=\"canonical\" href=\"https:\/\/addinformatica.com\/ca\/cursos-formacion\/atencio-centrada-en-la-persona-un-cami-cap-al-bon-tracte\/\" \/>\n<meta property=\"og:locale\" content=\"ca_ES\" \/>\n<meta property=\"og:type\" content=\"article\" \/>\n<meta property=\"og:title\" content=\"Atenci\u00f3 centrada en la persona \u201cUn cam\u00ed cap al bon tracte\u201d - ResiPlus\" \/>\n<meta property=\"og:description\" content=\"Contingut: Parlarem amb Galfor sobre: Els professionals, la hist\u00f2ria i el projecte de vida, l&#8217;autodeterminaci\u00f3, la independ\u00e8ncia funcional, la prevenci\u00f3 de riscos y la protecci\u00f3 de danys, la intimitat, la vida significativa y benestar personal y la comunicaci\u00f3. Ponents: Eva Da Silva: T\u00e8cnica Superior en Integraci\u00f3 Social, Atenci\u00f3 Sociosanit\u00e0ria a persones dependentes en Institucions, T\u00e8cnica [...]\" \/>\n<meta property=\"og:url\" content=\"https:\/\/addinformatica.com\/ca\/cursos-formacion\/atencio-centrada-en-la-persona-un-cami-cap-al-bon-tracte\/\" \/>\n<meta property=\"og:site_name\" content=\"ResiPlus\" \/>\n<meta property=\"article:modified_time\" content=\"2024-11-25T13:41:43+00:00\" \/>\n<meta property=\"og:image\" content=\"https:\/\/addinformatica.com\/wp-content\/uploads\/2022\/01\/curso-galfor.gif\" \/>\n\t<meta property=\"og:image:width\" content=\"400\" \/>\n\t<meta property=\"og:image:height\" content=\"400\" \/>\n\t<meta property=\"og:image:type\" content=\"image\/gif\" \/>\n<meta name=\"twitter:card\" content=\"summary_large_image\" \/>\n<meta name=\"twitter:label1\" content=\"Temps estimat de lectura\" \/>\n\t<meta name=\"twitter:data1\" content=\"2 minuts\" \/>\n<script type=\"application\/ld+json\" class=\"yoast-schema-graph\">{\"@context\":\"https:\\\/\\\/schema.org\",\"@graph\":[{\"@type\":\"WebPage\",\"@id\":\"https:\\\/\\\/addinformatica.com\\\/ca\\\/cursos-formacion\\\/atencio-centrada-en-la-persona-un-cami-cap-al-bon-tracte\\\/\",\"url\":\"https:\\\/\\\/addinformatica.com\\\/ca\\\/cursos-formacion\\\/atencio-centrada-en-la-persona-un-cami-cap-al-bon-tracte\\\/\",\"name\":\"Atenci\u00f3 centrada en la persona \u201cUn cam\u00ed cap al bon tracte\u201d - ResiPlus\",\"isPartOf\":{\"@id\":\"https:\\\/\\\/addinformatica.com\\\/#website\"},\"primaryImageOfPage\":{\"@id\":\"https:\\\/\\\/addinformatica.com\\\/ca\\\/cursos-formacion\\\/atencio-centrada-en-la-persona-un-cami-cap-al-bon-tracte\\\/#primaryimage\"},\"image\":{\"@id\":\"https:\\\/\\\/addinformatica.com\\\/ca\\\/cursos-formacion\\\/atencio-centrada-en-la-persona-un-cami-cap-al-bon-tracte\\\/#primaryimage\"},\"thumbnailUrl\":\"https:\\\/\\\/addinformatica.com\\\/wp-content\\\/uploads\\\/2022\\\/01\\\/curso-galfor.gif\",\"datePublished\":\"2024-11-25T09:35:24+00:00\",\"dateModified\":\"2024-11-25T13:41:43+00:00\",\"breadcrumb\":{\"@id\":\"https:\\\/\\\/addinformatica.com\\\/ca\\\/cursos-formacion\\\/atencio-centrada-en-la-persona-un-cami-cap-al-bon-tracte\\\/#breadcrumb\"},\"inLanguage\":\"ca\",\"potentialAction\":[{\"@type\":\"ReadAction\",\"target\":[\"https:\\\/\\\/addinformatica.com\\\/ca\\\/cursos-formacion\\\/atencio-centrada-en-la-persona-un-cami-cap-al-bon-tracte\\\/\"]}]},{\"@type\":\"ImageObject\",\"inLanguage\":\"ca\",\"@id\":\"https:\\\/\\\/addinformatica.com\\\/ca\\\/cursos-formacion\\\/atencio-centrada-en-la-persona-un-cami-cap-al-bon-tracte\\\/#primaryimage\",\"url\":\"https:\\\/\\\/addinformatica.com\\\/wp-content\\\/uploads\\\/2022\\\/01\\\/curso-galfor.gif\",\"contentUrl\":\"https:\\\/\\\/addinformatica.com\\\/wp-content\\\/uploads\\\/2022\\\/01\\\/curso-galfor.gif\",\"width\":400,\"height\":400},{\"@type\":\"BreadcrumbList\",\"@id\":\"https:\\\/\\\/addinformatica.com\\\/ca\\\/cursos-formacion\\\/atencio-centrada-en-la-persona-un-cami-cap-al-bon-tracte\\\/#breadcrumb\",\"itemListElement\":[{\"@type\":\"ListItem\",\"position\":1,\"name\":\"Portada\",\"item\":\"https:\\\/\\\/addinformatica.com\\\/ca\\\/\"},{\"@type\":\"ListItem\",\"position\":2,\"name\":\"Events\",\"item\":\"https:\\\/\\\/addinformatica.com\\\/cursos-formacion\\\/\"},{\"@type\":\"ListItem\",\"position\":3,\"name\":\"Atenci\u00f3 centrada en la persona \u201cUn cam\u00ed cap al bon tracte\u201d\"}]},{\"@type\":\"WebSite\",\"@id\":\"https:\\\/\\\/addinformatica.com\\\/#website\",\"url\":\"https:\\\/\\\/addinformatica.com\\\/\",\"name\":\"ResiPlus\",\"description\":\"Software de gesti\u00f3n de residencias, centros de d\u00eda y discapacitados | ResiPlus\",\"potentialAction\":[{\"@type\":\"SearchAction\",\"target\":{\"@type\":\"EntryPoint\",\"urlTemplate\":\"https:\\\/\\\/addinformatica.com\\\/?s={search_term_string}\"},\"query-input\":{\"@type\":\"PropertyValueSpecification\",\"valueRequired\":true,\"valueName\":\"search_term_string\"}}],\"inLanguage\":\"ca\"}]}<\/script>\n<!-- \/ Yoast SEO plugin. -->","yoast_head_json":{"title":"Atenci\u00f3 centrada en la persona \u201cUn cam\u00ed cap al bon tracte\u201d - ResiPlus","robots":{"index":"index","follow":"follow","max-snippet":"max-snippet:-1","max-image-preview":"max-image-preview:large","max-video-preview":"max-video-preview:-1"},"canonical":"https:\/\/addinformatica.com\/ca\/cursos-formacion\/atencio-centrada-en-la-persona-un-cami-cap-al-bon-tracte\/","og_locale":"ca_ES","og_type":"article","og_title":"Atenci\u00f3 centrada en la persona \u201cUn cam\u00ed cap al bon tracte\u201d - ResiPlus","og_description":"Contingut: Parlarem amb Galfor sobre: Els professionals, la hist\u00f2ria i el projecte de vida, l&#8217;autodeterminaci\u00f3, la independ\u00e8ncia funcional, la prevenci\u00f3 de riscos y la protecci\u00f3 de danys, la intimitat, la vida significativa y benestar personal y la comunicaci\u00f3. Ponents: Eva Da Silva: T\u00e8cnica Superior en Integraci\u00f3 Social, Atenci\u00f3 Sociosanit\u00e0ria a persones dependentes en Institucions, T\u00e8cnica [...]","og_url":"https:\/\/addinformatica.com\/ca\/cursos-formacion\/atencio-centrada-en-la-persona-un-cami-cap-al-bon-tracte\/","og_site_name":"ResiPlus","article_modified_time":"2024-11-25T13:41:43+00:00","og_image":[{"width":400,"height":400,"url":"https:\/\/addinformatica.com\/wp-content\/uploads\/2022\/01\/curso-galfor.gif","type":"image\/gif"}],"twitter_card":"summary_large_image","twitter_misc":{"Temps estimat de lectura":"2 minuts"},"schema":{"@context":"https:\/\/schema.org","@graph":[{"@type":"WebPage","@id":"https:\/\/addinformatica.com\/ca\/cursos-formacion\/atencio-centrada-en-la-persona-un-cami-cap-al-bon-tracte\/","url":"https:\/\/addinformatica.com\/ca\/cursos-formacion\/atencio-centrada-en-la-persona-un-cami-cap-al-bon-tracte\/","name":"Atenci\u00f3 centrada en la persona \u201cUn cam\u00ed cap al bon tracte\u201d - ResiPlus","isPartOf":{"@id":"https:\/\/addinformatica.com\/#website"},"primaryImageOfPage":{"@id":"https:\/\/addinformatica.com\/ca\/cursos-formacion\/atencio-centrada-en-la-persona-un-cami-cap-al-bon-tracte\/#primaryimage"},"image":{"@id":"https:\/\/addinformatica.com\/ca\/cursos-formacion\/atencio-centrada-en-la-persona-un-cami-cap-al-bon-tracte\/#primaryimage"},"thumbnailUrl":"https:\/\/addinformatica.com\/wp-content\/uploads\/2022\/01\/curso-galfor.gif","datePublished":"2024-11-25T09:35:24+00:00","dateModified":"2024-11-25T13:41:43+00:00","breadcrumb":{"@id":"https:\/\/addinformatica.com\/ca\/cursos-formacion\/atencio-centrada-en-la-persona-un-cami-cap-al-bon-tracte\/#breadcrumb"},"inLanguage":"ca","potentialAction":[{"@type":"ReadAction","target":["https:\/\/addinformatica.com\/ca\/cursos-formacion\/atencio-centrada-en-la-persona-un-cami-cap-al-bon-tracte\/"]}]},{"@type":"ImageObject","inLanguage":"ca","@id":"https:\/\/addinformatica.com\/ca\/cursos-formacion\/atencio-centrada-en-la-persona-un-cami-cap-al-bon-tracte\/#primaryimage","url":"https:\/\/addinformatica.com\/wp-content\/uploads\/2022\/01\/curso-galfor.gif","contentUrl":"https:\/\/addinformatica.com\/wp-content\/uploads\/2022\/01\/curso-galfor.gif","width":400,"height":400},{"@type":"BreadcrumbList","@id":"https:\/\/addinformatica.com\/ca\/cursos-formacion\/atencio-centrada-en-la-persona-un-cami-cap-al-bon-tracte\/#breadcrumb","itemListElement":[{"@type":"ListItem","position":1,"name":"Portada","item":"https:\/\/addinformatica.com\/ca\/"},{"@type":"ListItem","position":2,"name":"Events","item":"https:\/\/addinformatica.com\/cursos-formacion\/"},{"@type":"ListItem","position":3,"name":"Atenci\u00f3 centrada en la persona \u201cUn cam\u00ed cap al bon tracte\u201d"}]},{"@type":"WebSite","@id":"https:\/\/addinformatica.com\/#website","url":"https:\/\/addinformatica.com\/","name":"ResiPlus","description":"Software de gesti\u00f3n de residencias, centros de d\u00eda y discapacitados | ResiPlus","potentialAction":[{"@type":"SearchAction","target":{"@type":"EntryPoint","urlTemplate":"https:\/\/addinformatica.com\/?s={search_term_string}"},"query-input":{"@type":"PropertyValueSpecification","valueRequired":true,"valueName":"search_term_string"}}],"inLanguage":"ca"}]}},"_links":{"self":[{"href":"https:\/\/addinformatica.com\/ca\/wp-json\/wp\/v2\/ajde_events\/36539","targetHints":{"allow":["GET"]}}],"collection":[{"href":"https:\/\/addinformatica.com\/ca\/wp-json\/wp\/v2\/ajde_events"}],"about":[{"href":"https:\/\/addinformatica.com\/ca\/wp-json\/wp\/v2\/types\/ajde_events"}],"author":[{"embeddable":true,"href":"https:\/\/addinformatica.com\/ca\/wp-json\/wp\/v2\/users\/1"}],"replies":[{"embeddable":true,"href":"https:\/\/addinformatica.com\/ca\/wp-json\/wp\/v2\/comments?post=36539"}],"wp:featuredmedia":[{"embeddable":true,"href":"https:\/\/addinformatica.com\/ca\/wp-json\/wp\/v2\/media\/26665"}],"wp:attachment":[{"href":"https:\/\/addinformatica.com\/ca\/wp-json\/wp\/v2\/media?parent=36539"}],"wp:term":[{"taxonomy":"post_tag","embeddable":true,"href":"https:\/\/addinformatica.com\/ca\/wp-json\/wp\/v2\/tags?post=36539"},{"taxonomy":"event_type","embeddable":true,"href":"https:\/\/addinformatica.com\/ca\/wp-json\/wp\/v2\/event_type?post=36539"},{"taxonomy":"event_type_2","embeddable":true,"href":"https:\/\/addinformatica.com\/ca\/wp-json\/wp\/v2\/event_type_2?post=36539"}],"curies":[{"name":"wp","href":"https:\/\/api.w.org\/{rel}","templated":true}]}}

Atenció centrada en la persona “Un camí cap al bon tracte”

<p><strong>Contingut:</strong><br>
Parlarem amb Galfor sobre: Els professionals, la història i el projecte de vida, l&#8217;autodeterminació, la independència funcional, la prevenció de riscos y la protecció de danys, la intimitat, la vida significativa y benestar personal y la comunicació.</p>
<p><strong>Ponents:</strong><br>                                                                                                                                                                                   Eva Da Silva: Tècnica Superior en Integració Social, Atenció Sociosanitària a persones dependentes en Institucions, Tècnica Superior en Animació Sociocultural.
Julieta Fernández: Graduada en Treball Social, Gestió de sistemes de qualitat, normes ISO. Galfor és un centre d&#8217;estudis sanitaris especialitzat en Geriatria i Gerontologia.
Compten amb més de 10 anys d&#8217;experiència en el sector de la formació sanitària, temps en el qual hi han format a més de 30.000 alumnes.
El seu ample catàleg de cursos, especialitzats en tots els àmbits de la Geriatria i la Gerontologia, estan dirigits a millorar l&#8217;atenció i cuidats dels nostres majors, així com enfortir i potenciar els coneixements dels professionals del sector.
Compten amb un grup d&#8217;experts que realitzen tota la formació segons les necessitats del client i actualitzen els continguts formatius constantment.
L&#8217;objectiu del seu centre és fer arribar la seua formació al màxim de professionals del sector, el que els permeta estar actualitzats i millor formats i així poder oferir el major benestar i atenció als nostres majors.</p>
<p><strong>Destinataris:</strong><br>
Professionals del sector sociosanitari.</p>
<p><strong>ID del seminari web:</strong> 367-829-859</p>
<p><strong>Usuaris ResiPlus<sup>®</sup> &#8211; Inscripció gratuita</strong></p>


<a href="https://register.gotowebinar.com/register/4342818485491047514" target="_blank" class="button primary" rel="noopener" style="border-radius:99px;">
		<span>INSCRIGUI</span>
	</a>

<!-- This site is optimized with the Yoast SEO plugin v27.4 - https://yoast.com/product/yoast-seo-wordpress/ -->
<title>Atenció centrada en la persona “Un camí cap al bon tracte” - ResiPlus</title>
<meta name="robots" content="index, follow, max-snippet:-1, max-image-preview:large, max-video-preview:-1" />
<link rel="canonical" href="https://addinformatica.com/ca/cursos-formacion/atencio-centrada-en-la-persona-un-cami-cap-al-bon-tracte/" />
<meta property="og:locale" content="ca_ES" />
<meta property="og:type" content="article" />
<meta property="og:title" content="Atenció centrada en la persona “Un camí cap al bon tracte” - ResiPlus" />
<meta property="og:description" content="Contingut: Parlarem amb Galfor sobre: Els professionals, la història i el projecte de vida, l&#8217;autodeterminació, la independència funcional, la prevenció de riscos y la protecció de danys, la intimitat, la vida significativa y benestar personal y la comunicació. Ponents: Eva Da Silva: Tècnica Superior en Integració Social, Atenció Sociosanitària a persones dependentes en Institucions, Tècnica [...]" />
<meta property="og:url" content="https://addinformatica.com/ca/cursos-formacion/atencio-centrada-en-la-persona-un-cami-cap-al-bon-tracte/" />
<meta property="og:site_name" content="ResiPlus" />
<meta property="article:modified_time" content="2024-11-25T13:41:43+00:00" />
<meta property="og:image" content="https://addinformatica.com/wp-content/uploads/2022/01/curso-galfor.gif" />
	<meta property="og:image:width" content="400" />
	<meta property="og:image:height" content="400" />
	<meta property="og:image:type" content="image/gif" />
<meta name="twitter:card" content="summary_large_image" />
<meta name="twitter:label1" content="Temps estimat de lectura" />
	<meta name="twitter:data1" content="2 minuts" />
<script type="application/ld+json" class="yoast-schema-graph">{"@context":"https:\/\/schema.org","@graph":[{"@type":"WebPage","@id":"https:\/\/addinformatica.com\/ca\/cursos-formacion\/atencio-centrada-en-la-persona-un-cami-cap-al-bon-tracte\/","url":"https:\/\/addinformatica.com\/ca\/cursos-formacion\/atencio-centrada-en-la-persona-un-cami-cap-al-bon-tracte\/","name":"Atenció centrada en la persona “Un camí cap al bon tracte” - ResiPlus","isPartOf":{"@id":"https:\/\/addinformatica.com\/#website"},"primaryImageOfPage":{"@id":"https:\/\/addinformatica.com\/ca\/cursos-formacion\/atencio-centrada-en-la-persona-un-cami-cap-al-bon-tracte\/#primaryimage"},"image":{"@id":"https:\/\/addinformatica.com\/ca\/cursos-formacion\/atencio-centrada-en-la-persona-un-cami-cap-al-bon-tracte\/#primaryimage"},"thumbnailUrl":"https:\/\/addinformatica.com\/wp-content\/uploads\/2022\/01\/curso-galfor.gif","datePublished":"2024-11-25T09:35:24+00:00","dateModified":"2024-11-25T13:41:43+00:00","breadcrumb":{"@id":"https:\/\/addinformatica.com\/ca\/cursos-formacion\/atencio-centrada-en-la-persona-un-cami-cap-al-bon-tracte\/#breadcrumb"},"inLanguage":"ca","potentialAction":[{"@type":"ReadAction","target":["https:\/\/addinformatica.com\/ca\/cursos-formacion\/atencio-centrada-en-la-persona-un-cami-cap-al-bon-tracte\/"]}]},{"@type":"ImageObject","inLanguage":"ca","@id":"https:\/\/addinformatica.com\/ca\/cursos-formacion\/atencio-centrada-en-la-persona-un-cami-cap-al-bon-tracte\/#primaryimage","url":"https:\/\/addinformatica.com\/wp-content\/uploads\/2022\/01\/curso-galfor.gif","contentUrl":"https:\/\/addinformatica.com\/wp-content\/uploads\/2022\/01\/curso-galfor.gif","width":400,"height":400},{"@type":"BreadcrumbList","@id":"https:\/\/addinformatica.com\/ca\/cursos-formacion\/atencio-centrada-en-la-persona-un-cami-cap-al-bon-tracte\/#breadcrumb","itemListElement":[{"@type":"ListItem","position":1,"name":"Portada","item":"https:\/\/addinformatica.com\/ca\/"},{"@type":"ListItem","position":2,"name":"Events","item":"https:\/\/addinformatica.com\/cursos-formacion\/"},{"@type":"ListItem","position":3,"name":"Atenció centrada en la persona “Un camí cap al bon tracte”"}]},{"@type":"WebSite","@id":"https:\/\/addinformatica.com\/#website","url":"https:\/\/addinformatica.com\/","name":"ResiPlus","description":"Software de gestión de residencias, centros de día y discapacitados | ResiPlus","potentialAction":[{"@type":"SearchAction","target":{"@type":"EntryPoint","urlTemplate":"https:\/\/addinformatica.com\/?s={search_term_string}"},"query-input":{"@type":"PropertyValueSpecification","valueRequired":true,"valueName":"search_term_string"}}],"inLanguage":"ca"}]}</script>
<!-- / Yoast SEO plugin. -->

Atenció centrada en la persona “Un camí cap al bon tracte” - ResiPlus

Contingut: Parlarem amb Galfor sobre: Els professionals, la història i el projecte de vida, l&#8217;autodeterminació, la independència funcional, la prevenció de riscos y la protecció de danys, la intimitat, la vida significativa y benestar personal y la comunicació. Ponents: Eva Da Silva: Tècnica Superior en Integració Social, Atenció Sociosanitària a persones dependentes en Institucions, Tècnica [...]

Software de gestión de residencias, centros de día y discapacitados | ResiPlus
