{"id":32430,"date":"2024-05-27T05:43:32","date_gmt":"2024-05-27T05:43:32","guid":{"rendered":"https:\/\/addinformatica.com\/cursos-formacion\/envejecimiento-activo-en-residencias-a-traves-de-la-estimulacion-cognitiva-digital-2\/"},"modified":"2024-05-28T06:42:39","modified_gmt":"2024-05-28T06:42:39","slug":"envelliment-actiu-a-residencies-a-traves-de-lestimulacio-cognitiva-digital","status":"publish","type":"ajde_events","link":"https:\/\/addinformatica.com\/ca\/cursos-formacion\/envelliment-actiu-a-residencies-a-traves-de-lestimulacio-cognitiva-digital\/","title":{"rendered":"Envelliment actiu a resid\u00e8ncies a trav\u00e9s de l&#8217;estimulaci\u00f3 cognitiva digital"},"content":{"rendered":"<p><strong>Contingut:<\/strong><br \/>\nFa anys que CogniFit analitza com afecta el deteriorament cognitiu les persones grans i com combatre&#8217;l. Es cobriran casos reals de resid\u00e8ncies seguint els programes d&#8217;entrenament, millorant la qualitat de vida dels residents i la percepci\u00f3 de valor. CogniFit \u00e9s una integraci\u00f3 senzilla amb ResiPlus, assequible i eficient.<\/p>\n<p><strong>Ponent:<\/strong><br \/>\nCogniFit \u00e9s una empresa pionera en salut digital, amb m\u00e9s de 20 anys d&#8217;experi\u00e8ncia, dedicada a avaluar i millorar la salut cognitiva.\nDaniel Rabasco Garc\u00eda. \u00c9s desenvolupador de software i responsable d&#8217;integracions. Porta 2 anys i mig treballant a Cognifit, va estudiar Matem\u00e0tiques en Inform\u00e0tica, i m\u00e0ster d&#8217;Enginyeria Inform\u00e0tica a la Universitat Polit\u00e8cnica de Madrid.<\/p>\n<p><strong>Destinataris:<\/strong><br \/>\nProfessionals d&#8217;\u00e0rea t\u00e8cnica<\/p>\n<p><strong>ID del seminari web:<\/strong> 973-338-267<\/p>\n\n\n<a href=\"https:\/\/attendee.gotowebinar.com\/register\/7424668210238026581\" target=\"_blank\" class=\"button primary\" rel=\"noopener\" style=\"border-radius:99px;\">\n\t\t<span>INSCRIGUI<\/span>\n\t<\/a>\n\n","protected":false},"author":1,"featured_media":29891,"menu_order":0,"comment_status":"closed","ping_status":"closed","template":"","meta":{"_acf_changed":false},"tags":[],"event_type":[],"event_type_2":[],"class_list":["post-32430","ajde_events","type-ajde_events","status-publish","has-post-thumbnail","hentry"],"acf":[],"yoast_head":"<!-- This site is optimized with the Yoast SEO plugin v27.4 - https:\/\/yoast.com\/product\/yoast-seo-wordpress\/ -->\n<title>Envelliment actiu a resid\u00e8ncies a trav\u00e9s de l&#039;estimulaci\u00f3 cognitiva digital - ResiPlus<\/title>\n<meta name=\"robots\" content=\"index, follow, max-snippet:-1, max-image-preview:large, max-video-preview:-1\" \/>\n<link rel=\"canonical\" href=\"https:\/\/addinformatica.com\/ca\/cursos-formacion\/envelliment-actiu-a-residencies-a-traves-de-lestimulacio-cognitiva-digital\/\" \/>\n<meta property=\"og:locale\" content=\"ca_ES\" \/>\n<meta property=\"og:type\" content=\"article\" \/>\n<meta property=\"og:title\" content=\"Envelliment actiu a resid\u00e8ncies a trav\u00e9s de l&#039;estimulaci\u00f3 cognitiva digital - ResiPlus\" \/>\n<meta property=\"og:description\" content=\"Contingut: Fa anys que CogniFit analitza com afecta el deteriorament cognitiu les persones grans i com combatre&#8217;l. Es cobriran casos reals de resid\u00e8ncies seguint els programes d&#8217;entrenament, millorant la qualitat de vida dels residents i la percepci\u00f3 de valor. CogniFit \u00e9s una integraci\u00f3 senzilla amb ResiPlus, assequible i eficient. Ponent: CogniFit \u00e9s una empresa pionera [...]\" \/>\n<meta property=\"og:url\" content=\"https:\/\/addinformatica.com\/ca\/cursos-formacion\/envelliment-actiu-a-residencies-a-traves-de-lestimulacio-cognitiva-digital\/\" \/>\n<meta property=\"og:site_name\" content=\"ResiPlus\" \/>\n<meta property=\"article:modified_time\" content=\"2024-05-28T06:42:39+00:00\" \/>\n<meta property=\"og:image\" content=\"https:\/\/addinformatica.com\/wp-content\/uploads\/2023\/05\/curso-cognifit.gif\" \/>\n\t<meta property=\"og:image:width\" content=\"400\" \/>\n\t<meta property=\"og:image:height\" content=\"400\" \/>\n\t<meta property=\"og:image:type\" content=\"image\/gif\" \/>\n<meta name=\"twitter:card\" content=\"summary_large_image\" \/>\n<meta name=\"twitter:label1\" content=\"Temps estimat de lectura\" \/>\n\t<meta name=\"twitter:data1\" content=\"1 minut\" \/>\n<script type=\"application\/ld+json\" class=\"yoast-schema-graph\">{\"@context\":\"https:\\\/\\\/schema.org\",\"@graph\":[{\"@type\":\"WebPage\",\"@id\":\"https:\\\/\\\/addinformatica.com\\\/ca\\\/cursos-formacion\\\/envelliment-actiu-a-residencies-a-traves-de-lestimulacio-cognitiva-digital\\\/\",\"url\":\"https:\\\/\\\/addinformatica.com\\\/ca\\\/cursos-formacion\\\/envelliment-actiu-a-residencies-a-traves-de-lestimulacio-cognitiva-digital\\\/\",\"name\":\"Envelliment actiu a resid\u00e8ncies a trav\u00e9s de l'estimulaci\u00f3 cognitiva digital - ResiPlus\",\"isPartOf\":{\"@id\":\"https:\\\/\\\/addinformatica.com\\\/#website\"},\"primaryImageOfPage\":{\"@id\":\"https:\\\/\\\/addinformatica.com\\\/ca\\\/cursos-formacion\\\/envelliment-actiu-a-residencies-a-traves-de-lestimulacio-cognitiva-digital\\\/#primaryimage\"},\"image\":{\"@id\":\"https:\\\/\\\/addinformatica.com\\\/ca\\\/cursos-formacion\\\/envelliment-actiu-a-residencies-a-traves-de-lestimulacio-cognitiva-digital\\\/#primaryimage\"},\"thumbnailUrl\":\"https:\\\/\\\/addinformatica.com\\\/wp-content\\\/uploads\\\/2023\\\/05\\\/curso-cognifit.gif\",\"datePublished\":\"2024-05-27T05:43:32+00:00\",\"dateModified\":\"2024-05-28T06:42:39+00:00\",\"breadcrumb\":{\"@id\":\"https:\\\/\\\/addinformatica.com\\\/ca\\\/cursos-formacion\\\/envelliment-actiu-a-residencies-a-traves-de-lestimulacio-cognitiva-digital\\\/#breadcrumb\"},\"inLanguage\":\"ca\",\"potentialAction\":[{\"@type\":\"ReadAction\",\"target\":[\"https:\\\/\\\/addinformatica.com\\\/ca\\\/cursos-formacion\\\/envelliment-actiu-a-residencies-a-traves-de-lestimulacio-cognitiva-digital\\\/\"]}]},{\"@type\":\"ImageObject\",\"inLanguage\":\"ca\",\"@id\":\"https:\\\/\\\/addinformatica.com\\\/ca\\\/cursos-formacion\\\/envelliment-actiu-a-residencies-a-traves-de-lestimulacio-cognitiva-digital\\\/#primaryimage\",\"url\":\"https:\\\/\\\/addinformatica.com\\\/wp-content\\\/uploads\\\/2023\\\/05\\\/curso-cognifit.gif\",\"contentUrl\":\"https:\\\/\\\/addinformatica.com\\\/wp-content\\\/uploads\\\/2023\\\/05\\\/curso-cognifit.gif\",\"width\":400,\"height\":400},{\"@type\":\"BreadcrumbList\",\"@id\":\"https:\\\/\\\/addinformatica.com\\\/ca\\\/cursos-formacion\\\/envelliment-actiu-a-residencies-a-traves-de-lestimulacio-cognitiva-digital\\\/#breadcrumb\",\"itemListElement\":[{\"@type\":\"ListItem\",\"position\":1,\"name\":\"Portada\",\"item\":\"https:\\\/\\\/addinformatica.com\\\/ca\\\/\"},{\"@type\":\"ListItem\",\"position\":2,\"name\":\"Events\",\"item\":\"https:\\\/\\\/addinformatica.com\\\/cursos-formacion\\\/\"},{\"@type\":\"ListItem\",\"position\":3,\"name\":\"Envelliment actiu a resid\u00e8ncies a trav\u00e9s de l&#8217;estimulaci\u00f3 cognitiva digital\"}]},{\"@type\":\"WebSite\",\"@id\":\"https:\\\/\\\/addinformatica.com\\\/#website\",\"url\":\"https:\\\/\\\/addinformatica.com\\\/\",\"name\":\"ResiPlus\",\"description\":\"Software de gesti\u00f3n de residencias, centros de d\u00eda y discapacitados | ResiPlus\",\"potentialAction\":[{\"@type\":\"SearchAction\",\"target\":{\"@type\":\"EntryPoint\",\"urlTemplate\":\"https:\\\/\\\/addinformatica.com\\\/?s={search_term_string}\"},\"query-input\":{\"@type\":\"PropertyValueSpecification\",\"valueRequired\":true,\"valueName\":\"search_term_string\"}}],\"inLanguage\":\"ca\"}]}<\/script>\n<!-- \/ Yoast SEO plugin. -->","yoast_head_json":{"title":"Envelliment actiu a resid\u00e8ncies a trav\u00e9s de l'estimulaci\u00f3 cognitiva digital - ResiPlus","robots":{"index":"index","follow":"follow","max-snippet":"max-snippet:-1","max-image-preview":"max-image-preview:large","max-video-preview":"max-video-preview:-1"},"canonical":"https:\/\/addinformatica.com\/ca\/cursos-formacion\/envelliment-actiu-a-residencies-a-traves-de-lestimulacio-cognitiva-digital\/","og_locale":"ca_ES","og_type":"article","og_title":"Envelliment actiu a resid\u00e8ncies a trav\u00e9s de l'estimulaci\u00f3 cognitiva digital - ResiPlus","og_description":"Contingut: Fa anys que CogniFit analitza com afecta el deteriorament cognitiu les persones grans i com combatre&#8217;l. Es cobriran casos reals de resid\u00e8ncies seguint els programes d&#8217;entrenament, millorant la qualitat de vida dels residents i la percepci\u00f3 de valor. CogniFit \u00e9s una integraci\u00f3 senzilla amb ResiPlus, assequible i eficient. Ponent: CogniFit \u00e9s una empresa pionera [...]","og_url":"https:\/\/addinformatica.com\/ca\/cursos-formacion\/envelliment-actiu-a-residencies-a-traves-de-lestimulacio-cognitiva-digital\/","og_site_name":"ResiPlus","article_modified_time":"2024-05-28T06:42:39+00:00","og_image":[{"width":400,"height":400,"url":"https:\/\/addinformatica.com\/wp-content\/uploads\/2023\/05\/curso-cognifit.gif","type":"image\/gif"}],"twitter_card":"summary_large_image","twitter_misc":{"Temps estimat de lectura":"1 minut"},"schema":{"@context":"https:\/\/schema.org","@graph":[{"@type":"WebPage","@id":"https:\/\/addinformatica.com\/ca\/cursos-formacion\/envelliment-actiu-a-residencies-a-traves-de-lestimulacio-cognitiva-digital\/","url":"https:\/\/addinformatica.com\/ca\/cursos-formacion\/envelliment-actiu-a-residencies-a-traves-de-lestimulacio-cognitiva-digital\/","name":"Envelliment actiu a resid\u00e8ncies a trav\u00e9s de l'estimulaci\u00f3 cognitiva digital - ResiPlus","isPartOf":{"@id":"https:\/\/addinformatica.com\/#website"},"primaryImageOfPage":{"@id":"https:\/\/addinformatica.com\/ca\/cursos-formacion\/envelliment-actiu-a-residencies-a-traves-de-lestimulacio-cognitiva-digital\/#primaryimage"},"image":{"@id":"https:\/\/addinformatica.com\/ca\/cursos-formacion\/envelliment-actiu-a-residencies-a-traves-de-lestimulacio-cognitiva-digital\/#primaryimage"},"thumbnailUrl":"https:\/\/addinformatica.com\/wp-content\/uploads\/2023\/05\/curso-cognifit.gif","datePublished":"2024-05-27T05:43:32+00:00","dateModified":"2024-05-28T06:42:39+00:00","breadcrumb":{"@id":"https:\/\/addinformatica.com\/ca\/cursos-formacion\/envelliment-actiu-a-residencies-a-traves-de-lestimulacio-cognitiva-digital\/#breadcrumb"},"inLanguage":"ca","potentialAction":[{"@type":"ReadAction","target":["https:\/\/addinformatica.com\/ca\/cursos-formacion\/envelliment-actiu-a-residencies-a-traves-de-lestimulacio-cognitiva-digital\/"]}]},{"@type":"ImageObject","inLanguage":"ca","@id":"https:\/\/addinformatica.com\/ca\/cursos-formacion\/envelliment-actiu-a-residencies-a-traves-de-lestimulacio-cognitiva-digital\/#primaryimage","url":"https:\/\/addinformatica.com\/wp-content\/uploads\/2023\/05\/curso-cognifit.gif","contentUrl":"https:\/\/addinformatica.com\/wp-content\/uploads\/2023\/05\/curso-cognifit.gif","width":400,"height":400},{"@type":"BreadcrumbList","@id":"https:\/\/addinformatica.com\/ca\/cursos-formacion\/envelliment-actiu-a-residencies-a-traves-de-lestimulacio-cognitiva-digital\/#breadcrumb","itemListElement":[{"@type":"ListItem","position":1,"name":"Portada","item":"https:\/\/addinformatica.com\/ca\/"},{"@type":"ListItem","position":2,"name":"Events","item":"https:\/\/addinformatica.com\/cursos-formacion\/"},{"@type":"ListItem","position":3,"name":"Envelliment actiu a resid\u00e8ncies a trav\u00e9s de l&#8217;estimulaci\u00f3 cognitiva digital"}]},{"@type":"WebSite","@id":"https:\/\/addinformatica.com\/#website","url":"https:\/\/addinformatica.com\/","name":"ResiPlus","description":"Software de gesti\u00f3n de residencias, centros de d\u00eda y discapacitados | ResiPlus","potentialAction":[{"@type":"SearchAction","target":{"@type":"EntryPoint","urlTemplate":"https:\/\/addinformatica.com\/?s={search_term_string}"},"query-input":{"@type":"PropertyValueSpecification","valueRequired":true,"valueName":"search_term_string"}}],"inLanguage":"ca"}]}},"_links":{"self":[{"href":"https:\/\/addinformatica.com\/ca\/wp-json\/wp\/v2\/ajde_events\/32430","targetHints":{"allow":["GET"]}}],"collection":[{"href":"https:\/\/addinformatica.com\/ca\/wp-json\/wp\/v2\/ajde_events"}],"about":[{"href":"https:\/\/addinformatica.com\/ca\/wp-json\/wp\/v2\/types\/ajde_events"}],"author":[{"embeddable":true,"href":"https:\/\/addinformatica.com\/ca\/wp-json\/wp\/v2\/users\/1"}],"replies":[{"embeddable":true,"href":"https:\/\/addinformatica.com\/ca\/wp-json\/wp\/v2\/comments?post=32430"}],"wp:featuredmedia":[{"embeddable":true,"href":"https:\/\/addinformatica.com\/ca\/wp-json\/wp\/v2\/media\/29891"}],"wp:attachment":[{"href":"https:\/\/addinformatica.com\/ca\/wp-json\/wp\/v2\/media?parent=32430"}],"wp:term":[{"taxonomy":"post_tag","embeddable":true,"href":"https:\/\/addinformatica.com\/ca\/wp-json\/wp\/v2\/tags?post=32430"},{"taxonomy":"event_type","embeddable":true,"href":"https:\/\/addinformatica.com\/ca\/wp-json\/wp\/v2\/event_type?post=32430"},{"taxonomy":"event_type_2","embeddable":true,"href":"https:\/\/addinformatica.com\/ca\/wp-json\/wp\/v2\/event_type_2?post=32430"}],"curies":[{"name":"wp","href":"https:\/\/api.w.org\/{rel}","templated":true}]}}

Envelliment actiu a residències a través de l&#8217;estimulació cognitiva digital

<p><strong>Contingut:</strong><br />
Fa anys que CogniFit analitza com afecta el deteriorament cognitiu les persones grans i com combatre&#8217;l. Es cobriran casos reals de residències seguint els programes d&#8217;entrenament, millorant la qualitat de vida dels residents i la percepció de valor. CogniFit és una integració senzilla amb ResiPlus, assequible i eficient.</p>
<p><strong>Ponent:</strong><br />
CogniFit és una empresa pionera en salut digital, amb més de 20 anys d&#8217;experiència, dedicada a avaluar i millorar la salut cognitiva.
Daniel Rabasco García. És desenvolupador de software i responsable d&#8217;integracions. Porta 2 anys i mig treballant a Cognifit, va estudiar Matemàtiques en Informàtica, i màster d&#8217;Enginyeria Informàtica a la Universitat Politècnica de Madrid.</p>
<p><strong>Destinataris:</strong><br />
Professionals d&#8217;àrea tècnica</p>
<p><strong>ID del seminari web:</strong> 973-338-267</p>


<a href="https://attendee.gotowebinar.com/register/7424668210238026581" target="_blank" class="button primary" rel="noopener" style="border-radius:99px;">
		<span>INSCRIGUI</span>
	</a>

<!-- This site is optimized with the Yoast SEO plugin v27.4 - https://yoast.com/product/yoast-seo-wordpress/ -->
<title>Envelliment actiu a residències a través de l&#039;estimulació cognitiva digital - ResiPlus</title>
<meta name="robots" content="index, follow, max-snippet:-1, max-image-preview:large, max-video-preview:-1" />
<link rel="canonical" href="https://addinformatica.com/ca/cursos-formacion/envelliment-actiu-a-residencies-a-traves-de-lestimulacio-cognitiva-digital/" />
<meta property="og:locale" content="ca_ES" />
<meta property="og:type" content="article" />
<meta property="og:title" content="Envelliment actiu a residències a través de l&#039;estimulació cognitiva digital - ResiPlus" />
<meta property="og:description" content="Contingut: Fa anys que CogniFit analitza com afecta el deteriorament cognitiu les persones grans i com combatre&#8217;l. Es cobriran casos reals de residències seguint els programes d&#8217;entrenament, millorant la qualitat de vida dels residents i la percepció de valor. CogniFit és una integració senzilla amb ResiPlus, assequible i eficient. Ponent: CogniFit és una empresa pionera [...]" />
<meta property="og:url" content="https://addinformatica.com/ca/cursos-formacion/envelliment-actiu-a-residencies-a-traves-de-lestimulacio-cognitiva-digital/" />
<meta property="og:site_name" content="ResiPlus" />
<meta property="article:modified_time" content="2024-05-28T06:42:39+00:00" />
<meta property="og:image" content="https://addinformatica.com/wp-content/uploads/2023/05/curso-cognifit.gif" />
	<meta property="og:image:width" content="400" />
	<meta property="og:image:height" content="400" />
	<meta property="og:image:type" content="image/gif" />
<meta name="twitter:card" content="summary_large_image" />
<meta name="twitter:label1" content="Temps estimat de lectura" />
	<meta name="twitter:data1" content="1 minut" />
<script type="application/ld+json" class="yoast-schema-graph">{"@context":"https:\/\/schema.org","@graph":[{"@type":"WebPage","@id":"https:\/\/addinformatica.com\/ca\/cursos-formacion\/envelliment-actiu-a-residencies-a-traves-de-lestimulacio-cognitiva-digital\/","url":"https:\/\/addinformatica.com\/ca\/cursos-formacion\/envelliment-actiu-a-residencies-a-traves-de-lestimulacio-cognitiva-digital\/","name":"Envelliment actiu a residències a través de l'estimulació cognitiva digital - ResiPlus","isPartOf":{"@id":"https:\/\/addinformatica.com\/#website"},"primaryImageOfPage":{"@id":"https:\/\/addinformatica.com\/ca\/cursos-formacion\/envelliment-actiu-a-residencies-a-traves-de-lestimulacio-cognitiva-digital\/#primaryimage"},"image":{"@id":"https:\/\/addinformatica.com\/ca\/cursos-formacion\/envelliment-actiu-a-residencies-a-traves-de-lestimulacio-cognitiva-digital\/#primaryimage"},"thumbnailUrl":"https:\/\/addinformatica.com\/wp-content\/uploads\/2023\/05\/curso-cognifit.gif","datePublished":"2024-05-27T05:43:32+00:00","dateModified":"2024-05-28T06:42:39+00:00","breadcrumb":{"@id":"https:\/\/addinformatica.com\/ca\/cursos-formacion\/envelliment-actiu-a-residencies-a-traves-de-lestimulacio-cognitiva-digital\/#breadcrumb"},"inLanguage":"ca","potentialAction":[{"@type":"ReadAction","target":["https:\/\/addinformatica.com\/ca\/cursos-formacion\/envelliment-actiu-a-residencies-a-traves-de-lestimulacio-cognitiva-digital\/"]}]},{"@type":"ImageObject","inLanguage":"ca","@id":"https:\/\/addinformatica.com\/ca\/cursos-formacion\/envelliment-actiu-a-residencies-a-traves-de-lestimulacio-cognitiva-digital\/#primaryimage","url":"https:\/\/addinformatica.com\/wp-content\/uploads\/2023\/05\/curso-cognifit.gif","contentUrl":"https:\/\/addinformatica.com\/wp-content\/uploads\/2023\/05\/curso-cognifit.gif","width":400,"height":400},{"@type":"BreadcrumbList","@id":"https:\/\/addinformatica.com\/ca\/cursos-formacion\/envelliment-actiu-a-residencies-a-traves-de-lestimulacio-cognitiva-digital\/#breadcrumb","itemListElement":[{"@type":"ListItem","position":1,"name":"Portada","item":"https:\/\/addinformatica.com\/ca\/"},{"@type":"ListItem","position":2,"name":"Events","item":"https:\/\/addinformatica.com\/cursos-formacion\/"},{"@type":"ListItem","position":3,"name":"Envelliment actiu a residències a través de l&#8217;estimulació cognitiva digital"}]},{"@type":"WebSite","@id":"https:\/\/addinformatica.com\/#website","url":"https:\/\/addinformatica.com\/","name":"ResiPlus","description":"Software de gestión de residencias, centros de día y discapacitados | ResiPlus","potentialAction":[{"@type":"SearchAction","target":{"@type":"EntryPoint","urlTemplate":"https:\/\/addinformatica.com\/?s={search_term_string}"},"query-input":{"@type":"PropertyValueSpecification","valueRequired":true,"valueName":"search_term_string"}}],"inLanguage":"ca"}]}</script>
<!-- / Yoast SEO plugin. -->

Envelliment actiu a residències a través de l'estimulació cognitiva digital - ResiPlus

Contingut: Fa anys que CogniFit analitza com afecta el deteriorament cognitiu les persones grans i com combatre&#8217;l. Es cobriran casos reals de residències seguint els programes d&#8217;entrenament, millorant la qualitat de vida dels residents i la percepció de valor. CogniFit és una integració senzilla amb ResiPlus, assequible i eficient. Ponent: CogniFit és una empresa pionera [...]

Software de gestión de residencias, centros de día y discapacitados | ResiPlus
