{"id":30555,"date":"2023-09-26T08:27:50","date_gmt":"2023-09-26T08:27:50","guid":{"rendered":"https:\/\/addinformatica.com\/cursos-formacion\/centro-de-dia-configuracion-de-horarios-y-registro-de-asistencia\/"},"modified":"2024-01-25T10:13:03","modified_gmt":"2024-01-25T10:13:03","slug":"centre-de-dia-configuracio-dhoraris-i-registre-dassistencia","status":"publish","type":"ajde_events","link":"https:\/\/addinformatica.com\/ca\/cursos-formacion\/centre-de-dia-configuracio-dhoraris-i-registre-dassistencia\/","title":{"rendered":"Configuraci\u00f3 d&#8217;horaris i assist\u00e8ncies: Centre de dia"},"content":{"rendered":"<p><strong>Contingut:<\/strong><br \/>\nConfiguraci\u00f3 d&#8217;horari general del centre.<br \/>\nConfiguraci\u00f3 d&#8217;horaris per residents.<br \/>\nRegistres d&#8217;assist\u00e8ncies i abs\u00e8ncies de centre de dia.<br \/>\nInforme d&#8217;assist\u00e8ncies.<\/p>\n<p><strong>Cas pr\u00e0ctic:<\/strong><br \/>\nConfigurar l&#8217;horari de centre de dia general i l&#8217;horari espec\u00edfic de dos residents.<br \/>\nRealitzar el registre d&#8217;assist\u00e8ncia de centre de dia tenint en compte les assist\u00e8ncies no planificades i abs\u00e8ncies.<br \/>\nExportar informe d&#8217;assist\u00e8ncies a Excel.<\/p>\n<p><strong>Destinataris:<\/strong><br \/>\nPersonal de Recepci\u00f3.<\/p>\n<p><strong>ID del seminari web:<\/strong> 469-369-747<\/p>\n<p><strong>Usuaris ResiPlus<sup>\u00ae<\/sup> &#8211; Inscripci\u00f3 gratuita<\/strong><\/p>\n\n\n<a href=\"https:\/\/register.gotowebinar.com\/register\/899554879873733470\" target=\"_blank\" class=\"button primary\" rel=\"noopener\" style=\"border-radius:99px;\">\n\t\t<span>INSCRIGUI<\/span>\n\t<\/a>\n\n","protected":false},"author":1,"featured_media":26589,"menu_order":0,"comment_status":"closed","ping_status":"closed","template":"","meta":{"_acf_changed":false},"tags":[],"event_type":[],"event_type_2":[],"class_list":["post-30555","ajde_events","type-ajde_events","status-publish","has-post-thumbnail","hentry"],"acf":[],"yoast_head":"<!-- This site is optimized with the Yoast SEO plugin v27.2 - https:\/\/yoast.com\/product\/yoast-seo-wordpress\/ -->\n<title>Configuraci\u00f3 d&#039;horaris i assist\u00e8ncies: Centre de dia - ResiPlus<\/title>\n<meta name=\"robots\" content=\"index, follow, max-snippet:-1, max-image-preview:large, max-video-preview:-1\" \/>\n<link rel=\"canonical\" href=\"https:\/\/addinformatica.com\/ca\/cursos-formacion\/centre-de-dia-configuracio-dhoraris-i-registre-dassistencia\/\" \/>\n<meta property=\"og:locale\" content=\"ca_ES\" \/>\n<meta property=\"og:type\" content=\"article\" \/>\n<meta property=\"og:title\" content=\"Configuraci\u00f3 d&#039;horaris i assist\u00e8ncies: Centre de dia - ResiPlus\" \/>\n<meta property=\"og:description\" content=\"Contingut: Configuraci\u00f3 d&#8217;horari general del centre. Configuraci\u00f3 d&#8217;horaris per residents. Registres d&#8217;assist\u00e8ncies i abs\u00e8ncies de centre de dia. Informe d&#8217;assist\u00e8ncies. Cas pr\u00e0ctic: Configurar l&#8217;horari de centre de dia general i l&#8217;horari espec\u00edfic de dos residents. Realitzar el registre d&#8217;assist\u00e8ncia de centre de dia tenint en compte les assist\u00e8ncies no planificades i abs\u00e8ncies. Exportar informe d&#8217;assist\u00e8ncies [...]\" \/>\n<meta property=\"og:url\" content=\"https:\/\/addinformatica.com\/ca\/cursos-formacion\/centre-de-dia-configuracio-dhoraris-i-registre-dassistencia\/\" \/>\n<meta property=\"og:site_name\" content=\"ResiPlus\" \/>\n<meta property=\"article:modified_time\" content=\"2024-01-25T10:13:03+00:00\" \/>\n<meta property=\"og:image\" content=\"https:\/\/addinformatica.com\/wp-content\/uploads\/2021\/02\/curso-planning-orange.gif\" \/>\n\t<meta property=\"og:image:width\" content=\"400\" \/>\n\t<meta property=\"og:image:height\" content=\"400\" \/>\n\t<meta property=\"og:image:type\" content=\"image\/gif\" \/>\n<meta name=\"twitter:card\" content=\"summary_large_image\" \/>\n<meta name=\"twitter:label1\" content=\"Temps estimat de lectura\" \/>\n\t<meta name=\"twitter:data1\" content=\"1 minut\" \/>\n<script type=\"application\/ld+json\" class=\"yoast-schema-graph\">{\"@context\":\"https:\/\/schema.org\",\"@graph\":[{\"@type\":\"WebPage\",\"@id\":\"https:\/\/addinformatica.com\/ca\/cursos-formacion\/centre-de-dia-configuracio-dhoraris-i-registre-dassistencia\/\",\"url\":\"https:\/\/addinformatica.com\/ca\/cursos-formacion\/centre-de-dia-configuracio-dhoraris-i-registre-dassistencia\/\",\"name\":\"Configuraci\u00f3 d'horaris i assist\u00e8ncies: Centre de dia - ResiPlus\",\"isPartOf\":{\"@id\":\"https:\/\/addinformatica.com\/#website\"},\"primaryImageOfPage\":{\"@id\":\"https:\/\/addinformatica.com\/ca\/cursos-formacion\/centre-de-dia-configuracio-dhoraris-i-registre-dassistencia\/#primaryimage\"},\"image\":{\"@id\":\"https:\/\/addinformatica.com\/ca\/cursos-formacion\/centre-de-dia-configuracio-dhoraris-i-registre-dassistencia\/#primaryimage\"},\"thumbnailUrl\":\"https:\/\/addinformatica.com\/wp-content\/uploads\/2021\/02\/curso-planning-orange.gif\",\"datePublished\":\"2023-09-26T08:27:50+00:00\",\"dateModified\":\"2024-01-25T10:13:03+00:00\",\"breadcrumb\":{\"@id\":\"https:\/\/addinformatica.com\/ca\/cursos-formacion\/centre-de-dia-configuracio-dhoraris-i-registre-dassistencia\/#breadcrumb\"},\"inLanguage\":\"ca\",\"potentialAction\":[{\"@type\":\"ReadAction\",\"target\":[\"https:\/\/addinformatica.com\/ca\/cursos-formacion\/centre-de-dia-configuracio-dhoraris-i-registre-dassistencia\/\"]}]},{\"@type\":\"ImageObject\",\"inLanguage\":\"ca\",\"@id\":\"https:\/\/addinformatica.com\/ca\/cursos-formacion\/centre-de-dia-configuracio-dhoraris-i-registre-dassistencia\/#primaryimage\",\"url\":\"https:\/\/addinformatica.com\/wp-content\/uploads\/2021\/02\/curso-planning-orange.gif\",\"contentUrl\":\"https:\/\/addinformatica.com\/wp-content\/uploads\/2021\/02\/curso-planning-orange.gif\",\"width\":400,\"height\":400},{\"@type\":\"BreadcrumbList\",\"@id\":\"https:\/\/addinformatica.com\/ca\/cursos-formacion\/centre-de-dia-configuracio-dhoraris-i-registre-dassistencia\/#breadcrumb\",\"itemListElement\":[{\"@type\":\"ListItem\",\"position\":1,\"name\":\"Portada\",\"item\":\"https:\/\/addinformatica.com\/ca\/\"},{\"@type\":\"ListItem\",\"position\":2,\"name\":\"Events\",\"item\":\"https:\/\/addinformatica.com\/cursos-formacion\/\"},{\"@type\":\"ListItem\",\"position\":3,\"name\":\"Configuraci\u00f3 d&#8217;horaris i assist\u00e8ncies: Centre de dia\"}]},{\"@type\":\"WebSite\",\"@id\":\"https:\/\/addinformatica.com\/#website\",\"url\":\"https:\/\/addinformatica.com\/\",\"name\":\"ResiPlus\",\"description\":\"Software de gesti\u00f3n de residencias, centros de d\u00eda y discapacitados | ResiPlus\",\"potentialAction\":[{\"@type\":\"SearchAction\",\"target\":{\"@type\":\"EntryPoint\",\"urlTemplate\":\"https:\/\/addinformatica.com\/?s={search_term_string}\"},\"query-input\":{\"@type\":\"PropertyValueSpecification\",\"valueRequired\":true,\"valueName\":\"search_term_string\"}}],\"inLanguage\":\"ca\"}]}<\/script>\n<!-- \/ Yoast SEO plugin. -->","yoast_head_json":{"title":"Configuraci\u00f3 d'horaris i assist\u00e8ncies: Centre de dia - ResiPlus","robots":{"index":"index","follow":"follow","max-snippet":"max-snippet:-1","max-image-preview":"max-image-preview:large","max-video-preview":"max-video-preview:-1"},"canonical":"https:\/\/addinformatica.com\/ca\/cursos-formacion\/centre-de-dia-configuracio-dhoraris-i-registre-dassistencia\/","og_locale":"ca_ES","og_type":"article","og_title":"Configuraci\u00f3 d'horaris i assist\u00e8ncies: Centre de dia - ResiPlus","og_description":"Contingut: Configuraci\u00f3 d&#8217;horari general del centre. Configuraci\u00f3 d&#8217;horaris per residents. Registres d&#8217;assist\u00e8ncies i abs\u00e8ncies de centre de dia. Informe d&#8217;assist\u00e8ncies. Cas pr\u00e0ctic: Configurar l&#8217;horari de centre de dia general i l&#8217;horari espec\u00edfic de dos residents. Realitzar el registre d&#8217;assist\u00e8ncia de centre de dia tenint en compte les assist\u00e8ncies no planificades i abs\u00e8ncies. Exportar informe d&#8217;assist\u00e8ncies [...]","og_url":"https:\/\/addinformatica.com\/ca\/cursos-formacion\/centre-de-dia-configuracio-dhoraris-i-registre-dassistencia\/","og_site_name":"ResiPlus","article_modified_time":"2024-01-25T10:13:03+00:00","og_image":[{"width":400,"height":400,"url":"https:\/\/addinformatica.com\/wp-content\/uploads\/2021\/02\/curso-planning-orange.gif","type":"image\/gif"}],"twitter_card":"summary_large_image","twitter_misc":{"Temps estimat de lectura":"1 minut"},"schema":{"@context":"https:\/\/schema.org","@graph":[{"@type":"WebPage","@id":"https:\/\/addinformatica.com\/ca\/cursos-formacion\/centre-de-dia-configuracio-dhoraris-i-registre-dassistencia\/","url":"https:\/\/addinformatica.com\/ca\/cursos-formacion\/centre-de-dia-configuracio-dhoraris-i-registre-dassistencia\/","name":"Configuraci\u00f3 d'horaris i assist\u00e8ncies: Centre de dia - ResiPlus","isPartOf":{"@id":"https:\/\/addinformatica.com\/#website"},"primaryImageOfPage":{"@id":"https:\/\/addinformatica.com\/ca\/cursos-formacion\/centre-de-dia-configuracio-dhoraris-i-registre-dassistencia\/#primaryimage"},"image":{"@id":"https:\/\/addinformatica.com\/ca\/cursos-formacion\/centre-de-dia-configuracio-dhoraris-i-registre-dassistencia\/#primaryimage"},"thumbnailUrl":"https:\/\/addinformatica.com\/wp-content\/uploads\/2021\/02\/curso-planning-orange.gif","datePublished":"2023-09-26T08:27:50+00:00","dateModified":"2024-01-25T10:13:03+00:00","breadcrumb":{"@id":"https:\/\/addinformatica.com\/ca\/cursos-formacion\/centre-de-dia-configuracio-dhoraris-i-registre-dassistencia\/#breadcrumb"},"inLanguage":"ca","potentialAction":[{"@type":"ReadAction","target":["https:\/\/addinformatica.com\/ca\/cursos-formacion\/centre-de-dia-configuracio-dhoraris-i-registre-dassistencia\/"]}]},{"@type":"ImageObject","inLanguage":"ca","@id":"https:\/\/addinformatica.com\/ca\/cursos-formacion\/centre-de-dia-configuracio-dhoraris-i-registre-dassistencia\/#primaryimage","url":"https:\/\/addinformatica.com\/wp-content\/uploads\/2021\/02\/curso-planning-orange.gif","contentUrl":"https:\/\/addinformatica.com\/wp-content\/uploads\/2021\/02\/curso-planning-orange.gif","width":400,"height":400},{"@type":"BreadcrumbList","@id":"https:\/\/addinformatica.com\/ca\/cursos-formacion\/centre-de-dia-configuracio-dhoraris-i-registre-dassistencia\/#breadcrumb","itemListElement":[{"@type":"ListItem","position":1,"name":"Portada","item":"https:\/\/addinformatica.com\/ca\/"},{"@type":"ListItem","position":2,"name":"Events","item":"https:\/\/addinformatica.com\/cursos-formacion\/"},{"@type":"ListItem","position":3,"name":"Configuraci\u00f3 d&#8217;horaris i assist\u00e8ncies: Centre de dia"}]},{"@type":"WebSite","@id":"https:\/\/addinformatica.com\/#website","url":"https:\/\/addinformatica.com\/","name":"ResiPlus","description":"Software de gesti\u00f3n de residencias, centros de d\u00eda y discapacitados | ResiPlus","potentialAction":[{"@type":"SearchAction","target":{"@type":"EntryPoint","urlTemplate":"https:\/\/addinformatica.com\/?s={search_term_string}"},"query-input":{"@type":"PropertyValueSpecification","valueRequired":true,"valueName":"search_term_string"}}],"inLanguage":"ca"}]}},"_links":{"self":[{"href":"https:\/\/addinformatica.com\/ca\/wp-json\/wp\/v2\/ajde_events\/30555","targetHints":{"allow":["GET"]}}],"collection":[{"href":"https:\/\/addinformatica.com\/ca\/wp-json\/wp\/v2\/ajde_events"}],"about":[{"href":"https:\/\/addinformatica.com\/ca\/wp-json\/wp\/v2\/types\/ajde_events"}],"author":[{"embeddable":true,"href":"https:\/\/addinformatica.com\/ca\/wp-json\/wp\/v2\/users\/1"}],"replies":[{"embeddable":true,"href":"https:\/\/addinformatica.com\/ca\/wp-json\/wp\/v2\/comments?post=30555"}],"wp:featuredmedia":[{"embeddable":true,"href":"https:\/\/addinformatica.com\/ca\/wp-json\/wp\/v2\/media\/26589"}],"wp:attachment":[{"href":"https:\/\/addinformatica.com\/ca\/wp-json\/wp\/v2\/media?parent=30555"}],"wp:term":[{"taxonomy":"post_tag","embeddable":true,"href":"https:\/\/addinformatica.com\/ca\/wp-json\/wp\/v2\/tags?post=30555"},{"taxonomy":"event_type","embeddable":true,"href":"https:\/\/addinformatica.com\/ca\/wp-json\/wp\/v2\/event_type?post=30555"},{"taxonomy":"event_type_2","embeddable":true,"href":"https:\/\/addinformatica.com\/ca\/wp-json\/wp\/v2\/event_type_2?post=30555"}],"curies":[{"name":"wp","href":"https:\/\/api.w.org\/{rel}","templated":true}]}}

Configuració d&#8217;horaris i assistències: Centre de dia

<p><strong>Contingut:</strong><br />
Configuració d&#8217;horari general del centre.<br />
Configuració d&#8217;horaris per residents.<br />
Registres d&#8217;assistències i absències de centre de dia.<br />
Informe d&#8217;assistències.</p>
<p><strong>Cas pràctic:</strong><br />
Configurar l&#8217;horari de centre de dia general i l&#8217;horari específic de dos residents.<br />
Realitzar el registre d&#8217;assistència de centre de dia tenint en compte les assistències no planificades i absències.<br />
Exportar informe d&#8217;assistències a Excel.</p>
<p><strong>Destinataris:</strong><br />
Personal de Recepció.</p>
<p><strong>ID del seminari web:</strong> 469-369-747</p>
<p><strong>Usuaris ResiPlus<sup>®</sup> &#8211; Inscripció gratuita</strong></p>


<a href="https://register.gotowebinar.com/register/899554879873733470" target="_blank" class="button primary" rel="noopener" style="border-radius:99px;">
		<span>INSCRIGUI</span>
	</a>

<!-- This site is optimized with the Yoast SEO plugin v27.2 - https://yoast.com/product/yoast-seo-wordpress/ -->
<title>Configuració d&#039;horaris i assistències: Centre de dia - ResiPlus</title>
<meta name="robots" content="index, follow, max-snippet:-1, max-image-preview:large, max-video-preview:-1" />
<link rel="canonical" href="https://addinformatica.com/ca/cursos-formacion/centre-de-dia-configuracio-dhoraris-i-registre-dassistencia/" />
<meta property="og:locale" content="ca_ES" />
<meta property="og:type" content="article" />
<meta property="og:title" content="Configuració d&#039;horaris i assistències: Centre de dia - ResiPlus" />
<meta property="og:description" content="Contingut: Configuració d&#8217;horari general del centre. Configuració d&#8217;horaris per residents. Registres d&#8217;assistències i absències de centre de dia. Informe d&#8217;assistències. Cas pràctic: Configurar l&#8217;horari de centre de dia general i l&#8217;horari específic de dos residents. Realitzar el registre d&#8217;assistència de centre de dia tenint en compte les assistències no planificades i absències. Exportar informe d&#8217;assistències [...]" />
<meta property="og:url" content="https://addinformatica.com/ca/cursos-formacion/centre-de-dia-configuracio-dhoraris-i-registre-dassistencia/" />
<meta property="og:site_name" content="ResiPlus" />
<meta property="article:modified_time" content="2024-01-25T10:13:03+00:00" />
<meta property="og:image" content="https://addinformatica.com/wp-content/uploads/2021/02/curso-planning-orange.gif" />
	<meta property="og:image:width" content="400" />
	<meta property="og:image:height" content="400" />
	<meta property="og:image:type" content="image/gif" />
<meta name="twitter:card" content="summary_large_image" />
<meta name="twitter:label1" content="Temps estimat de lectura" />
	<meta name="twitter:data1" content="1 minut" />
<script type="application/ld+json" class="yoast-schema-graph">{"@context":"https://schema.org","@graph":[{"@type":"WebPage","@id":"https://addinformatica.com/ca/cursos-formacion/centre-de-dia-configuracio-dhoraris-i-registre-dassistencia/","url":"https://addinformatica.com/ca/cursos-formacion/centre-de-dia-configuracio-dhoraris-i-registre-dassistencia/","name":"Configuració d'horaris i assistències: Centre de dia - ResiPlus","isPartOf":{"@id":"https://addinformatica.com/#website"},"primaryImageOfPage":{"@id":"https://addinformatica.com/ca/cursos-formacion/centre-de-dia-configuracio-dhoraris-i-registre-dassistencia/#primaryimage"},"image":{"@id":"https://addinformatica.com/ca/cursos-formacion/centre-de-dia-configuracio-dhoraris-i-registre-dassistencia/#primaryimage"},"thumbnailUrl":"https://addinformatica.com/wp-content/uploads/2021/02/curso-planning-orange.gif","datePublished":"2023-09-26T08:27:50+00:00","dateModified":"2024-01-25T10:13:03+00:00","breadcrumb":{"@id":"https://addinformatica.com/ca/cursos-formacion/centre-de-dia-configuracio-dhoraris-i-registre-dassistencia/#breadcrumb"},"inLanguage":"ca","potentialAction":[{"@type":"ReadAction","target":["https://addinformatica.com/ca/cursos-formacion/centre-de-dia-configuracio-dhoraris-i-registre-dassistencia/"]}]},{"@type":"ImageObject","inLanguage":"ca","@id":"https://addinformatica.com/ca/cursos-formacion/centre-de-dia-configuracio-dhoraris-i-registre-dassistencia/#primaryimage","url":"https://addinformatica.com/wp-content/uploads/2021/02/curso-planning-orange.gif","contentUrl":"https://addinformatica.com/wp-content/uploads/2021/02/curso-planning-orange.gif","width":400,"height":400},{"@type":"BreadcrumbList","@id":"https://addinformatica.com/ca/cursos-formacion/centre-de-dia-configuracio-dhoraris-i-registre-dassistencia/#breadcrumb","itemListElement":[{"@type":"ListItem","position":1,"name":"Portada","item":"https://addinformatica.com/ca/"},{"@type":"ListItem","position":2,"name":"Events","item":"https://addinformatica.com/cursos-formacion/"},{"@type":"ListItem","position":3,"name":"Configuració d&#8217;horaris i assistències: Centre de dia"}]},{"@type":"WebSite","@id":"https://addinformatica.com/#website","url":"https://addinformatica.com/","name":"ResiPlus","description":"Software de gestión de residencias, centros de día y discapacitados | ResiPlus","potentialAction":[{"@type":"SearchAction","target":{"@type":"EntryPoint","urlTemplate":"https://addinformatica.com/?s={search_term_string}"},"query-input":{"@type":"PropertyValueSpecification","valueRequired":true,"valueName":"search_term_string"}}],"inLanguage":"ca"}]}</script>
<!-- / Yoast SEO plugin. -->

Configuració d'horaris i assistències: Centre de dia - ResiPlus

Contingut: Configuració d&#8217;horari general del centre. Configuració d&#8217;horaris per residents. Registres d&#8217;assistències i absències de centre de dia. Informe d&#8217;assistències. Cas pràctic: Configurar l&#8217;horari de centre de dia general i l&#8217;horari específic de dos residents. Realitzar el registre d&#8217;assistència de centre de dia tenint en compte les assistències no planificades i absències. Exportar informe d&#8217;assistències [...]

Software de gestión de residencias, centros de día y discapacitados | ResiPlus
