{"id":29207,"date":"2023-01-30T07:53:48","date_gmt":"2023-01-30T07:53:48","guid":{"rendered":"https:\/\/addinformatica.com\/cursos-formacion\/aspectos-clave-en-la-implantacion-del-modelo-acp-en-centros-de-mayores\/"},"modified":"2023-01-30T08:00:10","modified_gmt":"2023-01-30T08:00:10","slug":"aspectes-claus-en-la-implantacio-del-model-acp-en-centres-de-majors","status":"publish","type":"ajde_events","link":"https:\/\/addinformatica.com\/ca\/cursos-formacion\/aspectes-claus-en-la-implantacio-del-model-acp-en-centres-de-majors\/","title":{"rendered":"Aspectes claus en la implantaci\u00f3 del Model ACP en Centres de Majors"},"content":{"rendered":"<p><strong>Contingut:<\/strong><br>\nParlarem amb Ineava i AID sobre: quins son els processos, din\u00e0miques i cultura que una Residencia deu adoptar per treballar amb el Model d&#8217;atenci\u00f3 Centrada en la Persona. Tamb\u00e9 explicaran una metodologia per saber en que punt&nbsp;est\u00e0 una Residencia amb respecte a la implantaci\u00f3 del Model ACP: metodologia de diagn\u00f2stic ACP.<\/p>\n<p><strong>Ponents:<\/strong><br>\nCarmen Mart\u00ednez: Directora T\u00e9cnica Founder d&#8217; Atenci\u00f3 Integral a la Depend\u00e8ncia (AID), m\u00e0ster en AICP i terapeuta ocupacional.<br>\nJos\u00e9 Mar\u00eda Rei. Director INEAVA. Psic\u00f2loga especialista en RRHH i gesti\u00f3 sociosanit\u00e0ria.<\/p>\n<p><strong>Destinataris:<\/strong><br>\nProfessionals del sector sociosanitari<\/p>\n<p><strong>ID del seminari web:<\/strong> 221-296-915<\/p>\n<p><strong>Usuaris ResiPlus<sup>\u00ae<\/sup> &#8211; Inscripci\u00f3 gratuita<\/strong><\/p>\n\n\n<a href=\"https:\/\/attendee.gotowebinar.com\/register\/7039349847113907286\" target=\"_blank\" class=\"button primary\" rel=\"noopener\" style=\"border-radius:99px;\">\n\t\t<span>INSCRIGUI<\/span>\n\t<\/a>\n\n","protected":false},"author":1,"featured_media":29206,"menu_order":0,"comment_status":"closed","ping_status":"closed","template":"","meta":{"_acf_changed":false},"tags":[],"event_type":[],"event_type_2":[],"class_list":["post-29207","ajde_events","type-ajde_events","status-publish","has-post-thumbnail","hentry"],"acf":[],"yoast_head":"<!-- This site is optimized with the Yoast SEO plugin v27.4 - https:\/\/yoast.com\/product\/yoast-seo-wordpress\/ -->\n<title>Aspectes claus en la implantaci\u00f3 del Model ACP en Centres de Majors - ResiPlus<\/title>\n<meta name=\"robots\" content=\"index, follow, max-snippet:-1, max-image-preview:large, max-video-preview:-1\" \/>\n<link rel=\"canonical\" href=\"https:\/\/addinformatica.com\/ca\/cursos-formacion\/aspectes-claus-en-la-implantacio-del-model-acp-en-centres-de-majors\/\" \/>\n<meta property=\"og:locale\" content=\"ca_ES\" \/>\n<meta property=\"og:type\" content=\"article\" \/>\n<meta property=\"og:title\" content=\"Aspectes claus en la implantaci\u00f3 del Model ACP en Centres de Majors - ResiPlus\" \/>\n<meta property=\"og:description\" content=\"Contingut: Parlarem amb Ineava i AID sobre: quins son els processos, din\u00e0miques i cultura que una Residencia deu adoptar per treballar amb el Model d&#8217;atenci\u00f3 Centrada en la Persona. Tamb\u00e9 explicaran una metodologia per saber en que punt&nbsp;est\u00e0 una Residencia amb respecte a la implantaci\u00f3 del Model ACP: metodologia de diagn\u00f2stic ACP. Ponents: Carmen Mart\u00ednez: [...]\" \/>\n<meta property=\"og:url\" content=\"https:\/\/addinformatica.com\/ca\/cursos-formacion\/aspectes-claus-en-la-implantacio-del-model-acp-en-centres-de-majors\/\" \/>\n<meta property=\"og:site_name\" content=\"ResiPlus\" \/>\n<meta property=\"article:modified_time\" content=\"2023-01-30T08:00:10+00:00\" \/>\n<meta property=\"og:image\" content=\"https:\/\/addinformatica.com\/wp-content\/uploads\/2023\/01\/curso-acp.gif\" \/>\n\t<meta property=\"og:image:width\" content=\"400\" \/>\n\t<meta property=\"og:image:height\" content=\"400\" \/>\n\t<meta property=\"og:image:type\" content=\"image\/gif\" \/>\n<meta name=\"twitter:card\" content=\"summary_large_image\" \/>\n<meta name=\"twitter:label1\" content=\"Temps estimat de lectura\" \/>\n\t<meta name=\"twitter:data1\" content=\"1 minut\" \/>\n<script type=\"application\/ld+json\" class=\"yoast-schema-graph\">{\"@context\":\"https:\\\/\\\/schema.org\",\"@graph\":[{\"@type\":\"WebPage\",\"@id\":\"https:\\\/\\\/addinformatica.com\\\/ca\\\/cursos-formacion\\\/aspectes-claus-en-la-implantacio-del-model-acp-en-centres-de-majors\\\/\",\"url\":\"https:\\\/\\\/addinformatica.com\\\/ca\\\/cursos-formacion\\\/aspectes-claus-en-la-implantacio-del-model-acp-en-centres-de-majors\\\/\",\"name\":\"Aspectes claus en la implantaci\u00f3 del Model ACP en Centres de Majors - ResiPlus\",\"isPartOf\":{\"@id\":\"https:\\\/\\\/addinformatica.com\\\/#website\"},\"primaryImageOfPage\":{\"@id\":\"https:\\\/\\\/addinformatica.com\\\/ca\\\/cursos-formacion\\\/aspectes-claus-en-la-implantacio-del-model-acp-en-centres-de-majors\\\/#primaryimage\"},\"image\":{\"@id\":\"https:\\\/\\\/addinformatica.com\\\/ca\\\/cursos-formacion\\\/aspectes-claus-en-la-implantacio-del-model-acp-en-centres-de-majors\\\/#primaryimage\"},\"thumbnailUrl\":\"https:\\\/\\\/addinformatica.com\\\/wp-content\\\/uploads\\\/2023\\\/01\\\/curso-acp.gif\",\"datePublished\":\"2023-01-30T07:53:48+00:00\",\"dateModified\":\"2023-01-30T08:00:10+00:00\",\"breadcrumb\":{\"@id\":\"https:\\\/\\\/addinformatica.com\\\/ca\\\/cursos-formacion\\\/aspectes-claus-en-la-implantacio-del-model-acp-en-centres-de-majors\\\/#breadcrumb\"},\"inLanguage\":\"ca\",\"potentialAction\":[{\"@type\":\"ReadAction\",\"target\":[\"https:\\\/\\\/addinformatica.com\\\/ca\\\/cursos-formacion\\\/aspectes-claus-en-la-implantacio-del-model-acp-en-centres-de-majors\\\/\"]}]},{\"@type\":\"ImageObject\",\"inLanguage\":\"ca\",\"@id\":\"https:\\\/\\\/addinformatica.com\\\/ca\\\/cursos-formacion\\\/aspectes-claus-en-la-implantacio-del-model-acp-en-centres-de-majors\\\/#primaryimage\",\"url\":\"https:\\\/\\\/addinformatica.com\\\/wp-content\\\/uploads\\\/2023\\\/01\\\/curso-acp.gif\",\"contentUrl\":\"https:\\\/\\\/addinformatica.com\\\/wp-content\\\/uploads\\\/2023\\\/01\\\/curso-acp.gif\",\"width\":400,\"height\":400},{\"@type\":\"BreadcrumbList\",\"@id\":\"https:\\\/\\\/addinformatica.com\\\/ca\\\/cursos-formacion\\\/aspectes-claus-en-la-implantacio-del-model-acp-en-centres-de-majors\\\/#breadcrumb\",\"itemListElement\":[{\"@type\":\"ListItem\",\"position\":1,\"name\":\"Portada\",\"item\":\"https:\\\/\\\/addinformatica.com\\\/ca\\\/\"},{\"@type\":\"ListItem\",\"position\":2,\"name\":\"Events\",\"item\":\"https:\\\/\\\/addinformatica.com\\\/cursos-formacion\\\/\"},{\"@type\":\"ListItem\",\"position\":3,\"name\":\"Aspectes claus en la implantaci\u00f3 del Model ACP en Centres de Majors\"}]},{\"@type\":\"WebSite\",\"@id\":\"https:\\\/\\\/addinformatica.com\\\/#website\",\"url\":\"https:\\\/\\\/addinformatica.com\\\/\",\"name\":\"ResiPlus\",\"description\":\"Software de gesti\u00f3n de residencias, centros de d\u00eda y discapacitados | ResiPlus\",\"potentialAction\":[{\"@type\":\"SearchAction\",\"target\":{\"@type\":\"EntryPoint\",\"urlTemplate\":\"https:\\\/\\\/addinformatica.com\\\/?s={search_term_string}\"},\"query-input\":{\"@type\":\"PropertyValueSpecification\",\"valueRequired\":true,\"valueName\":\"search_term_string\"}}],\"inLanguage\":\"ca\"}]}<\/script>\n<!-- \/ Yoast SEO plugin. -->","yoast_head_json":{"title":"Aspectes claus en la implantaci\u00f3 del Model ACP en Centres de Majors - ResiPlus","robots":{"index":"index","follow":"follow","max-snippet":"max-snippet:-1","max-image-preview":"max-image-preview:large","max-video-preview":"max-video-preview:-1"},"canonical":"https:\/\/addinformatica.com\/ca\/cursos-formacion\/aspectes-claus-en-la-implantacio-del-model-acp-en-centres-de-majors\/","og_locale":"ca_ES","og_type":"article","og_title":"Aspectes claus en la implantaci\u00f3 del Model ACP en Centres de Majors - ResiPlus","og_description":"Contingut: Parlarem amb Ineava i AID sobre: quins son els processos, din\u00e0miques i cultura que una Residencia deu adoptar per treballar amb el Model d&#8217;atenci\u00f3 Centrada en la Persona. Tamb\u00e9 explicaran una metodologia per saber en que punt&nbsp;est\u00e0 una Residencia amb respecte a la implantaci\u00f3 del Model ACP: metodologia de diagn\u00f2stic ACP. Ponents: Carmen Mart\u00ednez: [...]","og_url":"https:\/\/addinformatica.com\/ca\/cursos-formacion\/aspectes-claus-en-la-implantacio-del-model-acp-en-centres-de-majors\/","og_site_name":"ResiPlus","article_modified_time":"2023-01-30T08:00:10+00:00","og_image":[{"width":400,"height":400,"url":"https:\/\/addinformatica.com\/wp-content\/uploads\/2023\/01\/curso-acp.gif","type":"image\/gif"}],"twitter_card":"summary_large_image","twitter_misc":{"Temps estimat de lectura":"1 minut"},"schema":{"@context":"https:\/\/schema.org","@graph":[{"@type":"WebPage","@id":"https:\/\/addinformatica.com\/ca\/cursos-formacion\/aspectes-claus-en-la-implantacio-del-model-acp-en-centres-de-majors\/","url":"https:\/\/addinformatica.com\/ca\/cursos-formacion\/aspectes-claus-en-la-implantacio-del-model-acp-en-centres-de-majors\/","name":"Aspectes claus en la implantaci\u00f3 del Model ACP en Centres de Majors - ResiPlus","isPartOf":{"@id":"https:\/\/addinformatica.com\/#website"},"primaryImageOfPage":{"@id":"https:\/\/addinformatica.com\/ca\/cursos-formacion\/aspectes-claus-en-la-implantacio-del-model-acp-en-centres-de-majors\/#primaryimage"},"image":{"@id":"https:\/\/addinformatica.com\/ca\/cursos-formacion\/aspectes-claus-en-la-implantacio-del-model-acp-en-centres-de-majors\/#primaryimage"},"thumbnailUrl":"https:\/\/addinformatica.com\/wp-content\/uploads\/2023\/01\/curso-acp.gif","datePublished":"2023-01-30T07:53:48+00:00","dateModified":"2023-01-30T08:00:10+00:00","breadcrumb":{"@id":"https:\/\/addinformatica.com\/ca\/cursos-formacion\/aspectes-claus-en-la-implantacio-del-model-acp-en-centres-de-majors\/#breadcrumb"},"inLanguage":"ca","potentialAction":[{"@type":"ReadAction","target":["https:\/\/addinformatica.com\/ca\/cursos-formacion\/aspectes-claus-en-la-implantacio-del-model-acp-en-centres-de-majors\/"]}]},{"@type":"ImageObject","inLanguage":"ca","@id":"https:\/\/addinformatica.com\/ca\/cursos-formacion\/aspectes-claus-en-la-implantacio-del-model-acp-en-centres-de-majors\/#primaryimage","url":"https:\/\/addinformatica.com\/wp-content\/uploads\/2023\/01\/curso-acp.gif","contentUrl":"https:\/\/addinformatica.com\/wp-content\/uploads\/2023\/01\/curso-acp.gif","width":400,"height":400},{"@type":"BreadcrumbList","@id":"https:\/\/addinformatica.com\/ca\/cursos-formacion\/aspectes-claus-en-la-implantacio-del-model-acp-en-centres-de-majors\/#breadcrumb","itemListElement":[{"@type":"ListItem","position":1,"name":"Portada","item":"https:\/\/addinformatica.com\/ca\/"},{"@type":"ListItem","position":2,"name":"Events","item":"https:\/\/addinformatica.com\/cursos-formacion\/"},{"@type":"ListItem","position":3,"name":"Aspectes claus en la implantaci\u00f3 del Model ACP en Centres de Majors"}]},{"@type":"WebSite","@id":"https:\/\/addinformatica.com\/#website","url":"https:\/\/addinformatica.com\/","name":"ResiPlus","description":"Software de gesti\u00f3n de residencias, centros de d\u00eda y discapacitados | ResiPlus","potentialAction":[{"@type":"SearchAction","target":{"@type":"EntryPoint","urlTemplate":"https:\/\/addinformatica.com\/?s={search_term_string}"},"query-input":{"@type":"PropertyValueSpecification","valueRequired":true,"valueName":"search_term_string"}}],"inLanguage":"ca"}]}},"_links":{"self":[{"href":"https:\/\/addinformatica.com\/ca\/wp-json\/wp\/v2\/ajde_events\/29207","targetHints":{"allow":["GET"]}}],"collection":[{"href":"https:\/\/addinformatica.com\/ca\/wp-json\/wp\/v2\/ajde_events"}],"about":[{"href":"https:\/\/addinformatica.com\/ca\/wp-json\/wp\/v2\/types\/ajde_events"}],"author":[{"embeddable":true,"href":"https:\/\/addinformatica.com\/ca\/wp-json\/wp\/v2\/users\/1"}],"replies":[{"embeddable":true,"href":"https:\/\/addinformatica.com\/ca\/wp-json\/wp\/v2\/comments?post=29207"}],"wp:featuredmedia":[{"embeddable":true,"href":"https:\/\/addinformatica.com\/ca\/wp-json\/wp\/v2\/media\/29206"}],"wp:attachment":[{"href":"https:\/\/addinformatica.com\/ca\/wp-json\/wp\/v2\/media?parent=29207"}],"wp:term":[{"taxonomy":"post_tag","embeddable":true,"href":"https:\/\/addinformatica.com\/ca\/wp-json\/wp\/v2\/tags?post=29207"},{"taxonomy":"event_type","embeddable":true,"href":"https:\/\/addinformatica.com\/ca\/wp-json\/wp\/v2\/event_type?post=29207"},{"taxonomy":"event_type_2","embeddable":true,"href":"https:\/\/addinformatica.com\/ca\/wp-json\/wp\/v2\/event_type_2?post=29207"}],"curies":[{"name":"wp","href":"https:\/\/api.w.org\/{rel}","templated":true}]}}

Aspectes claus en la implantació del Model ACP en Centres de Majors

<p><strong>Contingut:</strong><br>
Parlarem amb Ineava i AID sobre: quins son els processos, dinàmiques i cultura que una Residencia deu adoptar per treballar amb el Model d&#8217;atenció Centrada en la Persona. També explicaran una metodologia per saber en que punt&nbsp;està una Residencia amb respecte a la implantació del Model ACP: metodologia de diagnòstic ACP.</p>
<p><strong>Ponents:</strong><br>
Carmen Martínez: Directora Técnica Founder d&#8217; Atenció Integral a la Dependència (AID), màster en AICP i terapeuta ocupacional.<br>
José María Rei. Director INEAVA. Psicòloga especialista en RRHH i gestió sociosanitària.</p>
<p><strong>Destinataris:</strong><br>
Professionals del sector sociosanitari</p>
<p><strong>ID del seminari web:</strong> 221-296-915</p>
<p><strong>Usuaris ResiPlus<sup>®</sup> &#8211; Inscripció gratuita</strong></p>


<a href="https://attendee.gotowebinar.com/register/7039349847113907286" target="_blank" class="button primary" rel="noopener" style="border-radius:99px;">
		<span>INSCRIGUI</span>
	</a>

<!-- This site is optimized with the Yoast SEO plugin v27.4 - https://yoast.com/product/yoast-seo-wordpress/ -->
<title>Aspectes claus en la implantació del Model ACP en Centres de Majors - ResiPlus</title>
<meta name="robots" content="index, follow, max-snippet:-1, max-image-preview:large, max-video-preview:-1" />
<link rel="canonical" href="https://addinformatica.com/ca/cursos-formacion/aspectes-claus-en-la-implantacio-del-model-acp-en-centres-de-majors/" />
<meta property="og:locale" content="ca_ES" />
<meta property="og:type" content="article" />
<meta property="og:title" content="Aspectes claus en la implantació del Model ACP en Centres de Majors - ResiPlus" />
<meta property="og:description" content="Contingut: Parlarem amb Ineava i AID sobre: quins son els processos, dinàmiques i cultura que una Residencia deu adoptar per treballar amb el Model d&#8217;atenció Centrada en la Persona. També explicaran una metodologia per saber en que punt&nbsp;està una Residencia amb respecte a la implantació del Model ACP: metodologia de diagnòstic ACP. Ponents: Carmen Martínez: [...]" />
<meta property="og:url" content="https://addinformatica.com/ca/cursos-formacion/aspectes-claus-en-la-implantacio-del-model-acp-en-centres-de-majors/" />
<meta property="og:site_name" content="ResiPlus" />
<meta property="article:modified_time" content="2023-01-30T08:00:10+00:00" />
<meta property="og:image" content="https://addinformatica.com/wp-content/uploads/2023/01/curso-acp.gif" />
	<meta property="og:image:width" content="400" />
	<meta property="og:image:height" content="400" />
	<meta property="og:image:type" content="image/gif" />
<meta name="twitter:card" content="summary_large_image" />
<meta name="twitter:label1" content="Temps estimat de lectura" />
	<meta name="twitter:data1" content="1 minut" />
<script type="application/ld+json" class="yoast-schema-graph">{"@context":"https:\/\/schema.org","@graph":[{"@type":"WebPage","@id":"https:\/\/addinformatica.com\/ca\/cursos-formacion\/aspectes-claus-en-la-implantacio-del-model-acp-en-centres-de-majors\/","url":"https:\/\/addinformatica.com\/ca\/cursos-formacion\/aspectes-claus-en-la-implantacio-del-model-acp-en-centres-de-majors\/","name":"Aspectes claus en la implantació del Model ACP en Centres de Majors - ResiPlus","isPartOf":{"@id":"https:\/\/addinformatica.com\/#website"},"primaryImageOfPage":{"@id":"https:\/\/addinformatica.com\/ca\/cursos-formacion\/aspectes-claus-en-la-implantacio-del-model-acp-en-centres-de-majors\/#primaryimage"},"image":{"@id":"https:\/\/addinformatica.com\/ca\/cursos-formacion\/aspectes-claus-en-la-implantacio-del-model-acp-en-centres-de-majors\/#primaryimage"},"thumbnailUrl":"https:\/\/addinformatica.com\/wp-content\/uploads\/2023\/01\/curso-acp.gif","datePublished":"2023-01-30T07:53:48+00:00","dateModified":"2023-01-30T08:00:10+00:00","breadcrumb":{"@id":"https:\/\/addinformatica.com\/ca\/cursos-formacion\/aspectes-claus-en-la-implantacio-del-model-acp-en-centres-de-majors\/#breadcrumb"},"inLanguage":"ca","potentialAction":[{"@type":"ReadAction","target":["https:\/\/addinformatica.com\/ca\/cursos-formacion\/aspectes-claus-en-la-implantacio-del-model-acp-en-centres-de-majors\/"]}]},{"@type":"ImageObject","inLanguage":"ca","@id":"https:\/\/addinformatica.com\/ca\/cursos-formacion\/aspectes-claus-en-la-implantacio-del-model-acp-en-centres-de-majors\/#primaryimage","url":"https:\/\/addinformatica.com\/wp-content\/uploads\/2023\/01\/curso-acp.gif","contentUrl":"https:\/\/addinformatica.com\/wp-content\/uploads\/2023\/01\/curso-acp.gif","width":400,"height":400},{"@type":"BreadcrumbList","@id":"https:\/\/addinformatica.com\/ca\/cursos-formacion\/aspectes-claus-en-la-implantacio-del-model-acp-en-centres-de-majors\/#breadcrumb","itemListElement":[{"@type":"ListItem","position":1,"name":"Portada","item":"https:\/\/addinformatica.com\/ca\/"},{"@type":"ListItem","position":2,"name":"Events","item":"https:\/\/addinformatica.com\/cursos-formacion\/"},{"@type":"ListItem","position":3,"name":"Aspectes claus en la implantació del Model ACP en Centres de Majors"}]},{"@type":"WebSite","@id":"https:\/\/addinformatica.com\/#website","url":"https:\/\/addinformatica.com\/","name":"ResiPlus","description":"Software de gestión de residencias, centros de día y discapacitados | ResiPlus","potentialAction":[{"@type":"SearchAction","target":{"@type":"EntryPoint","urlTemplate":"https:\/\/addinformatica.com\/?s={search_term_string}"},"query-input":{"@type":"PropertyValueSpecification","valueRequired":true,"valueName":"search_term_string"}}],"inLanguage":"ca"}]}</script>
<!-- / Yoast SEO plugin. -->

Aspectes claus en la implantació del Model ACP en Centres de Majors - ResiPlus

Contingut: Parlarem amb Ineava i AID sobre: quins son els processos, dinàmiques i cultura que una Residencia deu adoptar per treballar amb el Model d&#8217;atenció Centrada en la Persona. També explicaran una metodologia per saber en que punt&nbsp;està una Residencia amb respecte a la implantació del Model ACP: metodologia de diagnòstic ACP. Ponents: Carmen Martínez: [...]

Software de gestión de residencias, centros de día y discapacitados | ResiPlus
