{"id":28133,"date":"2022-10-25T14:42:36","date_gmt":"2022-10-25T14:42:36","guid":{"rendered":"https:\/\/www.addinformatica.com\/cursos-formacion\/configuracion-de-valoraciones-config-latam-2\/"},"modified":"2022-10-25T14:43:45","modified_gmt":"2022-10-25T14:43:45","slug":"configuracio-de-valoracions-config-latam-2","status":"publish","type":"ajde_events","link":"https:\/\/addinformatica.com\/ca\/cursos-formacion\/configuracio-de-valoracions-config-latam-2\/","title":{"rendered":"Configuraci\u00f3 de Valoracions (Config. LATAM)"},"content":{"rendered":"<p><strong>Contingut:<\/strong><br>\nConfiguraci\u00f3 de les valoracions dels professionals i vinculaci\u00f3 d&#8217;escales, controls, dades m\u00e8diques i de dietista. <\/p>\n<p><strong>Cas pr\u00e0ctic:<\/strong><br>\nConfigurar les valoracions de Logopeda, vinculant informaci\u00f3 d&#8217;escales, controls i \u00e0rea m\u00e8dica i incloent encap\u00e7alats.<\/p>\n<p><strong>Destinataris:<\/strong><br>\nEquip T\u00e8cnic. Direcci\u00f3.<\/p>\n<p><strong>ID del seminari web:<\/strong> 230-919-987<\/p>\n<p><strong>Usuaris ResiPlus<sup>\u00ae<\/sup> &#8211; Inscripci\u00f3 gratuita<\/strong><\/p>\n\n\n<a href=\"https:\/\/attendee.gotowebinar.com\/register\/3311721752564928267\" target=\"_blank\" class=\"button primary\" rel=\"noopener\" style=\"border-radius:99px;\">\n\t\t<span>INSCRIGUI<\/span>\n\t<\/a>\n\n","protected":false},"author":1,"featured_media":26035,"menu_order":0,"comment_status":"closed","ping_status":"closed","template":"","meta":{"_acf_changed":false},"tags":[],"event_type":[],"event_type_2":[],"class_list":["post-28133","ajde_events","type-ajde_events","status-publish","has-post-thumbnail","hentry"],"acf":[],"yoast_head":"<!-- This site is optimized with the Yoast SEO plugin v27.4 - https:\/\/yoast.com\/product\/yoast-seo-wordpress\/ -->\n<title>Configuraci\u00f3 de Valoracions (Config. LATAM) - ResiPlus<\/title>\n<meta name=\"robots\" content=\"index, follow, max-snippet:-1, max-image-preview:large, max-video-preview:-1\" \/>\n<link rel=\"canonical\" href=\"https:\/\/addinformatica.com\/ca\/cursos-formacion\/configuracio-de-valoracions-config-latam-2\/\" \/>\n<meta property=\"og:locale\" content=\"ca_ES\" \/>\n<meta property=\"og:type\" content=\"article\" \/>\n<meta property=\"og:title\" content=\"Configuraci\u00f3 de Valoracions (Config. LATAM) - ResiPlus\" \/>\n<meta property=\"og:description\" content=\"Contingut: Configuraci\u00f3 de les valoracions dels professionals i vinculaci\u00f3 d&#8217;escales, controls, dades m\u00e8diques i de dietista. Cas pr\u00e0ctic: Configurar les valoracions de Logopeda, vinculant informaci\u00f3 d&#8217;escales, controls i \u00e0rea m\u00e8dica i incloent encap\u00e7alats. Destinataris: Equip T\u00e8cnic. Direcci\u00f3. ID del seminari web: 230-919-987 Usuaris ResiPlus\u00ae &#8211; Inscripci\u00f3 gratuita\" \/>\n<meta property=\"og:url\" content=\"https:\/\/addinformatica.com\/ca\/cursos-formacion\/configuracio-de-valoracions-config-latam-2\/\" \/>\n<meta property=\"og:site_name\" content=\"ResiPlus\" \/>\n<meta property=\"article:modified_time\" content=\"2022-10-25T14:43:45+00:00\" \/>\n<meta property=\"og:image\" content=\"https:\/\/addinformatica.com\/wp-content\/uploads\/2021\/02\/curso-valoraciones-orange.png\" \/>\n\t<meta property=\"og:image:width\" content=\"400\" \/>\n\t<meta property=\"og:image:height\" content=\"400\" \/>\n\t<meta property=\"og:image:type\" content=\"image\/png\" \/>\n<meta name=\"twitter:card\" content=\"summary_large_image\" \/>\n<meta name=\"twitter:label1\" content=\"Temps estimat de lectura\" \/>\n\t<meta name=\"twitter:data1\" content=\"1 minut\" \/>\n<script type=\"application\/ld+json\" class=\"yoast-schema-graph\">{\"@context\":\"https:\\\/\\\/schema.org\",\"@graph\":[{\"@type\":\"WebPage\",\"@id\":\"https:\\\/\\\/addinformatica.com\\\/ca\\\/cursos-formacion\\\/configuracio-de-valoracions-config-latam-2\\\/\",\"url\":\"https:\\\/\\\/addinformatica.com\\\/ca\\\/cursos-formacion\\\/configuracio-de-valoracions-config-latam-2\\\/\",\"name\":\"Configuraci\u00f3 de Valoracions (Config. LATAM) - ResiPlus\",\"isPartOf\":{\"@id\":\"https:\\\/\\\/addinformatica.com\\\/#website\"},\"primaryImageOfPage\":{\"@id\":\"https:\\\/\\\/addinformatica.com\\\/ca\\\/cursos-formacion\\\/configuracio-de-valoracions-config-latam-2\\\/#primaryimage\"},\"image\":{\"@id\":\"https:\\\/\\\/addinformatica.com\\\/ca\\\/cursos-formacion\\\/configuracio-de-valoracions-config-latam-2\\\/#primaryimage\"},\"thumbnailUrl\":\"https:\\\/\\\/addinformatica.com\\\/wp-content\\\/uploads\\\/2021\\\/02\\\/curso-valoraciones-orange.png\",\"datePublished\":\"2022-10-25T14:42:36+00:00\",\"dateModified\":\"2022-10-25T14:43:45+00:00\",\"breadcrumb\":{\"@id\":\"https:\\\/\\\/addinformatica.com\\\/ca\\\/cursos-formacion\\\/configuracio-de-valoracions-config-latam-2\\\/#breadcrumb\"},\"inLanguage\":\"ca\",\"potentialAction\":[{\"@type\":\"ReadAction\",\"target\":[\"https:\\\/\\\/addinformatica.com\\\/ca\\\/cursos-formacion\\\/configuracio-de-valoracions-config-latam-2\\\/\"]}]},{\"@type\":\"ImageObject\",\"inLanguage\":\"ca\",\"@id\":\"https:\\\/\\\/addinformatica.com\\\/ca\\\/cursos-formacion\\\/configuracio-de-valoracions-config-latam-2\\\/#primaryimage\",\"url\":\"https:\\\/\\\/addinformatica.com\\\/wp-content\\\/uploads\\\/2021\\\/02\\\/curso-valoraciones-orange.png\",\"contentUrl\":\"https:\\\/\\\/addinformatica.com\\\/wp-content\\\/uploads\\\/2021\\\/02\\\/curso-valoraciones-orange.png\",\"width\":400,\"height\":400},{\"@type\":\"BreadcrumbList\",\"@id\":\"https:\\\/\\\/addinformatica.com\\\/ca\\\/cursos-formacion\\\/configuracio-de-valoracions-config-latam-2\\\/#breadcrumb\",\"itemListElement\":[{\"@type\":\"ListItem\",\"position\":1,\"name\":\"Portada\",\"item\":\"https:\\\/\\\/addinformatica.com\\\/ca\\\/\"},{\"@type\":\"ListItem\",\"position\":2,\"name\":\"Events\",\"item\":\"https:\\\/\\\/addinformatica.com\\\/cursos-formacion\\\/\"},{\"@type\":\"ListItem\",\"position\":3,\"name\":\"Configuraci\u00f3 de Valoracions (Config. LATAM)\"}]},{\"@type\":\"WebSite\",\"@id\":\"https:\\\/\\\/addinformatica.com\\\/#website\",\"url\":\"https:\\\/\\\/addinformatica.com\\\/\",\"name\":\"ResiPlus\",\"description\":\"Software de gesti\u00f3n de residencias, centros de d\u00eda y discapacitados | ResiPlus\",\"potentialAction\":[{\"@type\":\"SearchAction\",\"target\":{\"@type\":\"EntryPoint\",\"urlTemplate\":\"https:\\\/\\\/addinformatica.com\\\/?s={search_term_string}\"},\"query-input\":{\"@type\":\"PropertyValueSpecification\",\"valueRequired\":true,\"valueName\":\"search_term_string\"}}],\"inLanguage\":\"ca\"}]}<\/script>\n<!-- \/ Yoast SEO plugin. -->","yoast_head_json":{"title":"Configuraci\u00f3 de Valoracions (Config. LATAM) - ResiPlus","robots":{"index":"index","follow":"follow","max-snippet":"max-snippet:-1","max-image-preview":"max-image-preview:large","max-video-preview":"max-video-preview:-1"},"canonical":"https:\/\/addinformatica.com\/ca\/cursos-formacion\/configuracio-de-valoracions-config-latam-2\/","og_locale":"ca_ES","og_type":"article","og_title":"Configuraci\u00f3 de Valoracions (Config. LATAM) - ResiPlus","og_description":"Contingut: Configuraci\u00f3 de les valoracions dels professionals i vinculaci\u00f3 d&#8217;escales, controls, dades m\u00e8diques i de dietista. Cas pr\u00e0ctic: Configurar les valoracions de Logopeda, vinculant informaci\u00f3 d&#8217;escales, controls i \u00e0rea m\u00e8dica i incloent encap\u00e7alats. Destinataris: Equip T\u00e8cnic. Direcci\u00f3. ID del seminari web: 230-919-987 Usuaris ResiPlus\u00ae &#8211; Inscripci\u00f3 gratuita","og_url":"https:\/\/addinformatica.com\/ca\/cursos-formacion\/configuracio-de-valoracions-config-latam-2\/","og_site_name":"ResiPlus","article_modified_time":"2022-10-25T14:43:45+00:00","og_image":[{"width":400,"height":400,"url":"https:\/\/addinformatica.com\/wp-content\/uploads\/2021\/02\/curso-valoraciones-orange.png","type":"image\/png"}],"twitter_card":"summary_large_image","twitter_misc":{"Temps estimat de lectura":"1 minut"},"schema":{"@context":"https:\/\/schema.org","@graph":[{"@type":"WebPage","@id":"https:\/\/addinformatica.com\/ca\/cursos-formacion\/configuracio-de-valoracions-config-latam-2\/","url":"https:\/\/addinformatica.com\/ca\/cursos-formacion\/configuracio-de-valoracions-config-latam-2\/","name":"Configuraci\u00f3 de Valoracions (Config. LATAM) - ResiPlus","isPartOf":{"@id":"https:\/\/addinformatica.com\/#website"},"primaryImageOfPage":{"@id":"https:\/\/addinformatica.com\/ca\/cursos-formacion\/configuracio-de-valoracions-config-latam-2\/#primaryimage"},"image":{"@id":"https:\/\/addinformatica.com\/ca\/cursos-formacion\/configuracio-de-valoracions-config-latam-2\/#primaryimage"},"thumbnailUrl":"https:\/\/addinformatica.com\/wp-content\/uploads\/2021\/02\/curso-valoraciones-orange.png","datePublished":"2022-10-25T14:42:36+00:00","dateModified":"2022-10-25T14:43:45+00:00","breadcrumb":{"@id":"https:\/\/addinformatica.com\/ca\/cursos-formacion\/configuracio-de-valoracions-config-latam-2\/#breadcrumb"},"inLanguage":"ca","potentialAction":[{"@type":"ReadAction","target":["https:\/\/addinformatica.com\/ca\/cursos-formacion\/configuracio-de-valoracions-config-latam-2\/"]}]},{"@type":"ImageObject","inLanguage":"ca","@id":"https:\/\/addinformatica.com\/ca\/cursos-formacion\/configuracio-de-valoracions-config-latam-2\/#primaryimage","url":"https:\/\/addinformatica.com\/wp-content\/uploads\/2021\/02\/curso-valoraciones-orange.png","contentUrl":"https:\/\/addinformatica.com\/wp-content\/uploads\/2021\/02\/curso-valoraciones-orange.png","width":400,"height":400},{"@type":"BreadcrumbList","@id":"https:\/\/addinformatica.com\/ca\/cursos-formacion\/configuracio-de-valoracions-config-latam-2\/#breadcrumb","itemListElement":[{"@type":"ListItem","position":1,"name":"Portada","item":"https:\/\/addinformatica.com\/ca\/"},{"@type":"ListItem","position":2,"name":"Events","item":"https:\/\/addinformatica.com\/cursos-formacion\/"},{"@type":"ListItem","position":3,"name":"Configuraci\u00f3 de Valoracions (Config. LATAM)"}]},{"@type":"WebSite","@id":"https:\/\/addinformatica.com\/#website","url":"https:\/\/addinformatica.com\/","name":"ResiPlus","description":"Software de gesti\u00f3n de residencias, centros de d\u00eda y discapacitados | ResiPlus","potentialAction":[{"@type":"SearchAction","target":{"@type":"EntryPoint","urlTemplate":"https:\/\/addinformatica.com\/?s={search_term_string}"},"query-input":{"@type":"PropertyValueSpecification","valueRequired":true,"valueName":"search_term_string"}}],"inLanguage":"ca"}]}},"_links":{"self":[{"href":"https:\/\/addinformatica.com\/ca\/wp-json\/wp\/v2\/ajde_events\/28133","targetHints":{"allow":["GET"]}}],"collection":[{"href":"https:\/\/addinformatica.com\/ca\/wp-json\/wp\/v2\/ajde_events"}],"about":[{"href":"https:\/\/addinformatica.com\/ca\/wp-json\/wp\/v2\/types\/ajde_events"}],"author":[{"embeddable":true,"href":"https:\/\/addinformatica.com\/ca\/wp-json\/wp\/v2\/users\/1"}],"replies":[{"embeddable":true,"href":"https:\/\/addinformatica.com\/ca\/wp-json\/wp\/v2\/comments?post=28133"}],"wp:featuredmedia":[{"embeddable":true,"href":"https:\/\/addinformatica.com\/ca\/wp-json\/wp\/v2\/media\/26035"}],"wp:attachment":[{"href":"https:\/\/addinformatica.com\/ca\/wp-json\/wp\/v2\/media?parent=28133"}],"wp:term":[{"taxonomy":"post_tag","embeddable":true,"href":"https:\/\/addinformatica.com\/ca\/wp-json\/wp\/v2\/tags?post=28133"},{"taxonomy":"event_type","embeddable":true,"href":"https:\/\/addinformatica.com\/ca\/wp-json\/wp\/v2\/event_type?post=28133"},{"taxonomy":"event_type_2","embeddable":true,"href":"https:\/\/addinformatica.com\/ca\/wp-json\/wp\/v2\/event_type_2?post=28133"}],"curies":[{"name":"wp","href":"https:\/\/api.w.org\/{rel}","templated":true}]}}

Configuració de Valoracions (Config. LATAM)

<p><strong>Contingut:</strong><br>
Configuració de les valoracions dels professionals i vinculació d&#8217;escales, controls, dades mèdiques i de dietista. </p>
<p><strong>Cas pràctic:</strong><br>
Configurar les valoracions de Logopeda, vinculant informació d&#8217;escales, controls i àrea mèdica i incloent encapçalats.</p>
<p><strong>Destinataris:</strong><br>
Equip Tècnic. Direcció.</p>
<p><strong>ID del seminari web:</strong> 230-919-987</p>
<p><strong>Usuaris ResiPlus<sup>®</sup> &#8211; Inscripció gratuita</strong></p>


<a href="https://attendee.gotowebinar.com/register/3311721752564928267" target="_blank" class="button primary" rel="noopener" style="border-radius:99px;">
		<span>INSCRIGUI</span>
	</a>

<!-- This site is optimized with the Yoast SEO plugin v27.4 - https://yoast.com/product/yoast-seo-wordpress/ -->
<title>Configuració de Valoracions (Config. LATAM) - ResiPlus</title>
<meta name="robots" content="index, follow, max-snippet:-1, max-image-preview:large, max-video-preview:-1" />
<link rel="canonical" href="https://addinformatica.com/ca/cursos-formacion/configuracio-de-valoracions-config-latam-2/" />
<meta property="og:locale" content="ca_ES" />
<meta property="og:type" content="article" />
<meta property="og:title" content="Configuració de Valoracions (Config. LATAM) - ResiPlus" />
<meta property="og:description" content="Contingut: Configuració de les valoracions dels professionals i vinculació d&#8217;escales, controls, dades mèdiques i de dietista. Cas pràctic: Configurar les valoracions de Logopeda, vinculant informació d&#8217;escales, controls i àrea mèdica i incloent encapçalats. Destinataris: Equip Tècnic. Direcció. ID del seminari web: 230-919-987 Usuaris ResiPlus® &#8211; Inscripció gratuita" />
<meta property="og:url" content="https://addinformatica.com/ca/cursos-formacion/configuracio-de-valoracions-config-latam-2/" />
<meta property="og:site_name" content="ResiPlus" />
<meta property="article:modified_time" content="2022-10-25T14:43:45+00:00" />
<meta property="og:image" content="https://addinformatica.com/wp-content/uploads/2021/02/curso-valoraciones-orange.png" />
	<meta property="og:image:width" content="400" />
	<meta property="og:image:height" content="400" />
	<meta property="og:image:type" content="image/png" />
<meta name="twitter:card" content="summary_large_image" />
<meta name="twitter:label1" content="Temps estimat de lectura" />
	<meta name="twitter:data1" content="1 minut" />
<script type="application/ld+json" class="yoast-schema-graph">{"@context":"https:\/\/schema.org","@graph":[{"@type":"WebPage","@id":"https:\/\/addinformatica.com\/ca\/cursos-formacion\/configuracio-de-valoracions-config-latam-2\/","url":"https:\/\/addinformatica.com\/ca\/cursos-formacion\/configuracio-de-valoracions-config-latam-2\/","name":"Configuració de Valoracions (Config. LATAM) - ResiPlus","isPartOf":{"@id":"https:\/\/addinformatica.com\/#website"},"primaryImageOfPage":{"@id":"https:\/\/addinformatica.com\/ca\/cursos-formacion\/configuracio-de-valoracions-config-latam-2\/#primaryimage"},"image":{"@id":"https:\/\/addinformatica.com\/ca\/cursos-formacion\/configuracio-de-valoracions-config-latam-2\/#primaryimage"},"thumbnailUrl":"https:\/\/addinformatica.com\/wp-content\/uploads\/2021\/02\/curso-valoraciones-orange.png","datePublished":"2022-10-25T14:42:36+00:00","dateModified":"2022-10-25T14:43:45+00:00","breadcrumb":{"@id":"https:\/\/addinformatica.com\/ca\/cursos-formacion\/configuracio-de-valoracions-config-latam-2\/#breadcrumb"},"inLanguage":"ca","potentialAction":[{"@type":"ReadAction","target":["https:\/\/addinformatica.com\/ca\/cursos-formacion\/configuracio-de-valoracions-config-latam-2\/"]}]},{"@type":"ImageObject","inLanguage":"ca","@id":"https:\/\/addinformatica.com\/ca\/cursos-formacion\/configuracio-de-valoracions-config-latam-2\/#primaryimage","url":"https:\/\/addinformatica.com\/wp-content\/uploads\/2021\/02\/curso-valoraciones-orange.png","contentUrl":"https:\/\/addinformatica.com\/wp-content\/uploads\/2021\/02\/curso-valoraciones-orange.png","width":400,"height":400},{"@type":"BreadcrumbList","@id":"https:\/\/addinformatica.com\/ca\/cursos-formacion\/configuracio-de-valoracions-config-latam-2\/#breadcrumb","itemListElement":[{"@type":"ListItem","position":1,"name":"Portada","item":"https:\/\/addinformatica.com\/ca\/"},{"@type":"ListItem","position":2,"name":"Events","item":"https:\/\/addinformatica.com\/cursos-formacion\/"},{"@type":"ListItem","position":3,"name":"Configuració de Valoracions (Config. LATAM)"}]},{"@type":"WebSite","@id":"https:\/\/addinformatica.com\/#website","url":"https:\/\/addinformatica.com\/","name":"ResiPlus","description":"Software de gestión de residencias, centros de día y discapacitados | ResiPlus","potentialAction":[{"@type":"SearchAction","target":{"@type":"EntryPoint","urlTemplate":"https:\/\/addinformatica.com\/?s={search_term_string}"},"query-input":{"@type":"PropertyValueSpecification","valueRequired":true,"valueName":"search_term_string"}}],"inLanguage":"ca"}]}</script>
<!-- / Yoast SEO plugin. -->

Configuració de Valoracions (Config. LATAM) - ResiPlus

Contingut: Configuració de les valoracions dels professionals i vinculació d&#8217;escales, controls, dades mèdiques i de dietista. Cas pràctic: Configurar les valoracions de Logopeda, vinculant informació d&#8217;escales, controls i àrea mèdica i incloent encapçalats. Destinataris: Equip Tècnic. Direcció. ID del seminari web: 230-919-987 Usuaris ResiPlus® &#8211; Inscripció gratuita

Software de gestión de residencias, centros de día y discapacitados | ResiPlus
