{"id":27301,"date":"2022-05-24T13:59:19","date_gmt":"2022-05-24T13:59:19","guid":{"rendered":"https:\/\/www.addinformatica.com\/cursos-formacion\/atencion-centrada-en-la-persona-en-servicios-de-salud-mental\/"},"modified":"2022-05-24T14:01:21","modified_gmt":"2022-05-24T14:01:21","slug":"atencio-centrada-en-la-persona-en-serveis-de-salut-mental","status":"publish","type":"ajde_events","link":"https:\/\/addinformatica.com\/ca\/cursos-formacion\/atencio-centrada-en-la-persona-en-serveis-de-salut-mental\/","title":{"rendered":"Atenci\u00f3 centrada en la persona en serveis de Salut Mental"},"content":{"rendered":"<p><strong>Contingut:<\/strong><br>\nParlarem amb Ana Casta\u00f1o i la seva experi\u00e8ncia en l&#8217;atenci\u00f3 centrada en la persona en serveis de salut mental. &#8220;La atenci\u00f3 a les persones diagnosticades de malaltia mental greu i perllongada s\u00f3n l&#8217;objecte de la nostra cura. Actuem all\u00e0 on sorgeix el problema, acompanyant les persones a millorar en el seu projecte vital, a crear i assolir un objectiu a les seves vides, a tenir el que haur\u00edem de tenir tots: un motiu per aixecar-nos cada mat\u00ed. Aix\u00f2 com es fa? Des que comencem aquesta nova forma de treball en salut mental deixem de fer-ho centrats a la bata blanca i a l&#8217;hospital, i passem a centrar-nos en les persones i com a lloc de treball triem el lloc on viuen les persones amb malaltia mental. Creiem que aix\u00ed hem guanyat en qualitat de vida&#8221;.<\/p>\n<p><strong>Ponent:<\/strong><br>\nAna&nbsp;Casta\u00f1o Villarroel es infermera i treballa a la UFAC, unitat funcional que es dedica a brindar cures especialitzades en salut mental fora de les parets de l&#8217;hospital.<\/p>\n<p><strong>Destinataris:<\/strong><br>\nProfessionals del sector socio-sanitari.<\/p>\n<p><strong>ID del seminari web:<\/strong> 346-180-675<\/p>\n<p><strong>Usuaris ResiPlus<sup>\u00ae<\/sup> &#8211; Inscripci\u00f3 gratuita<\/strong><\/p>\n\n\n<a href=\"https:\/\/attendee.gotowebinar.com\/register\/1869917858249528587\" target=\"_blank\" class=\"button primary\" rel=\"noopener\" style=\"border-radius:99px;\">\n\t\t<span>INSCRIGUI<\/span>\n\t<\/a>\n\n","protected":false},"author":1,"featured_media":26978,"menu_order":0,"comment_status":"closed","ping_status":"closed","template":"","meta":{"_acf_changed":false},"tags":[],"event_type":[],"event_type_2":[],"class_list":["post-27301","ajde_events","type-ajde_events","status-publish","has-post-thumbnail","hentry"],"acf":[],"yoast_head":"<!-- This site is optimized with the Yoast SEO plugin v27.4 - https:\/\/yoast.com\/product\/yoast-seo-wordpress\/ -->\n<title>Atenci\u00f3 centrada en la persona en serveis de Salut Mental - ResiPlus<\/title>\n<meta name=\"robots\" content=\"index, follow, max-snippet:-1, max-image-preview:large, max-video-preview:-1\" \/>\n<link rel=\"canonical\" href=\"https:\/\/addinformatica.com\/ca\/cursos-formacion\/atencio-centrada-en-la-persona-en-serveis-de-salut-mental\/\" \/>\n<meta property=\"og:locale\" content=\"ca_ES\" \/>\n<meta property=\"og:type\" content=\"article\" \/>\n<meta property=\"og:title\" content=\"Atenci\u00f3 centrada en la persona en serveis de Salut Mental - ResiPlus\" \/>\n<meta property=\"og:description\" content=\"Contingut: Parlarem amb Ana Casta\u00f1o i la seva experi\u00e8ncia en l&#8217;atenci\u00f3 centrada en la persona en serveis de salut mental. &#8220;La atenci\u00f3 a les persones diagnosticades de malaltia mental greu i perllongada s\u00f3n l&#8217;objecte de la nostra cura. Actuem all\u00e0 on sorgeix el problema, acompanyant les persones a millorar en el seu projecte vital, a [...]\" \/>\n<meta property=\"og:url\" content=\"https:\/\/addinformatica.com\/ca\/cursos-formacion\/atencio-centrada-en-la-persona-en-serveis-de-salut-mental\/\" \/>\n<meta property=\"og:site_name\" content=\"ResiPlus\" \/>\n<meta property=\"article:modified_time\" content=\"2022-05-24T14:01:21+00:00\" \/>\n<meta property=\"og:image\" content=\"https:\/\/addinformatica.com\/wp-content\/uploads\/2021\/02\/curso-personal-orange.gif\" \/>\n\t<meta property=\"og:image:width\" content=\"400\" \/>\n\t<meta property=\"og:image:height\" content=\"400\" \/>\n\t<meta property=\"og:image:type\" content=\"image\/gif\" \/>\n<meta name=\"twitter:card\" content=\"summary_large_image\" \/>\n<meta name=\"twitter:label1\" content=\"Temps estimat de lectura\" \/>\n\t<meta name=\"twitter:data1\" content=\"1 minut\" \/>\n<script type=\"application\/ld+json\" class=\"yoast-schema-graph\">{\"@context\":\"https:\\\/\\\/schema.org\",\"@graph\":[{\"@type\":\"WebPage\",\"@id\":\"https:\\\/\\\/addinformatica.com\\\/ca\\\/cursos-formacion\\\/atencio-centrada-en-la-persona-en-serveis-de-salut-mental\\\/\",\"url\":\"https:\\\/\\\/addinformatica.com\\\/ca\\\/cursos-formacion\\\/atencio-centrada-en-la-persona-en-serveis-de-salut-mental\\\/\",\"name\":\"Atenci\u00f3 centrada en la persona en serveis de Salut Mental - ResiPlus\",\"isPartOf\":{\"@id\":\"https:\\\/\\\/addinformatica.com\\\/#website\"},\"primaryImageOfPage\":{\"@id\":\"https:\\\/\\\/addinformatica.com\\\/ca\\\/cursos-formacion\\\/atencio-centrada-en-la-persona-en-serveis-de-salut-mental\\\/#primaryimage\"},\"image\":{\"@id\":\"https:\\\/\\\/addinformatica.com\\\/ca\\\/cursos-formacion\\\/atencio-centrada-en-la-persona-en-serveis-de-salut-mental\\\/#primaryimage\"},\"thumbnailUrl\":\"https:\\\/\\\/addinformatica.com\\\/wp-content\\\/uploads\\\/2021\\\/02\\\/curso-personal-orange.gif\",\"datePublished\":\"2022-05-24T13:59:19+00:00\",\"dateModified\":\"2022-05-24T14:01:21+00:00\",\"breadcrumb\":{\"@id\":\"https:\\\/\\\/addinformatica.com\\\/ca\\\/cursos-formacion\\\/atencio-centrada-en-la-persona-en-serveis-de-salut-mental\\\/#breadcrumb\"},\"inLanguage\":\"ca\",\"potentialAction\":[{\"@type\":\"ReadAction\",\"target\":[\"https:\\\/\\\/addinformatica.com\\\/ca\\\/cursos-formacion\\\/atencio-centrada-en-la-persona-en-serveis-de-salut-mental\\\/\"]}]},{\"@type\":\"ImageObject\",\"inLanguage\":\"ca\",\"@id\":\"https:\\\/\\\/addinformatica.com\\\/ca\\\/cursos-formacion\\\/atencio-centrada-en-la-persona-en-serveis-de-salut-mental\\\/#primaryimage\",\"url\":\"https:\\\/\\\/addinformatica.com\\\/wp-content\\\/uploads\\\/2021\\\/02\\\/curso-personal-orange.gif\",\"contentUrl\":\"https:\\\/\\\/addinformatica.com\\\/wp-content\\\/uploads\\\/2021\\\/02\\\/curso-personal-orange.gif\",\"width\":400,\"height\":400},{\"@type\":\"BreadcrumbList\",\"@id\":\"https:\\\/\\\/addinformatica.com\\\/ca\\\/cursos-formacion\\\/atencio-centrada-en-la-persona-en-serveis-de-salut-mental\\\/#breadcrumb\",\"itemListElement\":[{\"@type\":\"ListItem\",\"position\":1,\"name\":\"Portada\",\"item\":\"https:\\\/\\\/addinformatica.com\\\/ca\\\/\"},{\"@type\":\"ListItem\",\"position\":2,\"name\":\"Events\",\"item\":\"https:\\\/\\\/addinformatica.com\\\/cursos-formacion\\\/\"},{\"@type\":\"ListItem\",\"position\":3,\"name\":\"Atenci\u00f3 centrada en la persona en serveis de Salut Mental\"}]},{\"@type\":\"WebSite\",\"@id\":\"https:\\\/\\\/addinformatica.com\\\/#website\",\"url\":\"https:\\\/\\\/addinformatica.com\\\/\",\"name\":\"ResiPlus\",\"description\":\"Software de gesti\u00f3n de residencias, centros de d\u00eda y discapacitados | ResiPlus\",\"potentialAction\":[{\"@type\":\"SearchAction\",\"target\":{\"@type\":\"EntryPoint\",\"urlTemplate\":\"https:\\\/\\\/addinformatica.com\\\/?s={search_term_string}\"},\"query-input\":{\"@type\":\"PropertyValueSpecification\",\"valueRequired\":true,\"valueName\":\"search_term_string\"}}],\"inLanguage\":\"ca\"}]}<\/script>\n<!-- \/ Yoast SEO plugin. -->","yoast_head_json":{"title":"Atenci\u00f3 centrada en la persona en serveis de Salut Mental - ResiPlus","robots":{"index":"index","follow":"follow","max-snippet":"max-snippet:-1","max-image-preview":"max-image-preview:large","max-video-preview":"max-video-preview:-1"},"canonical":"https:\/\/addinformatica.com\/ca\/cursos-formacion\/atencio-centrada-en-la-persona-en-serveis-de-salut-mental\/","og_locale":"ca_ES","og_type":"article","og_title":"Atenci\u00f3 centrada en la persona en serveis de Salut Mental - ResiPlus","og_description":"Contingut: Parlarem amb Ana Casta\u00f1o i la seva experi\u00e8ncia en l&#8217;atenci\u00f3 centrada en la persona en serveis de salut mental. &#8220;La atenci\u00f3 a les persones diagnosticades de malaltia mental greu i perllongada s\u00f3n l&#8217;objecte de la nostra cura. Actuem all\u00e0 on sorgeix el problema, acompanyant les persones a millorar en el seu projecte vital, a [...]","og_url":"https:\/\/addinformatica.com\/ca\/cursos-formacion\/atencio-centrada-en-la-persona-en-serveis-de-salut-mental\/","og_site_name":"ResiPlus","article_modified_time":"2022-05-24T14:01:21+00:00","og_image":[{"width":400,"height":400,"url":"https:\/\/addinformatica.com\/wp-content\/uploads\/2021\/02\/curso-personal-orange.gif","type":"image\/gif"}],"twitter_card":"summary_large_image","twitter_misc":{"Temps estimat de lectura":"1 minut"},"schema":{"@context":"https:\/\/schema.org","@graph":[{"@type":"WebPage","@id":"https:\/\/addinformatica.com\/ca\/cursos-formacion\/atencio-centrada-en-la-persona-en-serveis-de-salut-mental\/","url":"https:\/\/addinformatica.com\/ca\/cursos-formacion\/atencio-centrada-en-la-persona-en-serveis-de-salut-mental\/","name":"Atenci\u00f3 centrada en la persona en serveis de Salut Mental - ResiPlus","isPartOf":{"@id":"https:\/\/addinformatica.com\/#website"},"primaryImageOfPage":{"@id":"https:\/\/addinformatica.com\/ca\/cursos-formacion\/atencio-centrada-en-la-persona-en-serveis-de-salut-mental\/#primaryimage"},"image":{"@id":"https:\/\/addinformatica.com\/ca\/cursos-formacion\/atencio-centrada-en-la-persona-en-serveis-de-salut-mental\/#primaryimage"},"thumbnailUrl":"https:\/\/addinformatica.com\/wp-content\/uploads\/2021\/02\/curso-personal-orange.gif","datePublished":"2022-05-24T13:59:19+00:00","dateModified":"2022-05-24T14:01:21+00:00","breadcrumb":{"@id":"https:\/\/addinformatica.com\/ca\/cursos-formacion\/atencio-centrada-en-la-persona-en-serveis-de-salut-mental\/#breadcrumb"},"inLanguage":"ca","potentialAction":[{"@type":"ReadAction","target":["https:\/\/addinformatica.com\/ca\/cursos-formacion\/atencio-centrada-en-la-persona-en-serveis-de-salut-mental\/"]}]},{"@type":"ImageObject","inLanguage":"ca","@id":"https:\/\/addinformatica.com\/ca\/cursos-formacion\/atencio-centrada-en-la-persona-en-serveis-de-salut-mental\/#primaryimage","url":"https:\/\/addinformatica.com\/wp-content\/uploads\/2021\/02\/curso-personal-orange.gif","contentUrl":"https:\/\/addinformatica.com\/wp-content\/uploads\/2021\/02\/curso-personal-orange.gif","width":400,"height":400},{"@type":"BreadcrumbList","@id":"https:\/\/addinformatica.com\/ca\/cursos-formacion\/atencio-centrada-en-la-persona-en-serveis-de-salut-mental\/#breadcrumb","itemListElement":[{"@type":"ListItem","position":1,"name":"Portada","item":"https:\/\/addinformatica.com\/ca\/"},{"@type":"ListItem","position":2,"name":"Events","item":"https:\/\/addinformatica.com\/cursos-formacion\/"},{"@type":"ListItem","position":3,"name":"Atenci\u00f3 centrada en la persona en serveis de Salut Mental"}]},{"@type":"WebSite","@id":"https:\/\/addinformatica.com\/#website","url":"https:\/\/addinformatica.com\/","name":"ResiPlus","description":"Software de gesti\u00f3n de residencias, centros de d\u00eda y discapacitados | ResiPlus","potentialAction":[{"@type":"SearchAction","target":{"@type":"EntryPoint","urlTemplate":"https:\/\/addinformatica.com\/?s={search_term_string}"},"query-input":{"@type":"PropertyValueSpecification","valueRequired":true,"valueName":"search_term_string"}}],"inLanguage":"ca"}]}},"_links":{"self":[{"href":"https:\/\/addinformatica.com\/ca\/wp-json\/wp\/v2\/ajde_events\/27301","targetHints":{"allow":["GET"]}}],"collection":[{"href":"https:\/\/addinformatica.com\/ca\/wp-json\/wp\/v2\/ajde_events"}],"about":[{"href":"https:\/\/addinformatica.com\/ca\/wp-json\/wp\/v2\/types\/ajde_events"}],"author":[{"embeddable":true,"href":"https:\/\/addinformatica.com\/ca\/wp-json\/wp\/v2\/users\/1"}],"replies":[{"embeddable":true,"href":"https:\/\/addinformatica.com\/ca\/wp-json\/wp\/v2\/comments?post=27301"}],"wp:featuredmedia":[{"embeddable":true,"href":"https:\/\/addinformatica.com\/ca\/wp-json\/wp\/v2\/media\/26978"}],"wp:attachment":[{"href":"https:\/\/addinformatica.com\/ca\/wp-json\/wp\/v2\/media?parent=27301"}],"wp:term":[{"taxonomy":"post_tag","embeddable":true,"href":"https:\/\/addinformatica.com\/ca\/wp-json\/wp\/v2\/tags?post=27301"},{"taxonomy":"event_type","embeddable":true,"href":"https:\/\/addinformatica.com\/ca\/wp-json\/wp\/v2\/event_type?post=27301"},{"taxonomy":"event_type_2","embeddable":true,"href":"https:\/\/addinformatica.com\/ca\/wp-json\/wp\/v2\/event_type_2?post=27301"}],"curies":[{"name":"wp","href":"https:\/\/api.w.org\/{rel}","templated":true}]}}

Atenció centrada en la persona en serveis de Salut Mental

<p><strong>Contingut:</strong><br>
Parlarem amb Ana Castaño i la seva experiència en l&#8217;atenció centrada en la persona en serveis de salut mental. &#8220;La atenció a les persones diagnosticades de malaltia mental greu i perllongada són l&#8217;objecte de la nostra cura. Actuem allà on sorgeix el problema, acompanyant les persones a millorar en el seu projecte vital, a crear i assolir un objectiu a les seves vides, a tenir el que hauríem de tenir tots: un motiu per aixecar-nos cada matí. Això com es fa? Des que comencem aquesta nova forma de treball en salut mental deixem de fer-ho centrats a la bata blanca i a l&#8217;hospital, i passem a centrar-nos en les persones i com a lloc de treball triem el lloc on viuen les persones amb malaltia mental. Creiem que així hem guanyat en qualitat de vida&#8221;.</p>
<p><strong>Ponent:</strong><br>
Ana&nbsp;Castaño Villarroel es infermera i treballa a la UFAC, unitat funcional que es dedica a brindar cures especialitzades en salut mental fora de les parets de l&#8217;hospital.</p>
<p><strong>Destinataris:</strong><br>
Professionals del sector socio-sanitari.</p>
<p><strong>ID del seminari web:</strong> 346-180-675</p>
<p><strong>Usuaris ResiPlus<sup>®</sup> &#8211; Inscripció gratuita</strong></p>


<a href="https://attendee.gotowebinar.com/register/1869917858249528587" target="_blank" class="button primary" rel="noopener" style="border-radius:99px;">
		<span>INSCRIGUI</span>
	</a>

<!-- This site is optimized with the Yoast SEO plugin v27.4 - https://yoast.com/product/yoast-seo-wordpress/ -->
<title>Atenció centrada en la persona en serveis de Salut Mental - ResiPlus</title>
<meta name="robots" content="index, follow, max-snippet:-1, max-image-preview:large, max-video-preview:-1" />
<link rel="canonical" href="https://addinformatica.com/ca/cursos-formacion/atencio-centrada-en-la-persona-en-serveis-de-salut-mental/" />
<meta property="og:locale" content="ca_ES" />
<meta property="og:type" content="article" />
<meta property="og:title" content="Atenció centrada en la persona en serveis de Salut Mental - ResiPlus" />
<meta property="og:description" content="Contingut: Parlarem amb Ana Castaño i la seva experiència en l&#8217;atenció centrada en la persona en serveis de salut mental. &#8220;La atenció a les persones diagnosticades de malaltia mental greu i perllongada són l&#8217;objecte de la nostra cura. Actuem allà on sorgeix el problema, acompanyant les persones a millorar en el seu projecte vital, a [...]" />
<meta property="og:url" content="https://addinformatica.com/ca/cursos-formacion/atencio-centrada-en-la-persona-en-serveis-de-salut-mental/" />
<meta property="og:site_name" content="ResiPlus" />
<meta property="article:modified_time" content="2022-05-24T14:01:21+00:00" />
<meta property="og:image" content="https://addinformatica.com/wp-content/uploads/2021/02/curso-personal-orange.gif" />
	<meta property="og:image:width" content="400" />
	<meta property="og:image:height" content="400" />
	<meta property="og:image:type" content="image/gif" />
<meta name="twitter:card" content="summary_large_image" />
<meta name="twitter:label1" content="Temps estimat de lectura" />
	<meta name="twitter:data1" content="1 minut" />
<script type="application/ld+json" class="yoast-schema-graph">{"@context":"https:\/\/schema.org","@graph":[{"@type":"WebPage","@id":"https:\/\/addinformatica.com\/ca\/cursos-formacion\/atencio-centrada-en-la-persona-en-serveis-de-salut-mental\/","url":"https:\/\/addinformatica.com\/ca\/cursos-formacion\/atencio-centrada-en-la-persona-en-serveis-de-salut-mental\/","name":"Atenció centrada en la persona en serveis de Salut Mental - ResiPlus","isPartOf":{"@id":"https:\/\/addinformatica.com\/#website"},"primaryImageOfPage":{"@id":"https:\/\/addinformatica.com\/ca\/cursos-formacion\/atencio-centrada-en-la-persona-en-serveis-de-salut-mental\/#primaryimage"},"image":{"@id":"https:\/\/addinformatica.com\/ca\/cursos-formacion\/atencio-centrada-en-la-persona-en-serveis-de-salut-mental\/#primaryimage"},"thumbnailUrl":"https:\/\/addinformatica.com\/wp-content\/uploads\/2021\/02\/curso-personal-orange.gif","datePublished":"2022-05-24T13:59:19+00:00","dateModified":"2022-05-24T14:01:21+00:00","breadcrumb":{"@id":"https:\/\/addinformatica.com\/ca\/cursos-formacion\/atencio-centrada-en-la-persona-en-serveis-de-salut-mental\/#breadcrumb"},"inLanguage":"ca","potentialAction":[{"@type":"ReadAction","target":["https:\/\/addinformatica.com\/ca\/cursos-formacion\/atencio-centrada-en-la-persona-en-serveis-de-salut-mental\/"]}]},{"@type":"ImageObject","inLanguage":"ca","@id":"https:\/\/addinformatica.com\/ca\/cursos-formacion\/atencio-centrada-en-la-persona-en-serveis-de-salut-mental\/#primaryimage","url":"https:\/\/addinformatica.com\/wp-content\/uploads\/2021\/02\/curso-personal-orange.gif","contentUrl":"https:\/\/addinformatica.com\/wp-content\/uploads\/2021\/02\/curso-personal-orange.gif","width":400,"height":400},{"@type":"BreadcrumbList","@id":"https:\/\/addinformatica.com\/ca\/cursos-formacion\/atencio-centrada-en-la-persona-en-serveis-de-salut-mental\/#breadcrumb","itemListElement":[{"@type":"ListItem","position":1,"name":"Portada","item":"https:\/\/addinformatica.com\/ca\/"},{"@type":"ListItem","position":2,"name":"Events","item":"https:\/\/addinformatica.com\/cursos-formacion\/"},{"@type":"ListItem","position":3,"name":"Atenció centrada en la persona en serveis de Salut Mental"}]},{"@type":"WebSite","@id":"https:\/\/addinformatica.com\/#website","url":"https:\/\/addinformatica.com\/","name":"ResiPlus","description":"Software de gestión de residencias, centros de día y discapacitados | ResiPlus","potentialAction":[{"@type":"SearchAction","target":{"@type":"EntryPoint","urlTemplate":"https:\/\/addinformatica.com\/?s={search_term_string}"},"query-input":{"@type":"PropertyValueSpecification","valueRequired":true,"valueName":"search_term_string"}}],"inLanguage":"ca"}]}</script>
<!-- / Yoast SEO plugin. -->

Atenció centrada en la persona en serveis de Salut Mental - ResiPlus

Contingut: Parlarem amb Ana Castaño i la seva experiència en l&#8217;atenció centrada en la persona en serveis de salut mental. &#8220;La atenció a les persones diagnosticades de malaltia mental greu i perllongada són l&#8217;objecte de la nostra cura. Actuem allà on sorgeix el problema, acompanyant les persones a millorar en el seu projecte vital, a [...]

Software de gestión de residencias, centros de día y discapacitados | ResiPlus
