{"id":26253,"date":"2021-10-27T08:28:03","date_gmt":"2021-10-27T08:28:03","guid":{"rendered":"https:\/\/www.addinformatica.com\/cursos-formacion\/patologias-alergias-y-antecedecentes\/"},"modified":"2021-10-27T08:31:58","modified_gmt":"2021-10-27T08:31:58","slug":"patologies-allergies-i-antecedents","status":"publish","type":"ajde_events","link":"https:\/\/addinformatica.com\/ca\/cursos-formacion\/patologies-allergies-i-antecedents\/","title":{"rendered":"Patologies, Al\u00b7l\u00e8rgies i Antecedents"},"content":{"rendered":"<p><strong>Contingut:<\/strong><br>\nMostrarem com donar d&#8217;alta patologies, al\u00b7l\u00e8rgies i antecedents per a poder incloure-les en la fitxa d&#8217;un resident. Mostrarem les diferents opcions de configuraci\u00f3 d&#8217;al\u00b7l\u00e8rgies. Nivell de coneixement de&nbsp;ResiPlus\u00ae: B\u00c0SIC<\/p>\n<p><strong>Cas pr\u00e0ctic:<\/strong><br>\nIndicarem en la fitxa d&#8217;un resident que t\u00e9 una al\u00b7l\u00e8rgia aliment\u00e0ria i una al\u00b7l\u00e8rgia a un medicament.<\/p>\n<p><strong>Destinataris:<\/strong><br>\nMetges i Infermeria.<\/p>\n<p><strong>ID del seminario web:<\/strong> 954-678-907<\/p>\n<p><strong>Usuaris ResiPlus<sup>\u00ae<\/sup> &#8211; Inscripci\u00f3 gratuita<\/strong><\/p>\n\n\n<a href=\"https:\/\/attendee.gotowebinar.com\/register\/2415126087454947343\" target=\"_blank\" class=\"button primary\" rel=\"noopener\" style=\"border-radius:99px;\">\n\t\t<span>INSCRIGUI<\/span>\n\t<\/a>\n\n","protected":false},"author":1,"featured_media":26252,"menu_order":0,"comment_status":"closed","ping_status":"closed","template":"","meta":{"_acf_changed":false},"tags":[],"event_type":[],"event_type_2":[],"class_list":["post-26253","ajde_events","type-ajde_events","status-publish","has-post-thumbnail","hentry"],"acf":[],"yoast_head":"<!-- This site is optimized with the Yoast SEO plugin v27.4 - https:\/\/yoast.com\/product\/yoast-seo-wordpress\/ -->\n<title>Patologies, Al\u00b7l\u00e8rgies i Antecedents - ResiPlus<\/title>\n<meta name=\"robots\" content=\"index, follow, max-snippet:-1, max-image-preview:large, max-video-preview:-1\" \/>\n<link rel=\"canonical\" href=\"https:\/\/addinformatica.com\/ca\/cursos-formacion\/patologies-allergies-i-antecedents\/\" \/>\n<meta property=\"og:locale\" content=\"ca_ES\" \/>\n<meta property=\"og:type\" content=\"article\" \/>\n<meta property=\"og:title\" content=\"Patologies, Al\u00b7l\u00e8rgies i Antecedents - ResiPlus\" \/>\n<meta property=\"og:description\" content=\"Contingut: Mostrarem com donar d&#8217;alta patologies, al\u00b7l\u00e8rgies i antecedents per a poder incloure-les en la fitxa d&#8217;un resident. Mostrarem les diferents opcions de configuraci\u00f3 d&#8217;al\u00b7l\u00e8rgies. Nivell de coneixement de&nbsp;ResiPlus\u00ae: B\u00c0SIC Cas pr\u00e0ctic: Indicarem en la fitxa d&#8217;un resident que t\u00e9 una al\u00b7l\u00e8rgia aliment\u00e0ria i una al\u00b7l\u00e8rgia a un medicament. Destinataris: Metges i Infermeria. ID del [...]\" \/>\n<meta property=\"og:url\" content=\"https:\/\/addinformatica.com\/ca\/cursos-formacion\/patologies-allergies-i-antecedents\/\" \/>\n<meta property=\"og:site_name\" content=\"ResiPlus\" \/>\n<meta property=\"article:modified_time\" content=\"2021-10-27T08:31:58+00:00\" \/>\n<meta property=\"og:image\" content=\"https:\/\/addinformatica.com\/wp-content\/uploads\/2021\/10\/curso-alergias-orane.png\" \/>\n\t<meta property=\"og:image:width\" content=\"400\" \/>\n\t<meta property=\"og:image:height\" content=\"400\" \/>\n\t<meta property=\"og:image:type\" content=\"image\/png\" \/>\n<meta name=\"twitter:card\" content=\"summary_large_image\" \/>\n<meta name=\"twitter:label1\" content=\"Temps estimat de lectura\" \/>\n\t<meta name=\"twitter:data1\" content=\"1 minut\" \/>\n<script type=\"application\/ld+json\" class=\"yoast-schema-graph\">{\"@context\":\"https:\\\/\\\/schema.org\",\"@graph\":[{\"@type\":\"WebPage\",\"@id\":\"https:\\\/\\\/addinformatica.com\\\/ca\\\/cursos-formacion\\\/patologies-allergies-i-antecedents\\\/\",\"url\":\"https:\\\/\\\/addinformatica.com\\\/ca\\\/cursos-formacion\\\/patologies-allergies-i-antecedents\\\/\",\"name\":\"Patologies, Al\u00b7l\u00e8rgies i Antecedents - ResiPlus\",\"isPartOf\":{\"@id\":\"https:\\\/\\\/addinformatica.com\\\/#website\"},\"primaryImageOfPage\":{\"@id\":\"https:\\\/\\\/addinformatica.com\\\/ca\\\/cursos-formacion\\\/patologies-allergies-i-antecedents\\\/#primaryimage\"},\"image\":{\"@id\":\"https:\\\/\\\/addinformatica.com\\\/ca\\\/cursos-formacion\\\/patologies-allergies-i-antecedents\\\/#primaryimage\"},\"thumbnailUrl\":\"https:\\\/\\\/addinformatica.com\\\/wp-content\\\/uploads\\\/2021\\\/10\\\/curso-alergias-orane.png\",\"datePublished\":\"2021-10-27T08:28:03+00:00\",\"dateModified\":\"2021-10-27T08:31:58+00:00\",\"breadcrumb\":{\"@id\":\"https:\\\/\\\/addinformatica.com\\\/ca\\\/cursos-formacion\\\/patologies-allergies-i-antecedents\\\/#breadcrumb\"},\"inLanguage\":\"ca\",\"potentialAction\":[{\"@type\":\"ReadAction\",\"target\":[\"https:\\\/\\\/addinformatica.com\\\/ca\\\/cursos-formacion\\\/patologies-allergies-i-antecedents\\\/\"]}]},{\"@type\":\"ImageObject\",\"inLanguage\":\"ca\",\"@id\":\"https:\\\/\\\/addinformatica.com\\\/ca\\\/cursos-formacion\\\/patologies-allergies-i-antecedents\\\/#primaryimage\",\"url\":\"https:\\\/\\\/addinformatica.com\\\/wp-content\\\/uploads\\\/2021\\\/10\\\/curso-alergias-orane.png\",\"contentUrl\":\"https:\\\/\\\/addinformatica.com\\\/wp-content\\\/uploads\\\/2021\\\/10\\\/curso-alergias-orane.png\",\"width\":400,\"height\":400},{\"@type\":\"BreadcrumbList\",\"@id\":\"https:\\\/\\\/addinformatica.com\\\/ca\\\/cursos-formacion\\\/patologies-allergies-i-antecedents\\\/#breadcrumb\",\"itemListElement\":[{\"@type\":\"ListItem\",\"position\":1,\"name\":\"Portada\",\"item\":\"https:\\\/\\\/addinformatica.com\\\/ca\\\/\"},{\"@type\":\"ListItem\",\"position\":2,\"name\":\"Events\",\"item\":\"https:\\\/\\\/addinformatica.com\\\/cursos-formacion\\\/\"},{\"@type\":\"ListItem\",\"position\":3,\"name\":\"Patologies, Al\u00b7l\u00e8rgies i Antecedents\"}]},{\"@type\":\"WebSite\",\"@id\":\"https:\\\/\\\/addinformatica.com\\\/#website\",\"url\":\"https:\\\/\\\/addinformatica.com\\\/\",\"name\":\"ResiPlus\",\"description\":\"Software de gesti\u00f3n de residencias, centros de d\u00eda y discapacitados | ResiPlus\",\"potentialAction\":[{\"@type\":\"SearchAction\",\"target\":{\"@type\":\"EntryPoint\",\"urlTemplate\":\"https:\\\/\\\/addinformatica.com\\\/?s={search_term_string}\"},\"query-input\":{\"@type\":\"PropertyValueSpecification\",\"valueRequired\":true,\"valueName\":\"search_term_string\"}}],\"inLanguage\":\"ca\"}]}<\/script>\n<!-- \/ Yoast SEO plugin. -->","yoast_head_json":{"title":"Patologies, Al\u00b7l\u00e8rgies i Antecedents - ResiPlus","robots":{"index":"index","follow":"follow","max-snippet":"max-snippet:-1","max-image-preview":"max-image-preview:large","max-video-preview":"max-video-preview:-1"},"canonical":"https:\/\/addinformatica.com\/ca\/cursos-formacion\/patologies-allergies-i-antecedents\/","og_locale":"ca_ES","og_type":"article","og_title":"Patologies, Al\u00b7l\u00e8rgies i Antecedents - ResiPlus","og_description":"Contingut: Mostrarem com donar d&#8217;alta patologies, al\u00b7l\u00e8rgies i antecedents per a poder incloure-les en la fitxa d&#8217;un resident. Mostrarem les diferents opcions de configuraci\u00f3 d&#8217;al\u00b7l\u00e8rgies. Nivell de coneixement de&nbsp;ResiPlus\u00ae: B\u00c0SIC Cas pr\u00e0ctic: Indicarem en la fitxa d&#8217;un resident que t\u00e9 una al\u00b7l\u00e8rgia aliment\u00e0ria i una al\u00b7l\u00e8rgia a un medicament. Destinataris: Metges i Infermeria. ID del [...]","og_url":"https:\/\/addinformatica.com\/ca\/cursos-formacion\/patologies-allergies-i-antecedents\/","og_site_name":"ResiPlus","article_modified_time":"2021-10-27T08:31:58+00:00","og_image":[{"width":400,"height":400,"url":"https:\/\/addinformatica.com\/wp-content\/uploads\/2021\/10\/curso-alergias-orane.png","type":"image\/png"}],"twitter_card":"summary_large_image","twitter_misc":{"Temps estimat de lectura":"1 minut"},"schema":{"@context":"https:\/\/schema.org","@graph":[{"@type":"WebPage","@id":"https:\/\/addinformatica.com\/ca\/cursos-formacion\/patologies-allergies-i-antecedents\/","url":"https:\/\/addinformatica.com\/ca\/cursos-formacion\/patologies-allergies-i-antecedents\/","name":"Patologies, Al\u00b7l\u00e8rgies i Antecedents - ResiPlus","isPartOf":{"@id":"https:\/\/addinformatica.com\/#website"},"primaryImageOfPage":{"@id":"https:\/\/addinformatica.com\/ca\/cursos-formacion\/patologies-allergies-i-antecedents\/#primaryimage"},"image":{"@id":"https:\/\/addinformatica.com\/ca\/cursos-formacion\/patologies-allergies-i-antecedents\/#primaryimage"},"thumbnailUrl":"https:\/\/addinformatica.com\/wp-content\/uploads\/2021\/10\/curso-alergias-orane.png","datePublished":"2021-10-27T08:28:03+00:00","dateModified":"2021-10-27T08:31:58+00:00","breadcrumb":{"@id":"https:\/\/addinformatica.com\/ca\/cursos-formacion\/patologies-allergies-i-antecedents\/#breadcrumb"},"inLanguage":"ca","potentialAction":[{"@type":"ReadAction","target":["https:\/\/addinformatica.com\/ca\/cursos-formacion\/patologies-allergies-i-antecedents\/"]}]},{"@type":"ImageObject","inLanguage":"ca","@id":"https:\/\/addinformatica.com\/ca\/cursos-formacion\/patologies-allergies-i-antecedents\/#primaryimage","url":"https:\/\/addinformatica.com\/wp-content\/uploads\/2021\/10\/curso-alergias-orane.png","contentUrl":"https:\/\/addinformatica.com\/wp-content\/uploads\/2021\/10\/curso-alergias-orane.png","width":400,"height":400},{"@type":"BreadcrumbList","@id":"https:\/\/addinformatica.com\/ca\/cursos-formacion\/patologies-allergies-i-antecedents\/#breadcrumb","itemListElement":[{"@type":"ListItem","position":1,"name":"Portada","item":"https:\/\/addinformatica.com\/ca\/"},{"@type":"ListItem","position":2,"name":"Events","item":"https:\/\/addinformatica.com\/cursos-formacion\/"},{"@type":"ListItem","position":3,"name":"Patologies, Al\u00b7l\u00e8rgies i Antecedents"}]},{"@type":"WebSite","@id":"https:\/\/addinformatica.com\/#website","url":"https:\/\/addinformatica.com\/","name":"ResiPlus","description":"Software de gesti\u00f3n de residencias, centros de d\u00eda y discapacitados | ResiPlus","potentialAction":[{"@type":"SearchAction","target":{"@type":"EntryPoint","urlTemplate":"https:\/\/addinformatica.com\/?s={search_term_string}"},"query-input":{"@type":"PropertyValueSpecification","valueRequired":true,"valueName":"search_term_string"}}],"inLanguage":"ca"}]}},"_links":{"self":[{"href":"https:\/\/addinformatica.com\/ca\/wp-json\/wp\/v2\/ajde_events\/26253","targetHints":{"allow":["GET"]}}],"collection":[{"href":"https:\/\/addinformatica.com\/ca\/wp-json\/wp\/v2\/ajde_events"}],"about":[{"href":"https:\/\/addinformatica.com\/ca\/wp-json\/wp\/v2\/types\/ajde_events"}],"author":[{"embeddable":true,"href":"https:\/\/addinformatica.com\/ca\/wp-json\/wp\/v2\/users\/1"}],"replies":[{"embeddable":true,"href":"https:\/\/addinformatica.com\/ca\/wp-json\/wp\/v2\/comments?post=26253"}],"wp:featuredmedia":[{"embeddable":true,"href":"https:\/\/addinformatica.com\/ca\/wp-json\/wp\/v2\/media\/26252"}],"wp:attachment":[{"href":"https:\/\/addinformatica.com\/ca\/wp-json\/wp\/v2\/media?parent=26253"}],"wp:term":[{"taxonomy":"post_tag","embeddable":true,"href":"https:\/\/addinformatica.com\/ca\/wp-json\/wp\/v2\/tags?post=26253"},{"taxonomy":"event_type","embeddable":true,"href":"https:\/\/addinformatica.com\/ca\/wp-json\/wp\/v2\/event_type?post=26253"},{"taxonomy":"event_type_2","embeddable":true,"href":"https:\/\/addinformatica.com\/ca\/wp-json\/wp\/v2\/event_type_2?post=26253"}],"curies":[{"name":"wp","href":"https:\/\/api.w.org\/{rel}","templated":true}]}}

Patologies, Al·lèrgies i Antecedents

<p><strong>Contingut:</strong><br>
Mostrarem com donar d&#8217;alta patologies, al·lèrgies i antecedents per a poder incloure-les en la fitxa d&#8217;un resident. Mostrarem les diferents opcions de configuració d&#8217;al·lèrgies. Nivell de coneixement de&nbsp;ResiPlus®: BÀSIC</p>
<p><strong>Cas pràctic:</strong><br>
Indicarem en la fitxa d&#8217;un resident que té una al·lèrgia alimentària i una al·lèrgia a un medicament.</p>
<p><strong>Destinataris:</strong><br>
Metges i Infermeria.</p>
<p><strong>ID del seminario web:</strong> 954-678-907</p>
<p><strong>Usuaris ResiPlus<sup>®</sup> &#8211; Inscripció gratuita</strong></p>


<a href="https://attendee.gotowebinar.com/register/2415126087454947343" target="_blank" class="button primary" rel="noopener" style="border-radius:99px;">
		<span>INSCRIGUI</span>
	</a>

<!-- This site is optimized with the Yoast SEO plugin v27.4 - https://yoast.com/product/yoast-seo-wordpress/ -->
<title>Patologies, Al·lèrgies i Antecedents - ResiPlus</title>
<meta name="robots" content="index, follow, max-snippet:-1, max-image-preview:large, max-video-preview:-1" />
<link rel="canonical" href="https://addinformatica.com/ca/cursos-formacion/patologies-allergies-i-antecedents/" />
<meta property="og:locale" content="ca_ES" />
<meta property="og:type" content="article" />
<meta property="og:title" content="Patologies, Al·lèrgies i Antecedents - ResiPlus" />
<meta property="og:description" content="Contingut: Mostrarem com donar d&#8217;alta patologies, al·lèrgies i antecedents per a poder incloure-les en la fitxa d&#8217;un resident. Mostrarem les diferents opcions de configuració d&#8217;al·lèrgies. Nivell de coneixement de&nbsp;ResiPlus®: BÀSIC Cas pràctic: Indicarem en la fitxa d&#8217;un resident que té una al·lèrgia alimentària i una al·lèrgia a un medicament. Destinataris: Metges i Infermeria. ID del [...]" />
<meta property="og:url" content="https://addinformatica.com/ca/cursos-formacion/patologies-allergies-i-antecedents/" />
<meta property="og:site_name" content="ResiPlus" />
<meta property="article:modified_time" content="2021-10-27T08:31:58+00:00" />
<meta property="og:image" content="https://addinformatica.com/wp-content/uploads/2021/10/curso-alergias-orane.png" />
	<meta property="og:image:width" content="400" />
	<meta property="og:image:height" content="400" />
	<meta property="og:image:type" content="image/png" />
<meta name="twitter:card" content="summary_large_image" />
<meta name="twitter:label1" content="Temps estimat de lectura" />
	<meta name="twitter:data1" content="1 minut" />
<script type="application/ld+json" class="yoast-schema-graph">{"@context":"https:\/\/schema.org","@graph":[{"@type":"WebPage","@id":"https:\/\/addinformatica.com\/ca\/cursos-formacion\/patologies-allergies-i-antecedents\/","url":"https:\/\/addinformatica.com\/ca\/cursos-formacion\/patologies-allergies-i-antecedents\/","name":"Patologies, Al·lèrgies i Antecedents - ResiPlus","isPartOf":{"@id":"https:\/\/addinformatica.com\/#website"},"primaryImageOfPage":{"@id":"https:\/\/addinformatica.com\/ca\/cursos-formacion\/patologies-allergies-i-antecedents\/#primaryimage"},"image":{"@id":"https:\/\/addinformatica.com\/ca\/cursos-formacion\/patologies-allergies-i-antecedents\/#primaryimage"},"thumbnailUrl":"https:\/\/addinformatica.com\/wp-content\/uploads\/2021\/10\/curso-alergias-orane.png","datePublished":"2021-10-27T08:28:03+00:00","dateModified":"2021-10-27T08:31:58+00:00","breadcrumb":{"@id":"https:\/\/addinformatica.com\/ca\/cursos-formacion\/patologies-allergies-i-antecedents\/#breadcrumb"},"inLanguage":"ca","potentialAction":[{"@type":"ReadAction","target":["https:\/\/addinformatica.com\/ca\/cursos-formacion\/patologies-allergies-i-antecedents\/"]}]},{"@type":"ImageObject","inLanguage":"ca","@id":"https:\/\/addinformatica.com\/ca\/cursos-formacion\/patologies-allergies-i-antecedents\/#primaryimage","url":"https:\/\/addinformatica.com\/wp-content\/uploads\/2021\/10\/curso-alergias-orane.png","contentUrl":"https:\/\/addinformatica.com\/wp-content\/uploads\/2021\/10\/curso-alergias-orane.png","width":400,"height":400},{"@type":"BreadcrumbList","@id":"https:\/\/addinformatica.com\/ca\/cursos-formacion\/patologies-allergies-i-antecedents\/#breadcrumb","itemListElement":[{"@type":"ListItem","position":1,"name":"Portada","item":"https:\/\/addinformatica.com\/ca\/"},{"@type":"ListItem","position":2,"name":"Events","item":"https:\/\/addinformatica.com\/cursos-formacion\/"},{"@type":"ListItem","position":3,"name":"Patologies, Al·lèrgies i Antecedents"}]},{"@type":"WebSite","@id":"https:\/\/addinformatica.com\/#website","url":"https:\/\/addinformatica.com\/","name":"ResiPlus","description":"Software de gestión de residencias, centros de día y discapacitados | ResiPlus","potentialAction":[{"@type":"SearchAction","target":{"@type":"EntryPoint","urlTemplate":"https:\/\/addinformatica.com\/?s={search_term_string}"},"query-input":{"@type":"PropertyValueSpecification","valueRequired":true,"valueName":"search_term_string"}}],"inLanguage":"ca"}]}</script>
<!-- / Yoast SEO plugin. -->

Patologies, Al·lèrgies i Antecedents - ResiPlus

Contingut: Mostrarem com donar d&#8217;alta patologies, al·lèrgies i antecedents per a poder incloure-les en la fitxa d&#8217;un resident. Mostrarem les diferents opcions de configuració d&#8217;al·lèrgies. Nivell de coneixement de&nbsp;ResiPlus®: BÀSIC Cas pràctic: Indicarem en la fitxa d&#8217;un resident que té una al·lèrgia alimentària i una al·lèrgia a un medicament. Destinataris: Metges i Infermeria. ID del [...]

Software de gestión de residencias, centros de día y discapacitados | ResiPlus
