{"id":23750,"date":"2021-08-03T07:52:58","date_gmt":"2021-08-03T07:52:58","guid":{"rendered":"https:\/\/resiplus.dagocreativo.com\/cursos-formacion\/apartados-de-profesionales-organizacion-e-introduccion-de-actividades\/"},"modified":"2024-05-28T06:54:25","modified_gmt":"2024-05-28T06:54:25","slug":"apartats-de-professionals-organitzacio-i-introduccio-dactivitats","status":"publish","type":"ajde_events","link":"https:\/\/addinformatica.com\/ca\/cursos-formacion\/apartats-de-professionals-organitzacio-i-introduccio-dactivitats\/","title":{"rendered":"\u00c0rea T\u00e8cnica: Organitzaci\u00f3 i Registre d&#8217;Activitats"},"content":{"rendered":"<p><strong>Contingut:<\/strong><br>\nCom crear activitats, registrar la participaci\u00f3 dels residents o usuaris i llistats relacionats.<\/p>\n<p><strong>Cas pr\u00e0ctic:<\/strong><br>\nDonar d&#8217;alta dues activitats. Programar la seva freq\u00fc\u00e8ncia de realitzaci\u00f3 i vincular 10 residents que hi participen habitualment. Posteriorment realitzar el registre d&#8217;assist\u00e8ncia\/participaci\u00f3 de les activitats, tenint en compte que: \n1. Tres residents van estar absents, dos per indisposici\u00f3 i un altre perqu\u00e8 \u00e9s fora de la resid\u00e8ncia (marcat des de l&#8217;evoluci\u00f3 temporal). \n2. Un resident va assistir a lactivitat amb un familiar.\n3. A un resident se&#8217;l registra a les observacions que es va retirar a meitat de l&#8217;activitat.\nReviseu els llistats d&#8217;activitats i estad\u00edstiques del darrer mes.<\/p>\n<p><strong>Destinataris:<\/strong><br>\nProfessionals de l&#8217;\u00e0rea t\u00e8cnica.<\/p>\n<p><strong>ID del seminari web:<\/strong> 240-506-235<\/p>\n<p><strong>Usuaris ResiPlus<sup>\u00ae<\/sup> &#8211; Inscripci\u00f3 gratuita<\/strong><\/p>\n\n\n<a href=\"https:\/\/register.gotowebinar.com\/register\/8390580379145731165\" target=\"_blank\" class=\"button primary\" rel=\"noopener\" style=\"border-radius:99px;\">\n\t\t<span>INSCRIGUI<\/span>\n\t<\/a>\n\n","protected":false},"author":1,"featured_media":26823,"menu_order":0,"comment_status":"closed","ping_status":"closed","template":"","meta":{"_acf_changed":false},"tags":[],"event_type":[],"event_type_2":[],"class_list":["post-23750","ajde_events","type-ajde_events","status-publish","has-post-thumbnail","hentry"],"acf":[],"yoast_head":"<!-- This site is optimized with the Yoast SEO plugin v27.4 - https:\/\/yoast.com\/product\/yoast-seo-wordpress\/ -->\n<title>\u00c0rea T\u00e8cnica: Organitzaci\u00f3 i Registre d&#039;Activitats - ResiPlus<\/title>\n<meta name=\"robots\" content=\"index, follow, max-snippet:-1, max-image-preview:large, max-video-preview:-1\" \/>\n<link rel=\"canonical\" href=\"https:\/\/addinformatica.com\/ca\/cursos-formacion\/apartats-de-professionals-organitzacio-i-introduccio-dactivitats\/\" \/>\n<meta property=\"og:locale\" content=\"ca_ES\" \/>\n<meta property=\"og:type\" content=\"article\" \/>\n<meta property=\"og:title\" content=\"\u00c0rea T\u00e8cnica: Organitzaci\u00f3 i Registre d&#039;Activitats - ResiPlus\" \/>\n<meta property=\"og:description\" content=\"Contingut: Com crear activitats, registrar la participaci\u00f3 dels residents o usuaris i llistats relacionats. Cas pr\u00e0ctic: Donar d&#8217;alta dues activitats. Programar la seva freq\u00fc\u00e8ncia de realitzaci\u00f3 i vincular 10 residents que hi participen habitualment. Posteriorment realitzar el registre d&#8217;assist\u00e8ncia\/participaci\u00f3 de les activitats, tenint en compte que: 1. Tres residents van estar absents, dos per indisposici\u00f3 [...]\" \/>\n<meta property=\"og:url\" content=\"https:\/\/addinformatica.com\/ca\/cursos-formacion\/apartats-de-professionals-organitzacio-i-introduccio-dactivitats\/\" \/>\n<meta property=\"og:site_name\" content=\"ResiPlus\" \/>\n<meta property=\"article:modified_time\" content=\"2024-05-28T06:54:25+00:00\" \/>\n<meta property=\"og:image\" content=\"https:\/\/addinformatica.com\/wp-content\/uploads\/2021\/08\/curso-actividades-orange.gif\" \/>\n\t<meta property=\"og:image:width\" content=\"400\" \/>\n\t<meta property=\"og:image:height\" content=\"400\" \/>\n\t<meta property=\"og:image:type\" content=\"image\/gif\" \/>\n<meta name=\"twitter:card\" content=\"summary_large_image\" \/>\n<meta name=\"twitter:label1\" content=\"Temps estimat de lectura\" \/>\n\t<meta name=\"twitter:data1\" content=\"1 minut\" \/>\n<script type=\"application\/ld+json\" class=\"yoast-schema-graph\">{\"@context\":\"https:\\\/\\\/schema.org\",\"@graph\":[{\"@type\":\"WebPage\",\"@id\":\"https:\\\/\\\/addinformatica.com\\\/ca\\\/cursos-formacion\\\/apartats-de-professionals-organitzacio-i-introduccio-dactivitats\\\/\",\"url\":\"https:\\\/\\\/addinformatica.com\\\/ca\\\/cursos-formacion\\\/apartats-de-professionals-organitzacio-i-introduccio-dactivitats\\\/\",\"name\":\"\u00c0rea T\u00e8cnica: Organitzaci\u00f3 i Registre d'Activitats - ResiPlus\",\"isPartOf\":{\"@id\":\"https:\\\/\\\/addinformatica.com\\\/#website\"},\"primaryImageOfPage\":{\"@id\":\"https:\\\/\\\/addinformatica.com\\\/ca\\\/cursos-formacion\\\/apartats-de-professionals-organitzacio-i-introduccio-dactivitats\\\/#primaryimage\"},\"image\":{\"@id\":\"https:\\\/\\\/addinformatica.com\\\/ca\\\/cursos-formacion\\\/apartats-de-professionals-organitzacio-i-introduccio-dactivitats\\\/#primaryimage\"},\"thumbnailUrl\":\"https:\\\/\\\/addinformatica.com\\\/wp-content\\\/uploads\\\/2021\\\/08\\\/curso-actividades-orange.gif\",\"datePublished\":\"2021-08-03T07:52:58+00:00\",\"dateModified\":\"2024-05-28T06:54:25+00:00\",\"breadcrumb\":{\"@id\":\"https:\\\/\\\/addinformatica.com\\\/ca\\\/cursos-formacion\\\/apartats-de-professionals-organitzacio-i-introduccio-dactivitats\\\/#breadcrumb\"},\"inLanguage\":\"ca\",\"potentialAction\":[{\"@type\":\"ReadAction\",\"target\":[\"https:\\\/\\\/addinformatica.com\\\/ca\\\/cursos-formacion\\\/apartats-de-professionals-organitzacio-i-introduccio-dactivitats\\\/\"]}]},{\"@type\":\"ImageObject\",\"inLanguage\":\"ca\",\"@id\":\"https:\\\/\\\/addinformatica.com\\\/ca\\\/cursos-formacion\\\/apartats-de-professionals-organitzacio-i-introduccio-dactivitats\\\/#primaryimage\",\"url\":\"https:\\\/\\\/addinformatica.com\\\/wp-content\\\/uploads\\\/2021\\\/08\\\/curso-actividades-orange.gif\",\"contentUrl\":\"https:\\\/\\\/addinformatica.com\\\/wp-content\\\/uploads\\\/2021\\\/08\\\/curso-actividades-orange.gif\",\"width\":400,\"height\":400},{\"@type\":\"BreadcrumbList\",\"@id\":\"https:\\\/\\\/addinformatica.com\\\/ca\\\/cursos-formacion\\\/apartats-de-professionals-organitzacio-i-introduccio-dactivitats\\\/#breadcrumb\",\"itemListElement\":[{\"@type\":\"ListItem\",\"position\":1,\"name\":\"Portada\",\"item\":\"https:\\\/\\\/addinformatica.com\\\/ca\\\/\"},{\"@type\":\"ListItem\",\"position\":2,\"name\":\"Events\",\"item\":\"https:\\\/\\\/addinformatica.com\\\/cursos-formacion\\\/\"},{\"@type\":\"ListItem\",\"position\":3,\"name\":\"\u00c0rea T\u00e8cnica: Organitzaci\u00f3 i Registre d&#8217;Activitats\"}]},{\"@type\":\"WebSite\",\"@id\":\"https:\\\/\\\/addinformatica.com\\\/#website\",\"url\":\"https:\\\/\\\/addinformatica.com\\\/\",\"name\":\"ResiPlus\",\"description\":\"Software de gesti\u00f3n de residencias, centros de d\u00eda y discapacitados | ResiPlus\",\"potentialAction\":[{\"@type\":\"SearchAction\",\"target\":{\"@type\":\"EntryPoint\",\"urlTemplate\":\"https:\\\/\\\/addinformatica.com\\\/?s={search_term_string}\"},\"query-input\":{\"@type\":\"PropertyValueSpecification\",\"valueRequired\":true,\"valueName\":\"search_term_string\"}}],\"inLanguage\":\"ca\"}]}<\/script>\n<!-- \/ Yoast SEO plugin. -->","yoast_head_json":{"title":"\u00c0rea T\u00e8cnica: Organitzaci\u00f3 i Registre d'Activitats - ResiPlus","robots":{"index":"index","follow":"follow","max-snippet":"max-snippet:-1","max-image-preview":"max-image-preview:large","max-video-preview":"max-video-preview:-1"},"canonical":"https:\/\/addinformatica.com\/ca\/cursos-formacion\/apartats-de-professionals-organitzacio-i-introduccio-dactivitats\/","og_locale":"ca_ES","og_type":"article","og_title":"\u00c0rea T\u00e8cnica: Organitzaci\u00f3 i Registre d'Activitats - ResiPlus","og_description":"Contingut: Com crear activitats, registrar la participaci\u00f3 dels residents o usuaris i llistats relacionats. Cas pr\u00e0ctic: Donar d&#8217;alta dues activitats. Programar la seva freq\u00fc\u00e8ncia de realitzaci\u00f3 i vincular 10 residents que hi participen habitualment. Posteriorment realitzar el registre d&#8217;assist\u00e8ncia\/participaci\u00f3 de les activitats, tenint en compte que: 1. Tres residents van estar absents, dos per indisposici\u00f3 [...]","og_url":"https:\/\/addinformatica.com\/ca\/cursos-formacion\/apartats-de-professionals-organitzacio-i-introduccio-dactivitats\/","og_site_name":"ResiPlus","article_modified_time":"2024-05-28T06:54:25+00:00","og_image":[{"width":400,"height":400,"url":"https:\/\/addinformatica.com\/wp-content\/uploads\/2021\/08\/curso-actividades-orange.gif","type":"image\/gif"}],"twitter_card":"summary_large_image","twitter_misc":{"Temps estimat de lectura":"1 minut"},"schema":{"@context":"https:\/\/schema.org","@graph":[{"@type":"WebPage","@id":"https:\/\/addinformatica.com\/ca\/cursos-formacion\/apartats-de-professionals-organitzacio-i-introduccio-dactivitats\/","url":"https:\/\/addinformatica.com\/ca\/cursos-formacion\/apartats-de-professionals-organitzacio-i-introduccio-dactivitats\/","name":"\u00c0rea T\u00e8cnica: Organitzaci\u00f3 i Registre d'Activitats - ResiPlus","isPartOf":{"@id":"https:\/\/addinformatica.com\/#website"},"primaryImageOfPage":{"@id":"https:\/\/addinformatica.com\/ca\/cursos-formacion\/apartats-de-professionals-organitzacio-i-introduccio-dactivitats\/#primaryimage"},"image":{"@id":"https:\/\/addinformatica.com\/ca\/cursos-formacion\/apartats-de-professionals-organitzacio-i-introduccio-dactivitats\/#primaryimage"},"thumbnailUrl":"https:\/\/addinformatica.com\/wp-content\/uploads\/2021\/08\/curso-actividades-orange.gif","datePublished":"2021-08-03T07:52:58+00:00","dateModified":"2024-05-28T06:54:25+00:00","breadcrumb":{"@id":"https:\/\/addinformatica.com\/ca\/cursos-formacion\/apartats-de-professionals-organitzacio-i-introduccio-dactivitats\/#breadcrumb"},"inLanguage":"ca","potentialAction":[{"@type":"ReadAction","target":["https:\/\/addinformatica.com\/ca\/cursos-formacion\/apartats-de-professionals-organitzacio-i-introduccio-dactivitats\/"]}]},{"@type":"ImageObject","inLanguage":"ca","@id":"https:\/\/addinformatica.com\/ca\/cursos-formacion\/apartats-de-professionals-organitzacio-i-introduccio-dactivitats\/#primaryimage","url":"https:\/\/addinformatica.com\/wp-content\/uploads\/2021\/08\/curso-actividades-orange.gif","contentUrl":"https:\/\/addinformatica.com\/wp-content\/uploads\/2021\/08\/curso-actividades-orange.gif","width":400,"height":400},{"@type":"BreadcrumbList","@id":"https:\/\/addinformatica.com\/ca\/cursos-formacion\/apartats-de-professionals-organitzacio-i-introduccio-dactivitats\/#breadcrumb","itemListElement":[{"@type":"ListItem","position":1,"name":"Portada","item":"https:\/\/addinformatica.com\/ca\/"},{"@type":"ListItem","position":2,"name":"Events","item":"https:\/\/addinformatica.com\/cursos-formacion\/"},{"@type":"ListItem","position":3,"name":"\u00c0rea T\u00e8cnica: Organitzaci\u00f3 i Registre d&#8217;Activitats"}]},{"@type":"WebSite","@id":"https:\/\/addinformatica.com\/#website","url":"https:\/\/addinformatica.com\/","name":"ResiPlus","description":"Software de gesti\u00f3n de residencias, centros de d\u00eda y discapacitados | ResiPlus","potentialAction":[{"@type":"SearchAction","target":{"@type":"EntryPoint","urlTemplate":"https:\/\/addinformatica.com\/?s={search_term_string}"},"query-input":{"@type":"PropertyValueSpecification","valueRequired":true,"valueName":"search_term_string"}}],"inLanguage":"ca"}]}},"_links":{"self":[{"href":"https:\/\/addinformatica.com\/ca\/wp-json\/wp\/v2\/ajde_events\/23750","targetHints":{"allow":["GET"]}}],"collection":[{"href":"https:\/\/addinformatica.com\/ca\/wp-json\/wp\/v2\/ajde_events"}],"about":[{"href":"https:\/\/addinformatica.com\/ca\/wp-json\/wp\/v2\/types\/ajde_events"}],"author":[{"embeddable":true,"href":"https:\/\/addinformatica.com\/ca\/wp-json\/wp\/v2\/users\/1"}],"replies":[{"embeddable":true,"href":"https:\/\/addinformatica.com\/ca\/wp-json\/wp\/v2\/comments?post=23750"}],"wp:featuredmedia":[{"embeddable":true,"href":"https:\/\/addinformatica.com\/ca\/wp-json\/wp\/v2\/media\/26823"}],"wp:attachment":[{"href":"https:\/\/addinformatica.com\/ca\/wp-json\/wp\/v2\/media?parent=23750"}],"wp:term":[{"taxonomy":"post_tag","embeddable":true,"href":"https:\/\/addinformatica.com\/ca\/wp-json\/wp\/v2\/tags?post=23750"},{"taxonomy":"event_type","embeddable":true,"href":"https:\/\/addinformatica.com\/ca\/wp-json\/wp\/v2\/event_type?post=23750"},{"taxonomy":"event_type_2","embeddable":true,"href":"https:\/\/addinformatica.com\/ca\/wp-json\/wp\/v2\/event_type_2?post=23750"}],"curies":[{"name":"wp","href":"https:\/\/api.w.org\/{rel}","templated":true}]}}

Àrea Tècnica: Organització i Registre d&#8217;Activitats

<p><strong>Contingut:</strong><br>
Com crear activitats, registrar la participació dels residents o usuaris i llistats relacionats.</p>
<p><strong>Cas pràctic:</strong><br>
Donar d&#8217;alta dues activitats. Programar la seva freqüència de realització i vincular 10 residents que hi participen habitualment. Posteriorment realitzar el registre d&#8217;assistència/participació de les activitats, tenint en compte que: 
1. Tres residents van estar absents, dos per indisposició i un altre perquè és fora de la residència (marcat des de l&#8217;evolució temporal). 
2. Un resident va assistir a lactivitat amb un familiar.
3. A un resident se&#8217;l registra a les observacions que es va retirar a meitat de l&#8217;activitat.
Reviseu els llistats d&#8217;activitats i estadístiques del darrer mes.</p>
<p><strong>Destinataris:</strong><br>
Professionals de l&#8217;àrea tècnica.</p>
<p><strong>ID del seminari web:</strong> 240-506-235</p>
<p><strong>Usuaris ResiPlus<sup>®</sup> &#8211; Inscripció gratuita</strong></p>


<a href="https://register.gotowebinar.com/register/8390580379145731165" target="_blank" class="button primary" rel="noopener" style="border-radius:99px;">
		<span>INSCRIGUI</span>
	</a>

<!-- This site is optimized with the Yoast SEO plugin v27.4 - https://yoast.com/product/yoast-seo-wordpress/ -->
<title>Àrea Tècnica: Organització i Registre d&#039;Activitats - ResiPlus</title>
<meta name="robots" content="index, follow, max-snippet:-1, max-image-preview:large, max-video-preview:-1" />
<link rel="canonical" href="https://addinformatica.com/ca/cursos-formacion/apartats-de-professionals-organitzacio-i-introduccio-dactivitats/" />
<meta property="og:locale" content="ca_ES" />
<meta property="og:type" content="article" />
<meta property="og:title" content="Àrea Tècnica: Organització i Registre d&#039;Activitats - ResiPlus" />
<meta property="og:description" content="Contingut: Com crear activitats, registrar la participació dels residents o usuaris i llistats relacionats. Cas pràctic: Donar d&#8217;alta dues activitats. Programar la seva freqüència de realització i vincular 10 residents que hi participen habitualment. Posteriorment realitzar el registre d&#8217;assistència/participació de les activitats, tenint en compte que: 1. Tres residents van estar absents, dos per indisposició [...]" />
<meta property="og:url" content="https://addinformatica.com/ca/cursos-formacion/apartats-de-professionals-organitzacio-i-introduccio-dactivitats/" />
<meta property="og:site_name" content="ResiPlus" />
<meta property="article:modified_time" content="2024-05-28T06:54:25+00:00" />
<meta property="og:image" content="https://addinformatica.com/wp-content/uploads/2021/08/curso-actividades-orange.gif" />
	<meta property="og:image:width" content="400" />
	<meta property="og:image:height" content="400" />
	<meta property="og:image:type" content="image/gif" />
<meta name="twitter:card" content="summary_large_image" />
<meta name="twitter:label1" content="Temps estimat de lectura" />
	<meta name="twitter:data1" content="1 minut" />
<script type="application/ld+json" class="yoast-schema-graph">{"@context":"https:\/\/schema.org","@graph":[{"@type":"WebPage","@id":"https:\/\/addinformatica.com\/ca\/cursos-formacion\/apartats-de-professionals-organitzacio-i-introduccio-dactivitats\/","url":"https:\/\/addinformatica.com\/ca\/cursos-formacion\/apartats-de-professionals-organitzacio-i-introduccio-dactivitats\/","name":"Àrea Tècnica: Organització i Registre d'Activitats - ResiPlus","isPartOf":{"@id":"https:\/\/addinformatica.com\/#website"},"primaryImageOfPage":{"@id":"https:\/\/addinformatica.com\/ca\/cursos-formacion\/apartats-de-professionals-organitzacio-i-introduccio-dactivitats\/#primaryimage"},"image":{"@id":"https:\/\/addinformatica.com\/ca\/cursos-formacion\/apartats-de-professionals-organitzacio-i-introduccio-dactivitats\/#primaryimage"},"thumbnailUrl":"https:\/\/addinformatica.com\/wp-content\/uploads\/2021\/08\/curso-actividades-orange.gif","datePublished":"2021-08-03T07:52:58+00:00","dateModified":"2024-05-28T06:54:25+00:00","breadcrumb":{"@id":"https:\/\/addinformatica.com\/ca\/cursos-formacion\/apartats-de-professionals-organitzacio-i-introduccio-dactivitats\/#breadcrumb"},"inLanguage":"ca","potentialAction":[{"@type":"ReadAction","target":["https:\/\/addinformatica.com\/ca\/cursos-formacion\/apartats-de-professionals-organitzacio-i-introduccio-dactivitats\/"]}]},{"@type":"ImageObject","inLanguage":"ca","@id":"https:\/\/addinformatica.com\/ca\/cursos-formacion\/apartats-de-professionals-organitzacio-i-introduccio-dactivitats\/#primaryimage","url":"https:\/\/addinformatica.com\/wp-content\/uploads\/2021\/08\/curso-actividades-orange.gif","contentUrl":"https:\/\/addinformatica.com\/wp-content\/uploads\/2021\/08\/curso-actividades-orange.gif","width":400,"height":400},{"@type":"BreadcrumbList","@id":"https:\/\/addinformatica.com\/ca\/cursos-formacion\/apartats-de-professionals-organitzacio-i-introduccio-dactivitats\/#breadcrumb","itemListElement":[{"@type":"ListItem","position":1,"name":"Portada","item":"https:\/\/addinformatica.com\/ca\/"},{"@type":"ListItem","position":2,"name":"Events","item":"https:\/\/addinformatica.com\/cursos-formacion\/"},{"@type":"ListItem","position":3,"name":"Àrea Tècnica: Organització i Registre d&#8217;Activitats"}]},{"@type":"WebSite","@id":"https:\/\/addinformatica.com\/#website","url":"https:\/\/addinformatica.com\/","name":"ResiPlus","description":"Software de gestión de residencias, centros de día y discapacitados | ResiPlus","potentialAction":[{"@type":"SearchAction","target":{"@type":"EntryPoint","urlTemplate":"https:\/\/addinformatica.com\/?s={search_term_string}"},"query-input":{"@type":"PropertyValueSpecification","valueRequired":true,"valueName":"search_term_string"}}],"inLanguage":"ca"}]}</script>
<!-- / Yoast SEO plugin. -->

Àrea Tècnica: Organització i Registre d'Activitats - ResiPlus

Contingut: Com crear activitats, registrar la participació dels residents o usuaris i llistats relacionats. Cas pràctic: Donar d&#8217;alta dues activitats. Programar la seva freqüència de realització i vincular 10 residents que hi participen habitualment. Posteriorment realitzar el registre d&#8217;assistència/participació de les activitats, tenint en compte que: 1. Tres residents van estar absents, dos per indisposició [...]

Software de gestión de residencias, centros de día y discapacitados | ResiPlus
