{"id":22660,"date":"2021-02-16T12:03:17","date_gmt":"2021-02-16T12:03:17","guid":{"rendered":"https:\/\/resiplus.dagocreativo.com\/cursos-formacion\/tecnologies-4-0-en-la-cura-no-intrusiva-de-la-gent-gran-i-amb-discapacitat\/"},"modified":"2021-02-16T12:03:17","modified_gmt":"2021-02-16T12:03:17","slug":"tecnologies-4-0-en-la-cura-no-intrusiva-de-la-gent-gran-i-amb-discapacitat","status":"publish","type":"ajde_events","link":"https:\/\/addinformatica.com\/ca\/cursos-formacion\/tecnologies-4-0-en-la-cura-no-intrusiva-de-la-gent-gran-i-amb-discapacitat\/","title":{"rendered":"Tecnologies 4.0 en la cura no intrusiva de la gent gran i amb discapacitat"},"content":{"rendered":"<p><strong>Contingut:<\/strong><br \/>\nImport\u00e0ncia i avantatges de les cures no intrusives.<br \/>\nTecnologia 4.0 i la seva aplicaci\u00f3 en el sector.<br \/>\nSolucions innovadores que donen resposta a les necessitats d&#8217;avui.<br \/>\nLa integraci\u00f3 com a motor tecnol\u00f2gic (Integraci\u00f3 Ibernex-Resiplus). <\/p>\n<p><strong>Ponents:<\/strong><br \/>\nRosa Mart\u00edn &#8211; Product Manager Ibernex<br \/>\nJavier Gomez &#8211; Business Developer Manager Iberia <\/p>\n<p>Sinopsi: Coneixerem com les Tecnologies 4.0 i la integraci\u00f3 tecnol\u00f2gica ofereixen solucions innovadores, no intrusives i segures a les necessitats de el sector.<\/p>\n<p>Traject\u00f2ria de Ibernex:<br \/>\nEn Ibernex treballen des de fa m\u00e9s de vint anys en el desenvolupament i la integraci\u00f3 de solucions tecnol\u00f2giques innovadores que siguin capa\u00e7os de millorar tant el rendiment d&#8217;hospitals i resid\u00e8ncies com l&#8217;atenci\u00f3 als usuaris que les utilitzen.<br \/>\nAposten pel creixement internacional i, en l&#8217;actualitat, compten amb pres\u00e8ncia en m\u00e9s de vint pa\u00efsos.<br \/>\nGarantir la m\u00e0xima qualitat \u00e9s un dels seus principals objectius i, per aix\u00f2, no nom\u00e9s desenvolupen la tecnologia de les seves solucions, sin\u00f3 que a m\u00e9s, s\u00f3n fabricants de la major part dels components.<br \/>\nPertanyent a Grup Pikolin, s&#8217;esforcen di\u00e0riament per posar en mans dels nostres clients l&#8217;\u00faltima tecnologia i integrar-la plenament en el seu negoci.<\/p>\n<p><a href=\"https:\/\/addinformatica.com\/wp-content\/uploads\/2020\/09\/LOGO-IBERNEX.png\"><img loading=\"lazy\" decoding=\"async\" src=\"https:\/\/addinformatica.com\/wp-content\/uploads\/2020\/09\/LOGO-IBERNEX-300x113.png\" alt=\"\" width=\"300\" height=\"113\" class=\"aligncenter size-medium wp-image-19338\" srcset=\"https:\/\/addinformatica.com\/wp-content\/uploads\/2020\/09\/LOGO-IBERNEX-300x113.png 300w, https:\/\/addinformatica.com\/wp-content\/uploads\/2020\/09\/LOGO-IBERNEX-1024x384.png 1024w, https:\/\/addinformatica.com\/wp-content\/uploads\/2020\/09\/LOGO-IBERNEX-768x288.png 768w, https:\/\/addinformatica.com\/wp-content\/uploads\/2020\/09\/LOGO-IBERNEX-1536x576.png 1536w, https:\/\/addinformatica.com\/wp-content\/uploads\/2020\/09\/LOGO-IBERNEX.png 1890w\" sizes=\"auto, (max-width: 300px) 100vw, 300px\" \/><\/a><\/p>\n<p><strong>Destinataris:<\/strong><br \/>\nUsuaris R+<\/p>\n<p><strong>ID del seminari web:<\/strong> 584-763-099<\/p>\n","protected":false},"author":1,"featured_media":0,"menu_order":0,"comment_status":"closed","ping_status":"closed","template":"","meta":{"_acf_changed":false},"tags":[],"event_type":[],"event_type_2":[],"class_list":["post-22660","ajde_events","type-ajde_events","status-publish","hentry"],"acf":[],"yoast_head":"<!-- This site is optimized with the Yoast SEO plugin v27.4 - https:\/\/yoast.com\/product\/yoast-seo-wordpress\/ -->\n<title>Tecnologies 4.0 en la cura no intrusiva de la gent gran i amb discapacitat - ResiPlus<\/title>\n<meta name=\"robots\" content=\"index, follow, max-snippet:-1, max-image-preview:large, max-video-preview:-1\" \/>\n<link rel=\"canonical\" href=\"https:\/\/addinformatica.com\/ca\/cursos-formacion\/tecnologies-4-0-en-la-cura-no-intrusiva-de-la-gent-gran-i-amb-discapacitat\/\" \/>\n<meta property=\"og:locale\" content=\"ca_ES\" \/>\n<meta property=\"og:type\" content=\"article\" \/>\n<meta property=\"og:title\" content=\"Tecnologies 4.0 en la cura no intrusiva de la gent gran i amb discapacitat - ResiPlus\" \/>\n<meta property=\"og:description\" content=\"Contingut: Import\u00e0ncia i avantatges de les cures no intrusives. Tecnologia 4.0 i la seva aplicaci\u00f3 en el sector. Solucions innovadores que donen resposta a les necessitats d&#8217;avui. La integraci\u00f3 com a motor tecnol\u00f2gic (Integraci\u00f3 Ibernex-Resiplus). Ponents: Rosa Mart\u00edn &#8211; Product Manager Ibernex Javier Gomez &#8211; Business Developer Manager Iberia Sinopsi: Coneixerem com les Tecnologies 4.0 [...]\" \/>\n<meta property=\"og:url\" content=\"https:\/\/addinformatica.com\/ca\/cursos-formacion\/tecnologies-4-0-en-la-cura-no-intrusiva-de-la-gent-gran-i-amb-discapacitat\/\" \/>\n<meta property=\"og:site_name\" content=\"ResiPlus\" \/>\n<meta property=\"og:image\" content=\"https:\/\/addinformatica.com\/wp-content\/uploads\/2020\/09\/LOGO-IBERNEX-300x113.png\" \/>\n<meta name=\"twitter:card\" content=\"summary_large_image\" \/>\n<meta name=\"twitter:label1\" content=\"Temps estimat de lectura\" \/>\n\t<meta name=\"twitter:data1\" content=\"1 minut\" \/>\n<script type=\"application\/ld+json\" class=\"yoast-schema-graph\">{\"@context\":\"https:\\\/\\\/schema.org\",\"@graph\":[{\"@type\":\"WebPage\",\"@id\":\"https:\\\/\\\/addinformatica.com\\\/ca\\\/cursos-formacion\\\/tecnologies-4-0-en-la-cura-no-intrusiva-de-la-gent-gran-i-amb-discapacitat\\\/\",\"url\":\"https:\\\/\\\/addinformatica.com\\\/ca\\\/cursos-formacion\\\/tecnologies-4-0-en-la-cura-no-intrusiva-de-la-gent-gran-i-amb-discapacitat\\\/\",\"name\":\"Tecnologies 4.0 en la cura no intrusiva de la gent gran i amb discapacitat - ResiPlus\",\"isPartOf\":{\"@id\":\"https:\\\/\\\/addinformatica.com\\\/#website\"},\"primaryImageOfPage\":{\"@id\":\"https:\\\/\\\/addinformatica.com\\\/ca\\\/cursos-formacion\\\/tecnologies-4-0-en-la-cura-no-intrusiva-de-la-gent-gran-i-amb-discapacitat\\\/#primaryimage\"},\"image\":{\"@id\":\"https:\\\/\\\/addinformatica.com\\\/ca\\\/cursos-formacion\\\/tecnologies-4-0-en-la-cura-no-intrusiva-de-la-gent-gran-i-amb-discapacitat\\\/#primaryimage\"},\"thumbnailUrl\":\"https:\\\/\\\/addinformatica.com\\\/wp-content\\\/uploads\\\/2020\\\/09\\\/LOGO-IBERNEX-300x113.png\",\"datePublished\":\"2021-02-16T12:03:17+00:00\",\"breadcrumb\":{\"@id\":\"https:\\\/\\\/addinformatica.com\\\/ca\\\/cursos-formacion\\\/tecnologies-4-0-en-la-cura-no-intrusiva-de-la-gent-gran-i-amb-discapacitat\\\/#breadcrumb\"},\"inLanguage\":\"ca\",\"potentialAction\":[{\"@type\":\"ReadAction\",\"target\":[\"https:\\\/\\\/addinformatica.com\\\/ca\\\/cursos-formacion\\\/tecnologies-4-0-en-la-cura-no-intrusiva-de-la-gent-gran-i-amb-discapacitat\\\/\"]}]},{\"@type\":\"ImageObject\",\"inLanguage\":\"ca\",\"@id\":\"https:\\\/\\\/addinformatica.com\\\/ca\\\/cursos-formacion\\\/tecnologies-4-0-en-la-cura-no-intrusiva-de-la-gent-gran-i-amb-discapacitat\\\/#primaryimage\",\"url\":\"https:\\\/\\\/addinformatica.com\\\/wp-content\\\/uploads\\\/2020\\\/09\\\/LOGO-IBERNEX-300x113.png\",\"contentUrl\":\"https:\\\/\\\/addinformatica.com\\\/wp-content\\\/uploads\\\/2020\\\/09\\\/LOGO-IBERNEX-300x113.png\"},{\"@type\":\"BreadcrumbList\",\"@id\":\"https:\\\/\\\/addinformatica.com\\\/ca\\\/cursos-formacion\\\/tecnologies-4-0-en-la-cura-no-intrusiva-de-la-gent-gran-i-amb-discapacitat\\\/#breadcrumb\",\"itemListElement\":[{\"@type\":\"ListItem\",\"position\":1,\"name\":\"Portada\",\"item\":\"https:\\\/\\\/addinformatica.com\\\/ca\\\/\"},{\"@type\":\"ListItem\",\"position\":2,\"name\":\"Events\",\"item\":\"https:\\\/\\\/addinformatica.com\\\/cursos-formacion\\\/\"},{\"@type\":\"ListItem\",\"position\":3,\"name\":\"Tecnologies 4.0 en la cura no intrusiva de la gent gran i amb discapacitat\"}]},{\"@type\":\"WebSite\",\"@id\":\"https:\\\/\\\/addinformatica.com\\\/#website\",\"url\":\"https:\\\/\\\/addinformatica.com\\\/\",\"name\":\"ResiPlus\",\"description\":\"Software de gesti\u00f3n de residencias, centros de d\u00eda y discapacitados | ResiPlus\",\"potentialAction\":[{\"@type\":\"SearchAction\",\"target\":{\"@type\":\"EntryPoint\",\"urlTemplate\":\"https:\\\/\\\/addinformatica.com\\\/?s={search_term_string}\"},\"query-input\":{\"@type\":\"PropertyValueSpecification\",\"valueRequired\":true,\"valueName\":\"search_term_string\"}}],\"inLanguage\":\"ca\"}]}<\/script>\n<!-- \/ Yoast SEO plugin. -->","yoast_head_json":{"title":"Tecnologies 4.0 en la cura no intrusiva de la gent gran i amb discapacitat - ResiPlus","robots":{"index":"index","follow":"follow","max-snippet":"max-snippet:-1","max-image-preview":"max-image-preview:large","max-video-preview":"max-video-preview:-1"},"canonical":"https:\/\/addinformatica.com\/ca\/cursos-formacion\/tecnologies-4-0-en-la-cura-no-intrusiva-de-la-gent-gran-i-amb-discapacitat\/","og_locale":"ca_ES","og_type":"article","og_title":"Tecnologies 4.0 en la cura no intrusiva de la gent gran i amb discapacitat - ResiPlus","og_description":"Contingut: Import\u00e0ncia i avantatges de les cures no intrusives. Tecnologia 4.0 i la seva aplicaci\u00f3 en el sector. Solucions innovadores que donen resposta a les necessitats d&#8217;avui. La integraci\u00f3 com a motor tecnol\u00f2gic (Integraci\u00f3 Ibernex-Resiplus). Ponents: Rosa Mart\u00edn &#8211; Product Manager Ibernex Javier Gomez &#8211; Business Developer Manager Iberia Sinopsi: Coneixerem com les Tecnologies 4.0 [...]","og_url":"https:\/\/addinformatica.com\/ca\/cursos-formacion\/tecnologies-4-0-en-la-cura-no-intrusiva-de-la-gent-gran-i-amb-discapacitat\/","og_site_name":"ResiPlus","og_image":[{"url":"https:\/\/addinformatica.com\/wp-content\/uploads\/2020\/09\/LOGO-IBERNEX-300x113.png","type":"","width":"","height":""}],"twitter_card":"summary_large_image","twitter_misc":{"Temps estimat de lectura":"1 minut"},"schema":{"@context":"https:\/\/schema.org","@graph":[{"@type":"WebPage","@id":"https:\/\/addinformatica.com\/ca\/cursos-formacion\/tecnologies-4-0-en-la-cura-no-intrusiva-de-la-gent-gran-i-amb-discapacitat\/","url":"https:\/\/addinformatica.com\/ca\/cursos-formacion\/tecnologies-4-0-en-la-cura-no-intrusiva-de-la-gent-gran-i-amb-discapacitat\/","name":"Tecnologies 4.0 en la cura no intrusiva de la gent gran i amb discapacitat - ResiPlus","isPartOf":{"@id":"https:\/\/addinformatica.com\/#website"},"primaryImageOfPage":{"@id":"https:\/\/addinformatica.com\/ca\/cursos-formacion\/tecnologies-4-0-en-la-cura-no-intrusiva-de-la-gent-gran-i-amb-discapacitat\/#primaryimage"},"image":{"@id":"https:\/\/addinformatica.com\/ca\/cursos-formacion\/tecnologies-4-0-en-la-cura-no-intrusiva-de-la-gent-gran-i-amb-discapacitat\/#primaryimage"},"thumbnailUrl":"https:\/\/addinformatica.com\/wp-content\/uploads\/2020\/09\/LOGO-IBERNEX-300x113.png","datePublished":"2021-02-16T12:03:17+00:00","breadcrumb":{"@id":"https:\/\/addinformatica.com\/ca\/cursos-formacion\/tecnologies-4-0-en-la-cura-no-intrusiva-de-la-gent-gran-i-amb-discapacitat\/#breadcrumb"},"inLanguage":"ca","potentialAction":[{"@type":"ReadAction","target":["https:\/\/addinformatica.com\/ca\/cursos-formacion\/tecnologies-4-0-en-la-cura-no-intrusiva-de-la-gent-gran-i-amb-discapacitat\/"]}]},{"@type":"ImageObject","inLanguage":"ca","@id":"https:\/\/addinformatica.com\/ca\/cursos-formacion\/tecnologies-4-0-en-la-cura-no-intrusiva-de-la-gent-gran-i-amb-discapacitat\/#primaryimage","url":"https:\/\/addinformatica.com\/wp-content\/uploads\/2020\/09\/LOGO-IBERNEX-300x113.png","contentUrl":"https:\/\/addinformatica.com\/wp-content\/uploads\/2020\/09\/LOGO-IBERNEX-300x113.png"},{"@type":"BreadcrumbList","@id":"https:\/\/addinformatica.com\/ca\/cursos-formacion\/tecnologies-4-0-en-la-cura-no-intrusiva-de-la-gent-gran-i-amb-discapacitat\/#breadcrumb","itemListElement":[{"@type":"ListItem","position":1,"name":"Portada","item":"https:\/\/addinformatica.com\/ca\/"},{"@type":"ListItem","position":2,"name":"Events","item":"https:\/\/addinformatica.com\/cursos-formacion\/"},{"@type":"ListItem","position":3,"name":"Tecnologies 4.0 en la cura no intrusiva de la gent gran i amb discapacitat"}]},{"@type":"WebSite","@id":"https:\/\/addinformatica.com\/#website","url":"https:\/\/addinformatica.com\/","name":"ResiPlus","description":"Software de gesti\u00f3n de residencias, centros de d\u00eda y discapacitados | ResiPlus","potentialAction":[{"@type":"SearchAction","target":{"@type":"EntryPoint","urlTemplate":"https:\/\/addinformatica.com\/?s={search_term_string}"},"query-input":{"@type":"PropertyValueSpecification","valueRequired":true,"valueName":"search_term_string"}}],"inLanguage":"ca"}]}},"_links":{"self":[{"href":"https:\/\/addinformatica.com\/ca\/wp-json\/wp\/v2\/ajde_events\/22660","targetHints":{"allow":["GET"]}}],"collection":[{"href":"https:\/\/addinformatica.com\/ca\/wp-json\/wp\/v2\/ajde_events"}],"about":[{"href":"https:\/\/addinformatica.com\/ca\/wp-json\/wp\/v2\/types\/ajde_events"}],"author":[{"embeddable":true,"href":"https:\/\/addinformatica.com\/ca\/wp-json\/wp\/v2\/users\/1"}],"replies":[{"embeddable":true,"href":"https:\/\/addinformatica.com\/ca\/wp-json\/wp\/v2\/comments?post=22660"}],"wp:attachment":[{"href":"https:\/\/addinformatica.com\/ca\/wp-json\/wp\/v2\/media?parent=22660"}],"wp:term":[{"taxonomy":"post_tag","embeddable":true,"href":"https:\/\/addinformatica.com\/ca\/wp-json\/wp\/v2\/tags?post=22660"},{"taxonomy":"event_type","embeddable":true,"href":"https:\/\/addinformatica.com\/ca\/wp-json\/wp\/v2\/event_type?post=22660"},{"taxonomy":"event_type_2","embeddable":true,"href":"https:\/\/addinformatica.com\/ca\/wp-json\/wp\/v2\/event_type_2?post=22660"}],"curies":[{"name":"wp","href":"https:\/\/api.w.org\/{rel}","templated":true}]}}

<p><strong>Contingut:</strong><br />
Importància i avantatges de les cures no intrusives.<br />
Tecnologia 4.0 i la seva aplicació en el sector.<br />
Solucions innovadores que donen resposta a les necessitats d&#8217;avui.<br />
La integració com a motor tecnològic (Integració Ibernex-Resiplus). </p>
<p><strong>Ponents:</strong><br />
Rosa Martín &#8211; Product Manager Ibernex<br />
Javier Gomez &#8211; Business Developer Manager Iberia </p>
<p>Sinopsi: Coneixerem com les Tecnologies 4.0 i la integració tecnològica ofereixen solucions innovadores, no intrusives i segures a les necessitats de el sector.</p>
<p>Trajectòria de Ibernex:<br />
En Ibernex treballen des de fa més de vint anys en el desenvolupament i la integració de solucions tecnològiques innovadores que siguin capaços de millorar tant el rendiment d&#8217;hospitals i residències com l&#8217;atenció als usuaris que les utilitzen.<br />
Aposten pel creixement internacional i, en l&#8217;actualitat, compten amb presència en més de vint països.<br />
Garantir la màxima qualitat és un dels seus principals objectius i, per això, no només desenvolupen la tecnologia de les seves solucions, sinó que a més, són fabricants de la major part dels components.<br />
Pertanyent a Grup Pikolin, s&#8217;esforcen diàriament per posar en mans dels nostres clients l&#8217;última tecnologia i integrar-la plenament en el seu negoci.</p>
<p><a href="https://addinformatica.com/wp-content/uploads/2020/09/LOGO-IBERNEX.png"><img loading="lazy" decoding="async" src="https://addinformatica.com/wp-content/uploads/2020/09/LOGO-IBERNEX-300x113.png" alt="" width="300" height="113" class="aligncenter size-medium wp-image-19338" srcset="https://addinformatica.com/wp-content/uploads/2020/09/LOGO-IBERNEX-300x113.png 300w, https://addinformatica.com/wp-content/uploads/2020/09/LOGO-IBERNEX-1024x384.png 1024w, https://addinformatica.com/wp-content/uploads/2020/09/LOGO-IBERNEX-768x288.png 768w, https://addinformatica.com/wp-content/uploads/2020/09/LOGO-IBERNEX-1536x576.png 1536w, https://addinformatica.com/wp-content/uploads/2020/09/LOGO-IBERNEX.png 1890w" sizes="auto, (max-width: 300px) 100vw, 300px" /></a></p>
<p><strong>Destinataris:</strong><br />
Usuaris R+</p>
<p><strong>ID del seminari web:</strong> 584-763-099</p>

<!-- This site is optimized with the Yoast SEO plugin v27.4 - https://yoast.com/product/yoast-seo-wordpress/ -->
<title>Tecnologies 4.0 en la cura no intrusiva de la gent gran i amb discapacitat - ResiPlus</title>
<meta name="robots" content="index, follow, max-snippet:-1, max-image-preview:large, max-video-preview:-1" />
<link rel="canonical" href="https://addinformatica.com/ca/cursos-formacion/tecnologies-4-0-en-la-cura-no-intrusiva-de-la-gent-gran-i-amb-discapacitat/" />
<meta property="og:locale" content="ca_ES" />
<meta property="og:type" content="article" />
<meta property="og:title" content="Tecnologies 4.0 en la cura no intrusiva de la gent gran i amb discapacitat - ResiPlus" />
<meta property="og:description" content="Contingut: Importància i avantatges de les cures no intrusives. Tecnologia 4.0 i la seva aplicació en el sector. Solucions innovadores que donen resposta a les necessitats d&#8217;avui. La integració com a motor tecnològic (Integració Ibernex-Resiplus). Ponents: Rosa Martín &#8211; Product Manager Ibernex Javier Gomez &#8211; Business Developer Manager Iberia Sinopsi: Coneixerem com les Tecnologies 4.0 [...]" />
<meta property="og:url" content="https://addinformatica.com/ca/cursos-formacion/tecnologies-4-0-en-la-cura-no-intrusiva-de-la-gent-gran-i-amb-discapacitat/" />
<meta property="og:site_name" content="ResiPlus" />
<meta property="og:image" content="https://addinformatica.com/wp-content/uploads/2020/09/LOGO-IBERNEX-300x113.png" />
<meta name="twitter:card" content="summary_large_image" />
<meta name="twitter:label1" content="Temps estimat de lectura" />
	<meta name="twitter:data1" content="1 minut" />
<script type="application/ld+json" class="yoast-schema-graph">{"@context":"https:\/\/schema.org","@graph":[{"@type":"WebPage","@id":"https:\/\/addinformatica.com\/ca\/cursos-formacion\/tecnologies-4-0-en-la-cura-no-intrusiva-de-la-gent-gran-i-amb-discapacitat\/","url":"https:\/\/addinformatica.com\/ca\/cursos-formacion\/tecnologies-4-0-en-la-cura-no-intrusiva-de-la-gent-gran-i-amb-discapacitat\/","name":"Tecnologies 4.0 en la cura no intrusiva de la gent gran i amb discapacitat - ResiPlus","isPartOf":{"@id":"https:\/\/addinformatica.com\/#website"},"primaryImageOfPage":{"@id":"https:\/\/addinformatica.com\/ca\/cursos-formacion\/tecnologies-4-0-en-la-cura-no-intrusiva-de-la-gent-gran-i-amb-discapacitat\/#primaryimage"},"image":{"@id":"https:\/\/addinformatica.com\/ca\/cursos-formacion\/tecnologies-4-0-en-la-cura-no-intrusiva-de-la-gent-gran-i-amb-discapacitat\/#primaryimage"},"thumbnailUrl":"https:\/\/addinformatica.com\/wp-content\/uploads\/2020\/09\/LOGO-IBERNEX-300x113.png","datePublished":"2021-02-16T12:03:17+00:00","breadcrumb":{"@id":"https:\/\/addinformatica.com\/ca\/cursos-formacion\/tecnologies-4-0-en-la-cura-no-intrusiva-de-la-gent-gran-i-amb-discapacitat\/#breadcrumb"},"inLanguage":"ca","potentialAction":[{"@type":"ReadAction","target":["https:\/\/addinformatica.com\/ca\/cursos-formacion\/tecnologies-4-0-en-la-cura-no-intrusiva-de-la-gent-gran-i-amb-discapacitat\/"]}]},{"@type":"ImageObject","inLanguage":"ca","@id":"https:\/\/addinformatica.com\/ca\/cursos-formacion\/tecnologies-4-0-en-la-cura-no-intrusiva-de-la-gent-gran-i-amb-discapacitat\/#primaryimage","url":"https:\/\/addinformatica.com\/wp-content\/uploads\/2020\/09\/LOGO-IBERNEX-300x113.png","contentUrl":"https:\/\/addinformatica.com\/wp-content\/uploads\/2020\/09\/LOGO-IBERNEX-300x113.png"},{"@type":"BreadcrumbList","@id":"https:\/\/addinformatica.com\/ca\/cursos-formacion\/tecnologies-4-0-en-la-cura-no-intrusiva-de-la-gent-gran-i-amb-discapacitat\/#breadcrumb","itemListElement":[{"@type":"ListItem","position":1,"name":"Portada","item":"https:\/\/addinformatica.com\/ca\/"},{"@type":"ListItem","position":2,"name":"Events","item":"https:\/\/addinformatica.com\/cursos-formacion\/"},{"@type":"ListItem","position":3,"name":"Tecnologies 4.0 en la cura no intrusiva de la gent gran i amb discapacitat"}]},{"@type":"WebSite","@id":"https:\/\/addinformatica.com\/#website","url":"https:\/\/addinformatica.com\/","name":"ResiPlus","description":"Software de gestión de residencias, centros de día y discapacitados | ResiPlus","potentialAction":[{"@type":"SearchAction","target":{"@type":"EntryPoint","urlTemplate":"https:\/\/addinformatica.com\/?s={search_term_string}"},"query-input":{"@type":"PropertyValueSpecification","valueRequired":true,"valueName":"search_term_string"}}],"inLanguage":"ca"}]}</script>
<!-- / Yoast SEO plugin. -->

Contingut: Importància i avantatges de les cures no intrusives. Tecnologia 4.0 i la seva aplicació en el sector. Solucions innovadores que donen resposta a les necessitats d&#8217;avui. La integració com a motor tecnològic (Integració Ibernex-Resiplus). Ponents: Rosa Martín &#8211; Product Manager Ibernex Javier Gomez &#8211; Business Developer Manager Iberia Sinopsi: Coneixerem com les Tecnologies 4.0 [...]

Software de gestión de residencias, centros de día y discapacitados | ResiPlus
