{"id":22657,"date":"2021-02-16T12:03:17","date_gmt":"2021-02-16T12:03:17","guid":{"rendered":"https:\/\/resiplus.dagocreativo.com\/cursos-formacion\/configurar-objetius-del-plan-individual\/"},"modified":"2021-02-16T12:03:17","modified_gmt":"2021-02-16T12:03:17","slug":"configurar-objetius-del-plan-individual","status":"publish","type":"ajde_events","link":"https:\/\/addinformatica.com\/ca\/cursos-formacion\/configurar-objetius-del-plan-individual\/","title":{"rendered":"Configurar objetius del Plan Individual"},"content":{"rendered":"<p><strong>Contingut:<\/strong><br \/>\nConfiguraci\u00f3 d&#8217;objetius i  accions concretes per a utilitzar-los en el Plan Individual.                                                                                                                                <\/p>\n<p><strong>Cas Pr\u00e0ctic:<\/strong><br \/>\nPlantear objetius de benestar f\u00edsic i emocional a un resident. <\/p>\n<p><strong>Destinataris:<\/strong><br \/>\nEquipo T\u00e8cnic. Direcci\u00f3.<\/p>\n<p><strong>ID del seminari web:<\/strong> 980-349-523<\/p>\n","protected":false},"author":1,"featured_media":22267,"menu_order":0,"comment_status":"closed","ping_status":"closed","template":"","meta":{"_acf_changed":false},"tags":[],"event_type":[],"event_type_2":[],"class_list":["post-22657","ajde_events","type-ajde_events","status-publish","has-post-thumbnail","hentry"],"acf":[],"yoast_head":"<!-- This site is optimized with the Yoast SEO plugin v27.4 - https:\/\/yoast.com\/product\/yoast-seo-wordpress\/ -->\n<title>Configurar objetius del Plan Individual - ResiPlus<\/title>\n<meta name=\"robots\" content=\"index, follow, max-snippet:-1, max-image-preview:large, max-video-preview:-1\" \/>\n<link rel=\"canonical\" href=\"https:\/\/addinformatica.com\/ca\/cursos-formacion\/configurar-objetius-del-plan-individual\/\" \/>\n<meta property=\"og:locale\" content=\"ca_ES\" \/>\n<meta property=\"og:type\" content=\"article\" \/>\n<meta property=\"og:title\" content=\"Configurar objetius del Plan Individual - ResiPlus\" \/>\n<meta property=\"og:description\" content=\"Contingut: Configuraci\u00f3 d&#8217;objetius i accions concretes per a utilitzar-los en el Plan Individual. Cas Pr\u00e0ctic: Plantear objetius de benestar f\u00edsic i emocional a un resident. Destinataris: Equipo T\u00e8cnic. Direcci\u00f3. ID del seminari web: 980-349-523\" \/>\n<meta property=\"og:url\" content=\"https:\/\/addinformatica.com\/ca\/cursos-formacion\/configurar-objetius-del-plan-individual\/\" \/>\n<meta property=\"og:site_name\" content=\"ResiPlus\" \/>\n<meta property=\"og:image\" content=\"https:\/\/addinformatica.com\/wp-content\/uploads\/2021\/02\/curso-plan-cuidados.gif\" \/>\n\t<meta property=\"og:image:width\" content=\"400\" \/>\n\t<meta property=\"og:image:height\" content=\"400\" \/>\n\t<meta property=\"og:image:type\" content=\"image\/gif\" \/>\n<meta name=\"twitter:card\" content=\"summary_large_image\" \/>\n<script type=\"application\/ld+json\" class=\"yoast-schema-graph\">{\"@context\":\"https:\\\/\\\/schema.org\",\"@graph\":[{\"@type\":\"WebPage\",\"@id\":\"https:\\\/\\\/addinformatica.com\\\/ca\\\/cursos-formacion\\\/configurar-objetius-del-plan-individual\\\/\",\"url\":\"https:\\\/\\\/addinformatica.com\\\/ca\\\/cursos-formacion\\\/configurar-objetius-del-plan-individual\\\/\",\"name\":\"Configurar objetius del Plan Individual - ResiPlus\",\"isPartOf\":{\"@id\":\"https:\\\/\\\/addinformatica.com\\\/#website\"},\"primaryImageOfPage\":{\"@id\":\"https:\\\/\\\/addinformatica.com\\\/ca\\\/cursos-formacion\\\/configurar-objetius-del-plan-individual\\\/#primaryimage\"},\"image\":{\"@id\":\"https:\\\/\\\/addinformatica.com\\\/ca\\\/cursos-formacion\\\/configurar-objetius-del-plan-individual\\\/#primaryimage\"},\"thumbnailUrl\":\"https:\\\/\\\/addinformatica.com\\\/wp-content\\\/uploads\\\/2021\\\/02\\\/curso-plan-cuidados.gif\",\"datePublished\":\"2021-02-16T12:03:17+00:00\",\"breadcrumb\":{\"@id\":\"https:\\\/\\\/addinformatica.com\\\/ca\\\/cursos-formacion\\\/configurar-objetius-del-plan-individual\\\/#breadcrumb\"},\"inLanguage\":\"ca\",\"potentialAction\":[{\"@type\":\"ReadAction\",\"target\":[\"https:\\\/\\\/addinformatica.com\\\/ca\\\/cursos-formacion\\\/configurar-objetius-del-plan-individual\\\/\"]}]},{\"@type\":\"ImageObject\",\"inLanguage\":\"ca\",\"@id\":\"https:\\\/\\\/addinformatica.com\\\/ca\\\/cursos-formacion\\\/configurar-objetius-del-plan-individual\\\/#primaryimage\",\"url\":\"https:\\\/\\\/addinformatica.com\\\/wp-content\\\/uploads\\\/2021\\\/02\\\/curso-plan-cuidados.gif\",\"contentUrl\":\"https:\\\/\\\/addinformatica.com\\\/wp-content\\\/uploads\\\/2021\\\/02\\\/curso-plan-cuidados.gif\",\"width\":400,\"height\":400},{\"@type\":\"BreadcrumbList\",\"@id\":\"https:\\\/\\\/addinformatica.com\\\/ca\\\/cursos-formacion\\\/configurar-objetius-del-plan-individual\\\/#breadcrumb\",\"itemListElement\":[{\"@type\":\"ListItem\",\"position\":1,\"name\":\"Portada\",\"item\":\"https:\\\/\\\/addinformatica.com\\\/ca\\\/\"},{\"@type\":\"ListItem\",\"position\":2,\"name\":\"Events\",\"item\":\"https:\\\/\\\/addinformatica.com\\\/cursos-formacion\\\/\"},{\"@type\":\"ListItem\",\"position\":3,\"name\":\"Configurar objetius del Plan Individual\"}]},{\"@type\":\"WebSite\",\"@id\":\"https:\\\/\\\/addinformatica.com\\\/#website\",\"url\":\"https:\\\/\\\/addinformatica.com\\\/\",\"name\":\"ResiPlus\",\"description\":\"Software de gesti\u00f3n de residencias, centros de d\u00eda y discapacitados | ResiPlus\",\"potentialAction\":[{\"@type\":\"SearchAction\",\"target\":{\"@type\":\"EntryPoint\",\"urlTemplate\":\"https:\\\/\\\/addinformatica.com\\\/?s={search_term_string}\"},\"query-input\":{\"@type\":\"PropertyValueSpecification\",\"valueRequired\":true,\"valueName\":\"search_term_string\"}}],\"inLanguage\":\"ca\"}]}<\/script>\n<!-- \/ Yoast SEO plugin. -->","yoast_head_json":{"title":"Configurar objetius del Plan Individual - ResiPlus","robots":{"index":"index","follow":"follow","max-snippet":"max-snippet:-1","max-image-preview":"max-image-preview:large","max-video-preview":"max-video-preview:-1"},"canonical":"https:\/\/addinformatica.com\/ca\/cursos-formacion\/configurar-objetius-del-plan-individual\/","og_locale":"ca_ES","og_type":"article","og_title":"Configurar objetius del Plan Individual - ResiPlus","og_description":"Contingut: Configuraci\u00f3 d&#8217;objetius i accions concretes per a utilitzar-los en el Plan Individual. Cas Pr\u00e0ctic: Plantear objetius de benestar f\u00edsic i emocional a un resident. Destinataris: Equipo T\u00e8cnic. Direcci\u00f3. ID del seminari web: 980-349-523","og_url":"https:\/\/addinformatica.com\/ca\/cursos-formacion\/configurar-objetius-del-plan-individual\/","og_site_name":"ResiPlus","og_image":[{"width":400,"height":400,"url":"https:\/\/addinformatica.com\/wp-content\/uploads\/2021\/02\/curso-plan-cuidados.gif","type":"image\/gif"}],"twitter_card":"summary_large_image","schema":{"@context":"https:\/\/schema.org","@graph":[{"@type":"WebPage","@id":"https:\/\/addinformatica.com\/ca\/cursos-formacion\/configurar-objetius-del-plan-individual\/","url":"https:\/\/addinformatica.com\/ca\/cursos-formacion\/configurar-objetius-del-plan-individual\/","name":"Configurar objetius del Plan Individual - ResiPlus","isPartOf":{"@id":"https:\/\/addinformatica.com\/#website"},"primaryImageOfPage":{"@id":"https:\/\/addinformatica.com\/ca\/cursos-formacion\/configurar-objetius-del-plan-individual\/#primaryimage"},"image":{"@id":"https:\/\/addinformatica.com\/ca\/cursos-formacion\/configurar-objetius-del-plan-individual\/#primaryimage"},"thumbnailUrl":"https:\/\/addinformatica.com\/wp-content\/uploads\/2021\/02\/curso-plan-cuidados.gif","datePublished":"2021-02-16T12:03:17+00:00","breadcrumb":{"@id":"https:\/\/addinformatica.com\/ca\/cursos-formacion\/configurar-objetius-del-plan-individual\/#breadcrumb"},"inLanguage":"ca","potentialAction":[{"@type":"ReadAction","target":["https:\/\/addinformatica.com\/ca\/cursos-formacion\/configurar-objetius-del-plan-individual\/"]}]},{"@type":"ImageObject","inLanguage":"ca","@id":"https:\/\/addinformatica.com\/ca\/cursos-formacion\/configurar-objetius-del-plan-individual\/#primaryimage","url":"https:\/\/addinformatica.com\/wp-content\/uploads\/2021\/02\/curso-plan-cuidados.gif","contentUrl":"https:\/\/addinformatica.com\/wp-content\/uploads\/2021\/02\/curso-plan-cuidados.gif","width":400,"height":400},{"@type":"BreadcrumbList","@id":"https:\/\/addinformatica.com\/ca\/cursos-formacion\/configurar-objetius-del-plan-individual\/#breadcrumb","itemListElement":[{"@type":"ListItem","position":1,"name":"Portada","item":"https:\/\/addinformatica.com\/ca\/"},{"@type":"ListItem","position":2,"name":"Events","item":"https:\/\/addinformatica.com\/cursos-formacion\/"},{"@type":"ListItem","position":3,"name":"Configurar objetius del Plan Individual"}]},{"@type":"WebSite","@id":"https:\/\/addinformatica.com\/#website","url":"https:\/\/addinformatica.com\/","name":"ResiPlus","description":"Software de gesti\u00f3n de residencias, centros de d\u00eda y discapacitados | ResiPlus","potentialAction":[{"@type":"SearchAction","target":{"@type":"EntryPoint","urlTemplate":"https:\/\/addinformatica.com\/?s={search_term_string}"},"query-input":{"@type":"PropertyValueSpecification","valueRequired":true,"valueName":"search_term_string"}}],"inLanguage":"ca"}]}},"_links":{"self":[{"href":"https:\/\/addinformatica.com\/ca\/wp-json\/wp\/v2\/ajde_events\/22657","targetHints":{"allow":["GET"]}}],"collection":[{"href":"https:\/\/addinformatica.com\/ca\/wp-json\/wp\/v2\/ajde_events"}],"about":[{"href":"https:\/\/addinformatica.com\/ca\/wp-json\/wp\/v2\/types\/ajde_events"}],"author":[{"embeddable":true,"href":"https:\/\/addinformatica.com\/ca\/wp-json\/wp\/v2\/users\/1"}],"replies":[{"embeddable":true,"href":"https:\/\/addinformatica.com\/ca\/wp-json\/wp\/v2\/comments?post=22657"}],"wp:featuredmedia":[{"embeddable":true,"href":"https:\/\/addinformatica.com\/ca\/wp-json\/wp\/v2\/media\/22267"}],"wp:attachment":[{"href":"https:\/\/addinformatica.com\/ca\/wp-json\/wp\/v2\/media?parent=22657"}],"wp:term":[{"taxonomy":"post_tag","embeddable":true,"href":"https:\/\/addinformatica.com\/ca\/wp-json\/wp\/v2\/tags?post=22657"},{"taxonomy":"event_type","embeddable":true,"href":"https:\/\/addinformatica.com\/ca\/wp-json\/wp\/v2\/event_type?post=22657"},{"taxonomy":"event_type_2","embeddable":true,"href":"https:\/\/addinformatica.com\/ca\/wp-json\/wp\/v2\/event_type_2?post=22657"}],"curies":[{"name":"wp","href":"https:\/\/api.w.org\/{rel}","templated":true}]}}

<p><strong>Contingut:</strong><br />
Configuració d&#8217;objetius i  accions concretes per a utilitzar-los en el Plan Individual.                                                                                                                                </p>
<p><strong>Cas Pràctic:</strong><br />
Plantear objetius de benestar físic i emocional a un resident. </p>
<p><strong>Destinataris:</strong><br />
Equipo Tècnic. Direcció.</p>
<p><strong>ID del seminari web:</strong> 980-349-523</p>

<!-- This site is optimized with the Yoast SEO plugin v27.4 - https://yoast.com/product/yoast-seo-wordpress/ -->
<title>Configurar objetius del Plan Individual - ResiPlus</title>
<meta name="robots" content="index, follow, max-snippet:-1, max-image-preview:large, max-video-preview:-1" />
<link rel="canonical" href="https://addinformatica.com/ca/cursos-formacion/configurar-objetius-del-plan-individual/" />
<meta property="og:locale" content="ca_ES" />
<meta property="og:type" content="article" />
<meta property="og:title" content="Configurar objetius del Plan Individual - ResiPlus" />
<meta property="og:description" content="Contingut: Configuració d&#8217;objetius i accions concretes per a utilitzar-los en el Plan Individual. Cas Pràctic: Plantear objetius de benestar físic i emocional a un resident. Destinataris: Equipo Tècnic. Direcció. ID del seminari web: 980-349-523" />
<meta property="og:url" content="https://addinformatica.com/ca/cursos-formacion/configurar-objetius-del-plan-individual/" />
<meta property="og:site_name" content="ResiPlus" />
<meta property="og:image" content="https://addinformatica.com/wp-content/uploads/2021/02/curso-plan-cuidados.gif" />
	<meta property="og:image:width" content="400" />
	<meta property="og:image:height" content="400" />
	<meta property="og:image:type" content="image/gif" />
<meta name="twitter:card" content="summary_large_image" />
<script type="application/ld+json" class="yoast-schema-graph">{"@context":"https:\/\/schema.org","@graph":[{"@type":"WebPage","@id":"https:\/\/addinformatica.com\/ca\/cursos-formacion\/configurar-objetius-del-plan-individual\/","url":"https:\/\/addinformatica.com\/ca\/cursos-formacion\/configurar-objetius-del-plan-individual\/","name":"Configurar objetius del Plan Individual - ResiPlus","isPartOf":{"@id":"https:\/\/addinformatica.com\/#website"},"primaryImageOfPage":{"@id":"https:\/\/addinformatica.com\/ca\/cursos-formacion\/configurar-objetius-del-plan-individual\/#primaryimage"},"image":{"@id":"https:\/\/addinformatica.com\/ca\/cursos-formacion\/configurar-objetius-del-plan-individual\/#primaryimage"},"thumbnailUrl":"https:\/\/addinformatica.com\/wp-content\/uploads\/2021\/02\/curso-plan-cuidados.gif","datePublished":"2021-02-16T12:03:17+00:00","breadcrumb":{"@id":"https:\/\/addinformatica.com\/ca\/cursos-formacion\/configurar-objetius-del-plan-individual\/#breadcrumb"},"inLanguage":"ca","potentialAction":[{"@type":"ReadAction","target":["https:\/\/addinformatica.com\/ca\/cursos-formacion\/configurar-objetius-del-plan-individual\/"]}]},{"@type":"ImageObject","inLanguage":"ca","@id":"https:\/\/addinformatica.com\/ca\/cursos-formacion\/configurar-objetius-del-plan-individual\/#primaryimage","url":"https:\/\/addinformatica.com\/wp-content\/uploads\/2021\/02\/curso-plan-cuidados.gif","contentUrl":"https:\/\/addinformatica.com\/wp-content\/uploads\/2021\/02\/curso-plan-cuidados.gif","width":400,"height":400},{"@type":"BreadcrumbList","@id":"https:\/\/addinformatica.com\/ca\/cursos-formacion\/configurar-objetius-del-plan-individual\/#breadcrumb","itemListElement":[{"@type":"ListItem","position":1,"name":"Portada","item":"https:\/\/addinformatica.com\/ca\/"},{"@type":"ListItem","position":2,"name":"Events","item":"https:\/\/addinformatica.com\/cursos-formacion\/"},{"@type":"ListItem","position":3,"name":"Configurar objetius del Plan Individual"}]},{"@type":"WebSite","@id":"https:\/\/addinformatica.com\/#website","url":"https:\/\/addinformatica.com\/","name":"ResiPlus","description":"Software de gestión de residencias, centros de día y discapacitados | ResiPlus","potentialAction":[{"@type":"SearchAction","target":{"@type":"EntryPoint","urlTemplate":"https:\/\/addinformatica.com\/?s={search_term_string}"},"query-input":{"@type":"PropertyValueSpecification","valueRequired":true,"valueName":"search_term_string"}}],"inLanguage":"ca"}]}</script>
<!-- / Yoast SEO plugin. -->

Contingut: Configuració d&#8217;objetius i accions concretes per a utilitzar-los en el Plan Individual. Cas Pràctic: Plantear objetius de benestar físic i emocional a un resident. Destinataris: Equipo Tècnic. Direcció. ID del seminari web: 980-349-523

Software de gestión de residencias, centros de día y discapacitados | ResiPlus
