{"id":22635,"date":"2021-02-16T12:03:07","date_gmt":"2021-02-16T12:03:07","guid":{"rendered":"https:\/\/resiplus.dagocreativo.com\/cursos-formacion\/mesures-complemetaries-catalunya-covid19\/"},"modified":"2021-02-16T12:03:07","modified_gmt":"2021-02-16T12:03:07","slug":"mesures-complemetaries-catalunya-covid19","status":"publish","type":"ajde_events","link":"https:\/\/addinformatica.com\/ca\/cursos-formacion\/mesures-complemetaries-catalunya-covid19\/","title":{"rendered":"Mesures per al sistema sanitari de Catalunya (COVID19)"},"content":{"rendered":"<p><strong>Contingut:<\/strong><br \/>\nEn el present seminari s&#8217;identifiquessin els camps de Resiplus que s&#8217;envien a el Departament de Salut de Catalunya.<\/p>\n<p>Assenyalarem aquells que s\u00f3n indispensable per a l&#8217;enlla\u00e7 i farem tots els registres relacionats amb les seg\u00fcents situacions:<\/p>\n<p>-Resident amb COVID-19.<br \/>\n-Resident amb sospita COVID-19.<br \/>\n-Resident amb COVID-19 superat.<\/p>\n<p>L&#8217;enlla\u00e7 tamb\u00e9 envia dades relatives a el personal i expedients de el centre. Per aix\u00f2 accedirem a personal, actualitzarem categoria laboral i per finalitzar pujarem un expedient excepcional que ens ha arribat a el centre.<\/p>\n<p><strong>ID del seminari web:<\/strong> 403-903-963<\/p>\n<p>Inscripci\u00f3:<\/p>\n<p>2 Juny &#8211; 10:00hs a 11:00hs &#8211; <a href=\"https:\/\/register.gotowebinar.com\/rt\/1828853282149433870\" rel=\"noopener noreferrer\" target=\"_blank\"><strong style=\"color:#5251af\">INSCRIGUI<\/strong><\/a><\/p>\n<p>5 Juny &#8211; 18:00hs a 19:00hs &#8211; <a href=\"https:\/\/register.gotowebinar.com\/rt\/8639477893733472014\" rel=\"noopener noreferrer\" target=\"_blank\"><strong style=\"color:#5251af\">INSCRIGUI<\/strong><\/a><\/p>\n<p>9 Juny &#8211; 10:00hs a 11:00hs &#8211; <a href=\"https:\/\/register.gotowebinar.com\/rt\/1828853282149433870\" rel=\"noopener noreferrer\" target=\"_blank\"><strong style=\"color:#5251af !important;\">INSCRIGUI<\/strong><\/a><\/p>\n<p>12 Juny &#8211; 18:00hs a 19:00hs &#8211; <a href=\"https:\/\/register.gotowebinar.com\/rt\/8639477893733472014\" rel=\"noopener noreferrer\" target=\"_blank\"><strong style=\"color:#5251af\">INSCRIGUI<\/strong><\/a><\/p>\n<p>16 Juny &#8211; 10:00hs a 11:00hs &#8211; <a href=\"https:\/\/register.gotowebinar.com\/rt\/1828853282149433870\" rel=\"noopener noreferrer\" target=\"_blank\"><strong style=\"color:#5251af !important;\">INSCRIGUI<\/strong><\/a><\/p>\n<p>19 Juny &#8211; 18:00hs a 19:00hs &#8211; <a href=\"https:\/\/register.gotowebinar.com\/rt\/8639477893733472014\" rel=\"noopener noreferrer\" target=\"_blank\"><strong style=\"color:#5251af\">INSCRIGUI<\/strong><\/a><\/p>\n<p>23 Juny &#8211; 10:00hs a 11:00hs &#8211; <a href=\"https:\/\/register.gotowebinar.com\/rt\/1828853282149433870\" rel=\"noopener noreferrer\" target=\"_blank\"><strong style=\"color:#5251af !important;\">INSCRIGUI<\/strong><\/a><\/p>\n<p>26 Juny &#8211; 18:00hs a 19:00hs &#8211; <a href=\"https:\/\/register.gotowebinar.com\/rt\/8639477893733472014\" rel=\"noopener noreferrer\" target=\"_blank\"><strong style=\"color:#5251af\">INSCRIGUI<\/strong><\/a><\/p>\n<p>30 Juny &#8211; 10:00hs a 11:00hs &#8211; <a href=\"https:\/\/register.gotowebinar.com\/rt\/1828853282149433870\" rel=\"noopener noreferrer\" target=\"_blank\"><strong style=\"color:#5251af !important;\">INSCRIGUI<\/strong><\/a><\/p>\n","protected":false},"author":1,"featured_media":22388,"menu_order":0,"comment_status":"closed","ping_status":"closed","template":"","meta":{"_acf_changed":false},"tags":[],"event_type":[],"event_type_2":[],"class_list":["post-22635","ajde_events","type-ajde_events","status-publish","has-post-thumbnail","hentry"],"acf":[],"yoast_head":"<!-- This site is optimized with the Yoast SEO plugin v27.4 - https:\/\/yoast.com\/product\/yoast-seo-wordpress\/ -->\n<title>Mesures per al sistema sanitari de Catalunya (COVID19) - ResiPlus<\/title>\n<meta name=\"robots\" content=\"index, follow, max-snippet:-1, max-image-preview:large, max-video-preview:-1\" \/>\n<link rel=\"canonical\" href=\"https:\/\/addinformatica.com\/ca\/cursos-formacion\/mesures-complemetaries-catalunya-covid19\/\" \/>\n<meta property=\"og:locale\" content=\"ca_ES\" \/>\n<meta property=\"og:type\" content=\"article\" \/>\n<meta property=\"og:title\" content=\"Mesures per al sistema sanitari de Catalunya (COVID19) - ResiPlus\" \/>\n<meta property=\"og:description\" content=\"Contingut: En el present seminari s&#8217;identifiquessin els camps de Resiplus que s&#8217;envien a el Departament de Salut de Catalunya. Assenyalarem aquells que s\u00f3n indispensable per a l&#8217;enlla\u00e7 i farem tots els registres relacionats amb les seg\u00fcents situacions: -Resident amb COVID-19. -Resident amb sospita COVID-19. -Resident amb COVID-19 superat. L&#8217;enlla\u00e7 tamb\u00e9 envia dades relatives a el [...]\" \/>\n<meta property=\"og:url\" content=\"https:\/\/addinformatica.com\/ca\/cursos-formacion\/mesures-complemetaries-catalunya-covid19\/\" \/>\n<meta property=\"og:site_name\" content=\"ResiPlus\" \/>\n<meta property=\"og:image\" content=\"https:\/\/addinformatica.com\/wp-content\/uploads\/2021\/02\/curso-covid.gif\" \/>\n\t<meta property=\"og:image:width\" content=\"400\" \/>\n\t<meta property=\"og:image:height\" content=\"400\" \/>\n\t<meta property=\"og:image:type\" content=\"image\/gif\" \/>\n<meta name=\"twitter:card\" content=\"summary_large_image\" \/>\n<meta name=\"twitter:label1\" content=\"Temps estimat de lectura\" \/>\n\t<meta name=\"twitter:data1\" content=\"1 minut\" \/>\n<script type=\"application\/ld+json\" class=\"yoast-schema-graph\">{\"@context\":\"https:\\\/\\\/schema.org\",\"@graph\":[{\"@type\":\"WebPage\",\"@id\":\"https:\\\/\\\/addinformatica.com\\\/ca\\\/cursos-formacion\\\/mesures-complemetaries-catalunya-covid19\\\/\",\"url\":\"https:\\\/\\\/addinformatica.com\\\/ca\\\/cursos-formacion\\\/mesures-complemetaries-catalunya-covid19\\\/\",\"name\":\"Mesures per al sistema sanitari de Catalunya (COVID19) - ResiPlus\",\"isPartOf\":{\"@id\":\"https:\\\/\\\/addinformatica.com\\\/#website\"},\"primaryImageOfPage\":{\"@id\":\"https:\\\/\\\/addinformatica.com\\\/ca\\\/cursos-formacion\\\/mesures-complemetaries-catalunya-covid19\\\/#primaryimage\"},\"image\":{\"@id\":\"https:\\\/\\\/addinformatica.com\\\/ca\\\/cursos-formacion\\\/mesures-complemetaries-catalunya-covid19\\\/#primaryimage\"},\"thumbnailUrl\":\"https:\\\/\\\/addinformatica.com\\\/wp-content\\\/uploads\\\/2021\\\/02\\\/curso-covid.gif\",\"datePublished\":\"2021-02-16T12:03:07+00:00\",\"breadcrumb\":{\"@id\":\"https:\\\/\\\/addinformatica.com\\\/ca\\\/cursos-formacion\\\/mesures-complemetaries-catalunya-covid19\\\/#breadcrumb\"},\"inLanguage\":\"ca\",\"potentialAction\":[{\"@type\":\"ReadAction\",\"target\":[\"https:\\\/\\\/addinformatica.com\\\/ca\\\/cursos-formacion\\\/mesures-complemetaries-catalunya-covid19\\\/\"]}]},{\"@type\":\"ImageObject\",\"inLanguage\":\"ca\",\"@id\":\"https:\\\/\\\/addinformatica.com\\\/ca\\\/cursos-formacion\\\/mesures-complemetaries-catalunya-covid19\\\/#primaryimage\",\"url\":\"https:\\\/\\\/addinformatica.com\\\/wp-content\\\/uploads\\\/2021\\\/02\\\/curso-covid.gif\",\"contentUrl\":\"https:\\\/\\\/addinformatica.com\\\/wp-content\\\/uploads\\\/2021\\\/02\\\/curso-covid.gif\",\"width\":400,\"height\":400},{\"@type\":\"BreadcrumbList\",\"@id\":\"https:\\\/\\\/addinformatica.com\\\/ca\\\/cursos-formacion\\\/mesures-complemetaries-catalunya-covid19\\\/#breadcrumb\",\"itemListElement\":[{\"@type\":\"ListItem\",\"position\":1,\"name\":\"Portada\",\"item\":\"https:\\\/\\\/addinformatica.com\\\/ca\\\/\"},{\"@type\":\"ListItem\",\"position\":2,\"name\":\"Events\",\"item\":\"https:\\\/\\\/addinformatica.com\\\/cursos-formacion\\\/\"},{\"@type\":\"ListItem\",\"position\":3,\"name\":\"Mesures per al sistema sanitari de Catalunya (COVID19)\"}]},{\"@type\":\"WebSite\",\"@id\":\"https:\\\/\\\/addinformatica.com\\\/#website\",\"url\":\"https:\\\/\\\/addinformatica.com\\\/\",\"name\":\"ResiPlus\",\"description\":\"Software de gesti\u00f3n de residencias, centros de d\u00eda y discapacitados | ResiPlus\",\"potentialAction\":[{\"@type\":\"SearchAction\",\"target\":{\"@type\":\"EntryPoint\",\"urlTemplate\":\"https:\\\/\\\/addinformatica.com\\\/?s={search_term_string}\"},\"query-input\":{\"@type\":\"PropertyValueSpecification\",\"valueRequired\":true,\"valueName\":\"search_term_string\"}}],\"inLanguage\":\"ca\"}]}<\/script>\n<!-- \/ Yoast SEO plugin. -->","yoast_head_json":{"title":"Mesures per al sistema sanitari de Catalunya (COVID19) - ResiPlus","robots":{"index":"index","follow":"follow","max-snippet":"max-snippet:-1","max-image-preview":"max-image-preview:large","max-video-preview":"max-video-preview:-1"},"canonical":"https:\/\/addinformatica.com\/ca\/cursos-formacion\/mesures-complemetaries-catalunya-covid19\/","og_locale":"ca_ES","og_type":"article","og_title":"Mesures per al sistema sanitari de Catalunya (COVID19) - ResiPlus","og_description":"Contingut: En el present seminari s&#8217;identifiquessin els camps de Resiplus que s&#8217;envien a el Departament de Salut de Catalunya. Assenyalarem aquells que s\u00f3n indispensable per a l&#8217;enlla\u00e7 i farem tots els registres relacionats amb les seg\u00fcents situacions: -Resident amb COVID-19. -Resident amb sospita COVID-19. -Resident amb COVID-19 superat. L&#8217;enlla\u00e7 tamb\u00e9 envia dades relatives a el [...]","og_url":"https:\/\/addinformatica.com\/ca\/cursos-formacion\/mesures-complemetaries-catalunya-covid19\/","og_site_name":"ResiPlus","og_image":[{"width":400,"height":400,"url":"https:\/\/addinformatica.com\/wp-content\/uploads\/2021\/02\/curso-covid.gif","type":"image\/gif"}],"twitter_card":"summary_large_image","twitter_misc":{"Temps estimat de lectura":"1 minut"},"schema":{"@context":"https:\/\/schema.org","@graph":[{"@type":"WebPage","@id":"https:\/\/addinformatica.com\/ca\/cursos-formacion\/mesures-complemetaries-catalunya-covid19\/","url":"https:\/\/addinformatica.com\/ca\/cursos-formacion\/mesures-complemetaries-catalunya-covid19\/","name":"Mesures per al sistema sanitari de Catalunya (COVID19) - ResiPlus","isPartOf":{"@id":"https:\/\/addinformatica.com\/#website"},"primaryImageOfPage":{"@id":"https:\/\/addinformatica.com\/ca\/cursos-formacion\/mesures-complemetaries-catalunya-covid19\/#primaryimage"},"image":{"@id":"https:\/\/addinformatica.com\/ca\/cursos-formacion\/mesures-complemetaries-catalunya-covid19\/#primaryimage"},"thumbnailUrl":"https:\/\/addinformatica.com\/wp-content\/uploads\/2021\/02\/curso-covid.gif","datePublished":"2021-02-16T12:03:07+00:00","breadcrumb":{"@id":"https:\/\/addinformatica.com\/ca\/cursos-formacion\/mesures-complemetaries-catalunya-covid19\/#breadcrumb"},"inLanguage":"ca","potentialAction":[{"@type":"ReadAction","target":["https:\/\/addinformatica.com\/ca\/cursos-formacion\/mesures-complemetaries-catalunya-covid19\/"]}]},{"@type":"ImageObject","inLanguage":"ca","@id":"https:\/\/addinformatica.com\/ca\/cursos-formacion\/mesures-complemetaries-catalunya-covid19\/#primaryimage","url":"https:\/\/addinformatica.com\/wp-content\/uploads\/2021\/02\/curso-covid.gif","contentUrl":"https:\/\/addinformatica.com\/wp-content\/uploads\/2021\/02\/curso-covid.gif","width":400,"height":400},{"@type":"BreadcrumbList","@id":"https:\/\/addinformatica.com\/ca\/cursos-formacion\/mesures-complemetaries-catalunya-covid19\/#breadcrumb","itemListElement":[{"@type":"ListItem","position":1,"name":"Portada","item":"https:\/\/addinformatica.com\/ca\/"},{"@type":"ListItem","position":2,"name":"Events","item":"https:\/\/addinformatica.com\/cursos-formacion\/"},{"@type":"ListItem","position":3,"name":"Mesures per al sistema sanitari de Catalunya (COVID19)"}]},{"@type":"WebSite","@id":"https:\/\/addinformatica.com\/#website","url":"https:\/\/addinformatica.com\/","name":"ResiPlus","description":"Software de gesti\u00f3n de residencias, centros de d\u00eda y discapacitados | ResiPlus","potentialAction":[{"@type":"SearchAction","target":{"@type":"EntryPoint","urlTemplate":"https:\/\/addinformatica.com\/?s={search_term_string}"},"query-input":{"@type":"PropertyValueSpecification","valueRequired":true,"valueName":"search_term_string"}}],"inLanguage":"ca"}]}},"_links":{"self":[{"href":"https:\/\/addinformatica.com\/ca\/wp-json\/wp\/v2\/ajde_events\/22635","targetHints":{"allow":["GET"]}}],"collection":[{"href":"https:\/\/addinformatica.com\/ca\/wp-json\/wp\/v2\/ajde_events"}],"about":[{"href":"https:\/\/addinformatica.com\/ca\/wp-json\/wp\/v2\/types\/ajde_events"}],"author":[{"embeddable":true,"href":"https:\/\/addinformatica.com\/ca\/wp-json\/wp\/v2\/users\/1"}],"replies":[{"embeddable":true,"href":"https:\/\/addinformatica.com\/ca\/wp-json\/wp\/v2\/comments?post=22635"}],"wp:featuredmedia":[{"embeddable":true,"href":"https:\/\/addinformatica.com\/ca\/wp-json\/wp\/v2\/media\/22388"}],"wp:attachment":[{"href":"https:\/\/addinformatica.com\/ca\/wp-json\/wp\/v2\/media?parent=22635"}],"wp:term":[{"taxonomy":"post_tag","embeddable":true,"href":"https:\/\/addinformatica.com\/ca\/wp-json\/wp\/v2\/tags?post=22635"},{"taxonomy":"event_type","embeddable":true,"href":"https:\/\/addinformatica.com\/ca\/wp-json\/wp\/v2\/event_type?post=22635"},{"taxonomy":"event_type_2","embeddable":true,"href":"https:\/\/addinformatica.com\/ca\/wp-json\/wp\/v2\/event_type_2?post=22635"}],"curies":[{"name":"wp","href":"https:\/\/api.w.org\/{rel}","templated":true}]}}

<p><strong>Contingut:</strong><br />
En el present seminari s&#8217;identifiquessin els camps de Resiplus que s&#8217;envien a el Departament de Salut de Catalunya.</p>
<p>Assenyalarem aquells que són indispensable per a l&#8217;enllaç i farem tots els registres relacionats amb les següents situacions:</p>
<p>-Resident amb COVID-19.<br />
-Resident amb sospita COVID-19.<br />
-Resident amb COVID-19 superat.</p>
<p>L&#8217;enllaç també envia dades relatives a el personal i expedients de el centre. Per això accedirem a personal, actualitzarem categoria laboral i per finalitzar pujarem un expedient excepcional que ens ha arribat a el centre.</p>
<p><strong>ID del seminari web:</strong> 403-903-963</p>
<p>Inscripció:</p>
<p>2 Juny &#8211; 10:00hs a 11:00hs &#8211; <a href="https://register.gotowebinar.com/rt/1828853282149433870" rel="noopener noreferrer" target="_blank"><strong style="color:#5251af">INSCRIGUI</strong></a></p>
<p>5 Juny &#8211; 18:00hs a 19:00hs &#8211; <a href="https://register.gotowebinar.com/rt/8639477893733472014" rel="noopener noreferrer" target="_blank"><strong style="color:#5251af">INSCRIGUI</strong></a></p>
<p>9 Juny &#8211; 10:00hs a 11:00hs &#8211; <a href="https://register.gotowebinar.com/rt/1828853282149433870" rel="noopener noreferrer" target="_blank"><strong style="color:#5251af !important;">INSCRIGUI</strong></a></p>
<p>12 Juny &#8211; 18:00hs a 19:00hs &#8211; <a href="https://register.gotowebinar.com/rt/8639477893733472014" rel="noopener noreferrer" target="_blank"><strong style="color:#5251af">INSCRIGUI</strong></a></p>
<p>16 Juny &#8211; 10:00hs a 11:00hs &#8211; <a href="https://register.gotowebinar.com/rt/1828853282149433870" rel="noopener noreferrer" target="_blank"><strong style="color:#5251af !important;">INSCRIGUI</strong></a></p>
<p>19 Juny &#8211; 18:00hs a 19:00hs &#8211; <a href="https://register.gotowebinar.com/rt/8639477893733472014" rel="noopener noreferrer" target="_blank"><strong style="color:#5251af">INSCRIGUI</strong></a></p>
<p>23 Juny &#8211; 10:00hs a 11:00hs &#8211; <a href="https://register.gotowebinar.com/rt/1828853282149433870" rel="noopener noreferrer" target="_blank"><strong style="color:#5251af !important;">INSCRIGUI</strong></a></p>
<p>26 Juny &#8211; 18:00hs a 19:00hs &#8211; <a href="https://register.gotowebinar.com/rt/8639477893733472014" rel="noopener noreferrer" target="_blank"><strong style="color:#5251af">INSCRIGUI</strong></a></p>
<p>30 Juny &#8211; 10:00hs a 11:00hs &#8211; <a href="https://register.gotowebinar.com/rt/1828853282149433870" rel="noopener noreferrer" target="_blank"><strong style="color:#5251af !important;">INSCRIGUI</strong></a></p>

<!-- This site is optimized with the Yoast SEO plugin v27.4 - https://yoast.com/product/yoast-seo-wordpress/ -->
<title>Mesures per al sistema sanitari de Catalunya (COVID19) - ResiPlus</title>
<meta name="robots" content="index, follow, max-snippet:-1, max-image-preview:large, max-video-preview:-1" />
<link rel="canonical" href="https://addinformatica.com/ca/cursos-formacion/mesures-complemetaries-catalunya-covid19/" />
<meta property="og:locale" content="ca_ES" />
<meta property="og:type" content="article" />
<meta property="og:title" content="Mesures per al sistema sanitari de Catalunya (COVID19) - ResiPlus" />
<meta property="og:description" content="Contingut: En el present seminari s&#8217;identifiquessin els camps de Resiplus que s&#8217;envien a el Departament de Salut de Catalunya. Assenyalarem aquells que són indispensable per a l&#8217;enllaç i farem tots els registres relacionats amb les següents situacions: -Resident amb COVID-19. -Resident amb sospita COVID-19. -Resident amb COVID-19 superat. L&#8217;enllaç també envia dades relatives a el [...]" />
<meta property="og:url" content="https://addinformatica.com/ca/cursos-formacion/mesures-complemetaries-catalunya-covid19/" />
<meta property="og:site_name" content="ResiPlus" />
<meta property="og:image" content="https://addinformatica.com/wp-content/uploads/2021/02/curso-covid.gif" />
	<meta property="og:image:width" content="400" />
	<meta property="og:image:height" content="400" />
	<meta property="og:image:type" content="image/gif" />
<meta name="twitter:card" content="summary_large_image" />
<meta name="twitter:label1" content="Temps estimat de lectura" />
	<meta name="twitter:data1" content="1 minut" />
<script type="application/ld+json" class="yoast-schema-graph">{"@context":"https:\/\/schema.org","@graph":[{"@type":"WebPage","@id":"https:\/\/addinformatica.com\/ca\/cursos-formacion\/mesures-complemetaries-catalunya-covid19\/","url":"https:\/\/addinformatica.com\/ca\/cursos-formacion\/mesures-complemetaries-catalunya-covid19\/","name":"Mesures per al sistema sanitari de Catalunya (COVID19) - ResiPlus","isPartOf":{"@id":"https:\/\/addinformatica.com\/#website"},"primaryImageOfPage":{"@id":"https:\/\/addinformatica.com\/ca\/cursos-formacion\/mesures-complemetaries-catalunya-covid19\/#primaryimage"},"image":{"@id":"https:\/\/addinformatica.com\/ca\/cursos-formacion\/mesures-complemetaries-catalunya-covid19\/#primaryimage"},"thumbnailUrl":"https:\/\/addinformatica.com\/wp-content\/uploads\/2021\/02\/curso-covid.gif","datePublished":"2021-02-16T12:03:07+00:00","breadcrumb":{"@id":"https:\/\/addinformatica.com\/ca\/cursos-formacion\/mesures-complemetaries-catalunya-covid19\/#breadcrumb"},"inLanguage":"ca","potentialAction":[{"@type":"ReadAction","target":["https:\/\/addinformatica.com\/ca\/cursos-formacion\/mesures-complemetaries-catalunya-covid19\/"]}]},{"@type":"ImageObject","inLanguage":"ca","@id":"https:\/\/addinformatica.com\/ca\/cursos-formacion\/mesures-complemetaries-catalunya-covid19\/#primaryimage","url":"https:\/\/addinformatica.com\/wp-content\/uploads\/2021\/02\/curso-covid.gif","contentUrl":"https:\/\/addinformatica.com\/wp-content\/uploads\/2021\/02\/curso-covid.gif","width":400,"height":400},{"@type":"BreadcrumbList","@id":"https:\/\/addinformatica.com\/ca\/cursos-formacion\/mesures-complemetaries-catalunya-covid19\/#breadcrumb","itemListElement":[{"@type":"ListItem","position":1,"name":"Portada","item":"https:\/\/addinformatica.com\/ca\/"},{"@type":"ListItem","position":2,"name":"Events","item":"https:\/\/addinformatica.com\/cursos-formacion\/"},{"@type":"ListItem","position":3,"name":"Mesures per al sistema sanitari de Catalunya (COVID19)"}]},{"@type":"WebSite","@id":"https:\/\/addinformatica.com\/#website","url":"https:\/\/addinformatica.com\/","name":"ResiPlus","description":"Software de gestión de residencias, centros de día y discapacitados | ResiPlus","potentialAction":[{"@type":"SearchAction","target":{"@type":"EntryPoint","urlTemplate":"https:\/\/addinformatica.com\/?s={search_term_string}"},"query-input":{"@type":"PropertyValueSpecification","valueRequired":true,"valueName":"search_term_string"}}],"inLanguage":"ca"}]}</script>
<!-- / Yoast SEO plugin. -->

Contingut: En el present seminari s&#8217;identifiquessin els camps de Resiplus que s&#8217;envien a el Departament de Salut de Catalunya. Assenyalarem aquells que són indispensable per a l&#8217;enllaç i farem tots els registres relacionats amb les següents situacions: -Resident amb COVID-19. -Resident amb sospita COVID-19. -Resident amb COVID-19 superat. L&#8217;enllaç també envia dades relatives a el [...]

Software de gestión de residencias, centros de día y discapacitados | ResiPlus
