{"id":22626,"date":"2021-02-16T12:03:07","date_gmt":"2021-02-16T12:03:07","guid":{"rendered":"https:\/\/resiplus.dagocreativo.com\/cursos-formacion\/planning-de-personal-i-configuracio\/"},"modified":"2025-01-10T14:46:44","modified_gmt":"2025-01-10T14:46:44","slug":"planning-de-personal-i-configuracio","status":"publish","type":"ajde_events","link":"https:\/\/addinformatica.com\/ca\/cursos-formacion\/planning-de-personal-i-configuracio\/","title":{"rendered":"Planning de Personal: Configuraci\u00f3 i posada en marxa"},"content":{"rendered":"<p><strong>Contingut:<\/strong><br \/>\nConfiguraci\u00f3 de franges hor\u00e0ries, torns i incid\u00e8ncies. \nCreaci\u00f3 i aplicaci\u00f3 de patrons en quadrant. \nC\u00f2pia de quadrants entre treballadors. \nOpcions d&#8217;exportaci\u00f3 en Excel.<\/p>\n<p><strong>Cas pr\u00e0ctic:<\/strong><br \/>\nDonar d&#8217;alta dos torns de treball amb les seues respectives franges hor\u00e0ries i dos incid\u00e8ncies. \nCrear un patr\u00f3 de rotaci\u00f3 amb els torns i aplicar-lo al quadrant. \nRegistrar una incid\u00e8ncia per vacances. Donar de baixa un treballador a finals del mes de gener i copiar el seu quadrant a partir de la data de baixa en un treballador nou. \nExportar el quadrant a Excel tant general com particular.<\/p>\n<p><strong>Destinataris:<\/strong><br \/>\nAdministraci\u00f3, Direcci\u00f3, Gesti\u00f3 de Persones.<\/p>\n<p><strong>ID del seminari web:<\/strong> 338-548-035<\/p>\n<p><strong>Usuaris ResiPlus<sup>\u00ae<\/sup> &#8211; Inscripci\u00f3 gratuita<\/strong><\/p>\n\n\n<a href=\"https:\/\/attendee.gotowebinar.com\/register\/3514319982109374295\" target=\"_blank\" class=\"button primary\" rel=\"noopener\" style=\"border-radius:99px;\">\n\t\t<span>INSCRIGUI<\/span>\n\t<\/a>\n\n","protected":false},"author":1,"featured_media":26589,"menu_order":0,"comment_status":"closed","ping_status":"closed","template":"","meta":{"_acf_changed":false},"tags":[],"event_type":[],"event_type_2":[],"class_list":["post-22626","ajde_events","type-ajde_events","status-publish","has-post-thumbnail","hentry"],"acf":[],"yoast_head":"<!-- This site is optimized with the Yoast SEO plugin v27.4 - https:\/\/yoast.com\/product\/yoast-seo-wordpress\/ -->\n<title>Planning de Personal: Configuraci\u00f3 i posada en marxa - ResiPlus<\/title>\n<meta name=\"robots\" content=\"index, follow, max-snippet:-1, max-image-preview:large, max-video-preview:-1\" \/>\n<link rel=\"canonical\" href=\"https:\/\/addinformatica.com\/ca\/cursos-formacion\/planning-de-personal-i-configuracio\/\" \/>\n<meta property=\"og:locale\" content=\"ca_ES\" \/>\n<meta property=\"og:type\" content=\"article\" \/>\n<meta property=\"og:title\" content=\"Planning de Personal: Configuraci\u00f3 i posada en marxa - ResiPlus\" \/>\n<meta property=\"og:description\" content=\"Contingut: Configuraci\u00f3 de franges hor\u00e0ries, torns i incid\u00e8ncies. Creaci\u00f3 i aplicaci\u00f3 de patrons en quadrant. C\u00f2pia de quadrants entre treballadors. Opcions d&#8217;exportaci\u00f3 en Excel. Cas pr\u00e0ctic: Donar d&#8217;alta dos torns de treball amb les seues respectives franges hor\u00e0ries i dos incid\u00e8ncies. Crear un patr\u00f3 de rotaci\u00f3 amb els torns i aplicar-lo al quadrant. Registrar una [...]\" \/>\n<meta property=\"og:url\" content=\"https:\/\/addinformatica.com\/ca\/cursos-formacion\/planning-de-personal-i-configuracio\/\" \/>\n<meta property=\"og:site_name\" content=\"ResiPlus\" \/>\n<meta property=\"article:modified_time\" content=\"2025-01-10T14:46:44+00:00\" \/>\n<meta property=\"og:image\" content=\"https:\/\/addinformatica.com\/wp-content\/uploads\/2021\/02\/curso-planning-orange.gif\" \/>\n\t<meta property=\"og:image:width\" content=\"400\" \/>\n\t<meta property=\"og:image:height\" content=\"400\" \/>\n\t<meta property=\"og:image:type\" content=\"image\/gif\" \/>\n<meta name=\"twitter:card\" content=\"summary_large_image\" \/>\n<meta name=\"twitter:label1\" content=\"Temps estimat de lectura\" \/>\n\t<meta name=\"twitter:data1\" content=\"1 minut\" \/>\n<script type=\"application\/ld+json\" class=\"yoast-schema-graph\">{\"@context\":\"https:\\\/\\\/schema.org\",\"@graph\":[{\"@type\":\"WebPage\",\"@id\":\"https:\\\/\\\/addinformatica.com\\\/ca\\\/cursos-formacion\\\/planning-de-personal-i-configuracio\\\/\",\"url\":\"https:\\\/\\\/addinformatica.com\\\/ca\\\/cursos-formacion\\\/planning-de-personal-i-configuracio\\\/\",\"name\":\"Planning de Personal: Configuraci\u00f3 i posada en marxa - ResiPlus\",\"isPartOf\":{\"@id\":\"https:\\\/\\\/addinformatica.com\\\/#website\"},\"primaryImageOfPage\":{\"@id\":\"https:\\\/\\\/addinformatica.com\\\/ca\\\/cursos-formacion\\\/planning-de-personal-i-configuracio\\\/#primaryimage\"},\"image\":{\"@id\":\"https:\\\/\\\/addinformatica.com\\\/ca\\\/cursos-formacion\\\/planning-de-personal-i-configuracio\\\/#primaryimage\"},\"thumbnailUrl\":\"https:\\\/\\\/addinformatica.com\\\/wp-content\\\/uploads\\\/2021\\\/02\\\/curso-planning-orange.gif\",\"datePublished\":\"2021-02-16T12:03:07+00:00\",\"dateModified\":\"2025-01-10T14:46:44+00:00\",\"breadcrumb\":{\"@id\":\"https:\\\/\\\/addinformatica.com\\\/ca\\\/cursos-formacion\\\/planning-de-personal-i-configuracio\\\/#breadcrumb\"},\"inLanguage\":\"ca\",\"potentialAction\":[{\"@type\":\"ReadAction\",\"target\":[\"https:\\\/\\\/addinformatica.com\\\/ca\\\/cursos-formacion\\\/planning-de-personal-i-configuracio\\\/\"]}]},{\"@type\":\"ImageObject\",\"inLanguage\":\"ca\",\"@id\":\"https:\\\/\\\/addinformatica.com\\\/ca\\\/cursos-formacion\\\/planning-de-personal-i-configuracio\\\/#primaryimage\",\"url\":\"https:\\\/\\\/addinformatica.com\\\/wp-content\\\/uploads\\\/2021\\\/02\\\/curso-planning-orange.gif\",\"contentUrl\":\"https:\\\/\\\/addinformatica.com\\\/wp-content\\\/uploads\\\/2021\\\/02\\\/curso-planning-orange.gif\",\"width\":400,\"height\":400},{\"@type\":\"BreadcrumbList\",\"@id\":\"https:\\\/\\\/addinformatica.com\\\/ca\\\/cursos-formacion\\\/planning-de-personal-i-configuracio\\\/#breadcrumb\",\"itemListElement\":[{\"@type\":\"ListItem\",\"position\":1,\"name\":\"Portada\",\"item\":\"https:\\\/\\\/addinformatica.com\\\/ca\\\/\"},{\"@type\":\"ListItem\",\"position\":2,\"name\":\"Events\",\"item\":\"https:\\\/\\\/addinformatica.com\\\/cursos-formacion\\\/\"},{\"@type\":\"ListItem\",\"position\":3,\"name\":\"Planning de Personal: Configuraci\u00f3 i posada en marxa\"}]},{\"@type\":\"WebSite\",\"@id\":\"https:\\\/\\\/addinformatica.com\\\/#website\",\"url\":\"https:\\\/\\\/addinformatica.com\\\/\",\"name\":\"ResiPlus\",\"description\":\"Software de gesti\u00f3n de residencias, centros de d\u00eda y discapacitados | ResiPlus\",\"potentialAction\":[{\"@type\":\"SearchAction\",\"target\":{\"@type\":\"EntryPoint\",\"urlTemplate\":\"https:\\\/\\\/addinformatica.com\\\/?s={search_term_string}\"},\"query-input\":{\"@type\":\"PropertyValueSpecification\",\"valueRequired\":true,\"valueName\":\"search_term_string\"}}],\"inLanguage\":\"ca\"}]}<\/script>\n<!-- \/ Yoast SEO plugin. -->","yoast_head_json":{"title":"Planning de Personal: Configuraci\u00f3 i posada en marxa - ResiPlus","robots":{"index":"index","follow":"follow","max-snippet":"max-snippet:-1","max-image-preview":"max-image-preview:large","max-video-preview":"max-video-preview:-1"},"canonical":"https:\/\/addinformatica.com\/ca\/cursos-formacion\/planning-de-personal-i-configuracio\/","og_locale":"ca_ES","og_type":"article","og_title":"Planning de Personal: Configuraci\u00f3 i posada en marxa - ResiPlus","og_description":"Contingut: Configuraci\u00f3 de franges hor\u00e0ries, torns i incid\u00e8ncies. Creaci\u00f3 i aplicaci\u00f3 de patrons en quadrant. C\u00f2pia de quadrants entre treballadors. Opcions d&#8217;exportaci\u00f3 en Excel. Cas pr\u00e0ctic: Donar d&#8217;alta dos torns de treball amb les seues respectives franges hor\u00e0ries i dos incid\u00e8ncies. Crear un patr\u00f3 de rotaci\u00f3 amb els torns i aplicar-lo al quadrant. Registrar una [...]","og_url":"https:\/\/addinformatica.com\/ca\/cursos-formacion\/planning-de-personal-i-configuracio\/","og_site_name":"ResiPlus","article_modified_time":"2025-01-10T14:46:44+00:00","og_image":[{"width":400,"height":400,"url":"https:\/\/addinformatica.com\/wp-content\/uploads\/2021\/02\/curso-planning-orange.gif","type":"image\/gif"}],"twitter_card":"summary_large_image","twitter_misc":{"Temps estimat de lectura":"1 minut"},"schema":{"@context":"https:\/\/schema.org","@graph":[{"@type":"WebPage","@id":"https:\/\/addinformatica.com\/ca\/cursos-formacion\/planning-de-personal-i-configuracio\/","url":"https:\/\/addinformatica.com\/ca\/cursos-formacion\/planning-de-personal-i-configuracio\/","name":"Planning de Personal: Configuraci\u00f3 i posada en marxa - ResiPlus","isPartOf":{"@id":"https:\/\/addinformatica.com\/#website"},"primaryImageOfPage":{"@id":"https:\/\/addinformatica.com\/ca\/cursos-formacion\/planning-de-personal-i-configuracio\/#primaryimage"},"image":{"@id":"https:\/\/addinformatica.com\/ca\/cursos-formacion\/planning-de-personal-i-configuracio\/#primaryimage"},"thumbnailUrl":"https:\/\/addinformatica.com\/wp-content\/uploads\/2021\/02\/curso-planning-orange.gif","datePublished":"2021-02-16T12:03:07+00:00","dateModified":"2025-01-10T14:46:44+00:00","breadcrumb":{"@id":"https:\/\/addinformatica.com\/ca\/cursos-formacion\/planning-de-personal-i-configuracio\/#breadcrumb"},"inLanguage":"ca","potentialAction":[{"@type":"ReadAction","target":["https:\/\/addinformatica.com\/ca\/cursos-formacion\/planning-de-personal-i-configuracio\/"]}]},{"@type":"ImageObject","inLanguage":"ca","@id":"https:\/\/addinformatica.com\/ca\/cursos-formacion\/planning-de-personal-i-configuracio\/#primaryimage","url":"https:\/\/addinformatica.com\/wp-content\/uploads\/2021\/02\/curso-planning-orange.gif","contentUrl":"https:\/\/addinformatica.com\/wp-content\/uploads\/2021\/02\/curso-planning-orange.gif","width":400,"height":400},{"@type":"BreadcrumbList","@id":"https:\/\/addinformatica.com\/ca\/cursos-formacion\/planning-de-personal-i-configuracio\/#breadcrumb","itemListElement":[{"@type":"ListItem","position":1,"name":"Portada","item":"https:\/\/addinformatica.com\/ca\/"},{"@type":"ListItem","position":2,"name":"Events","item":"https:\/\/addinformatica.com\/cursos-formacion\/"},{"@type":"ListItem","position":3,"name":"Planning de Personal: Configuraci\u00f3 i posada en marxa"}]},{"@type":"WebSite","@id":"https:\/\/addinformatica.com\/#website","url":"https:\/\/addinformatica.com\/","name":"ResiPlus","description":"Software de gesti\u00f3n de residencias, centros de d\u00eda y discapacitados | ResiPlus","potentialAction":[{"@type":"SearchAction","target":{"@type":"EntryPoint","urlTemplate":"https:\/\/addinformatica.com\/?s={search_term_string}"},"query-input":{"@type":"PropertyValueSpecification","valueRequired":true,"valueName":"search_term_string"}}],"inLanguage":"ca"}]}},"_links":{"self":[{"href":"https:\/\/addinformatica.com\/ca\/wp-json\/wp\/v2\/ajde_events\/22626","targetHints":{"allow":["GET"]}}],"collection":[{"href":"https:\/\/addinformatica.com\/ca\/wp-json\/wp\/v2\/ajde_events"}],"about":[{"href":"https:\/\/addinformatica.com\/ca\/wp-json\/wp\/v2\/types\/ajde_events"}],"author":[{"embeddable":true,"href":"https:\/\/addinformatica.com\/ca\/wp-json\/wp\/v2\/users\/1"}],"replies":[{"embeddable":true,"href":"https:\/\/addinformatica.com\/ca\/wp-json\/wp\/v2\/comments?post=22626"}],"wp:featuredmedia":[{"embeddable":true,"href":"https:\/\/addinformatica.com\/ca\/wp-json\/wp\/v2\/media\/26589"}],"wp:attachment":[{"href":"https:\/\/addinformatica.com\/ca\/wp-json\/wp\/v2\/media?parent=22626"}],"wp:term":[{"taxonomy":"post_tag","embeddable":true,"href":"https:\/\/addinformatica.com\/ca\/wp-json\/wp\/v2\/tags?post=22626"},{"taxonomy":"event_type","embeddable":true,"href":"https:\/\/addinformatica.com\/ca\/wp-json\/wp\/v2\/event_type?post=22626"},{"taxonomy":"event_type_2","embeddable":true,"href":"https:\/\/addinformatica.com\/ca\/wp-json\/wp\/v2\/event_type_2?post=22626"}],"curies":[{"name":"wp","href":"https:\/\/api.w.org\/{rel}","templated":true}]}}

Planning de Personal: Configuració i posada en marxa

<p><strong>Contingut:</strong><br />
Configuració de franges horàries, torns i incidències. 
Creació i aplicació de patrons en quadrant. 
Còpia de quadrants entre treballadors. 
Opcions d&#8217;exportació en Excel.</p>
<p><strong>Cas pràctic:</strong><br />
Donar d&#8217;alta dos torns de treball amb les seues respectives franges horàries i dos incidències. 
Crear un patró de rotació amb els torns i aplicar-lo al quadrant. 
Registrar una incidència per vacances. Donar de baixa un treballador a finals del mes de gener i copiar el seu quadrant a partir de la data de baixa en un treballador nou. 
Exportar el quadrant a Excel tant general com particular.</p>
<p><strong>Destinataris:</strong><br />
Administració, Direcció, Gestió de Persones.</p>
<p><strong>ID del seminari web:</strong> 338-548-035</p>
<p><strong>Usuaris ResiPlus<sup>®</sup> &#8211; Inscripció gratuita</strong></p>


<a href="https://attendee.gotowebinar.com/register/3514319982109374295" target="_blank" class="button primary" rel="noopener" style="border-radius:99px;">
		<span>INSCRIGUI</span>
	</a>

<!-- This site is optimized with the Yoast SEO plugin v27.4 - https://yoast.com/product/yoast-seo-wordpress/ -->
<title>Planning de Personal: Configuració i posada en marxa - ResiPlus</title>
<meta name="robots" content="index, follow, max-snippet:-1, max-image-preview:large, max-video-preview:-1" />
<link rel="canonical" href="https://addinformatica.com/ca/cursos-formacion/planning-de-personal-i-configuracio/" />
<meta property="og:locale" content="ca_ES" />
<meta property="og:type" content="article" />
<meta property="og:title" content="Planning de Personal: Configuració i posada en marxa - ResiPlus" />
<meta property="og:description" content="Contingut: Configuració de franges horàries, torns i incidències. Creació i aplicació de patrons en quadrant. Còpia de quadrants entre treballadors. Opcions d&#8217;exportació en Excel. Cas pràctic: Donar d&#8217;alta dos torns de treball amb les seues respectives franges horàries i dos incidències. Crear un patró de rotació amb els torns i aplicar-lo al quadrant. Registrar una [...]" />
<meta property="og:url" content="https://addinformatica.com/ca/cursos-formacion/planning-de-personal-i-configuracio/" />
<meta property="og:site_name" content="ResiPlus" />
<meta property="article:modified_time" content="2025-01-10T14:46:44+00:00" />
<meta property="og:image" content="https://addinformatica.com/wp-content/uploads/2021/02/curso-planning-orange.gif" />
	<meta property="og:image:width" content="400" />
	<meta property="og:image:height" content="400" />
	<meta property="og:image:type" content="image/gif" />
<meta name="twitter:card" content="summary_large_image" />
<meta name="twitter:label1" content="Temps estimat de lectura" />
	<meta name="twitter:data1" content="1 minut" />
<script type="application/ld+json" class="yoast-schema-graph">{"@context":"https:\/\/schema.org","@graph":[{"@type":"WebPage","@id":"https:\/\/addinformatica.com\/ca\/cursos-formacion\/planning-de-personal-i-configuracio\/","url":"https:\/\/addinformatica.com\/ca\/cursos-formacion\/planning-de-personal-i-configuracio\/","name":"Planning de Personal: Configuració i posada en marxa - ResiPlus","isPartOf":{"@id":"https:\/\/addinformatica.com\/#website"},"primaryImageOfPage":{"@id":"https:\/\/addinformatica.com\/ca\/cursos-formacion\/planning-de-personal-i-configuracio\/#primaryimage"},"image":{"@id":"https:\/\/addinformatica.com\/ca\/cursos-formacion\/planning-de-personal-i-configuracio\/#primaryimage"},"thumbnailUrl":"https:\/\/addinformatica.com\/wp-content\/uploads\/2021\/02\/curso-planning-orange.gif","datePublished":"2021-02-16T12:03:07+00:00","dateModified":"2025-01-10T14:46:44+00:00","breadcrumb":{"@id":"https:\/\/addinformatica.com\/ca\/cursos-formacion\/planning-de-personal-i-configuracio\/#breadcrumb"},"inLanguage":"ca","potentialAction":[{"@type":"ReadAction","target":["https:\/\/addinformatica.com\/ca\/cursos-formacion\/planning-de-personal-i-configuracio\/"]}]},{"@type":"ImageObject","inLanguage":"ca","@id":"https:\/\/addinformatica.com\/ca\/cursos-formacion\/planning-de-personal-i-configuracio\/#primaryimage","url":"https:\/\/addinformatica.com\/wp-content\/uploads\/2021\/02\/curso-planning-orange.gif","contentUrl":"https:\/\/addinformatica.com\/wp-content\/uploads\/2021\/02\/curso-planning-orange.gif","width":400,"height":400},{"@type":"BreadcrumbList","@id":"https:\/\/addinformatica.com\/ca\/cursos-formacion\/planning-de-personal-i-configuracio\/#breadcrumb","itemListElement":[{"@type":"ListItem","position":1,"name":"Portada","item":"https:\/\/addinformatica.com\/ca\/"},{"@type":"ListItem","position":2,"name":"Events","item":"https:\/\/addinformatica.com\/cursos-formacion\/"},{"@type":"ListItem","position":3,"name":"Planning de Personal: Configuració i posada en marxa"}]},{"@type":"WebSite","@id":"https:\/\/addinformatica.com\/#website","url":"https:\/\/addinformatica.com\/","name":"ResiPlus","description":"Software de gestión de residencias, centros de día y discapacitados | ResiPlus","potentialAction":[{"@type":"SearchAction","target":{"@type":"EntryPoint","urlTemplate":"https:\/\/addinformatica.com\/?s={search_term_string}"},"query-input":{"@type":"PropertyValueSpecification","valueRequired":true,"valueName":"search_term_string"}}],"inLanguage":"ca"}]}</script>
<!-- / Yoast SEO plugin. -->

Planning de Personal: Configuració i posada en marxa - ResiPlus

Contingut: Configuració de franges horàries, torns i incidències. Creació i aplicació de patrons en quadrant. Còpia de quadrants entre treballadors. Opcions d&#8217;exportació en Excel. Cas pràctic: Donar d&#8217;alta dos torns de treball amb les seues respectives franges horàries i dos incidències. Crear un patró de rotació amb els torns i aplicar-lo al quadrant. Registrar una [...]

Software de gestión de residencias, centros de día y discapacitados | ResiPlus
